--
-- Host: localhost    Database: gwz_db
-- ------------------------------------------------------


--
-- Table structure for table `about_leader`
--

CREATE TABLE `about_leader` (
  `id` bigint NOT NULL AUTO_INCREMENT,
  `name` varchar(100) NOT NULL,
  `title` varchar(100) NOT NULL,
  `description` longtext NOT NULL,
  `image` varchar(100) DEFAULT NULL,
  `order` int unsigned NOT NULL,
  `is_active` tinyint(1) NOT NULL,
  `created_at` datetime(6) NOT NULL,
  `updated_at` datetime(6) NOT NULL,
  `linkedin_url` varchar(200) NOT NULL,
  `organization` varchar(200) NOT NULL,
  `twitter_url` varchar(200) NOT NULL,
  `website_url` varchar(200) NOT NULL,
  `category_id` bigint DEFAULT NULL,
  `email` varchar(254) NOT NULL,
  `facebook_url` varchar(200) NOT NULL,
  `instagram_url` varchar(200) NOT NULL,
  `phone` varchar(20) NOT NULL,
  `role` varchar(100) NOT NULL,
  PRIMARY KEY (`id`),
  KEY `about_leader_category_id_2a2a1408_fk_about_leadershipcategory_id` (`category_id`),
  CONSTRAINT `about_leader_category_id_2a2a1408_fk_about_leadershipcategory_id` FOREIGN KEY (`category_id`) REFERENCES `about_leadershipcategory` (`id`),
  CONSTRAINT `about_leader_chk_1` CHECK ((`order` >= 0))
) ENGINE=InnoDB AUTO_INCREMENT=33 DEFAULT CHARSET=utf8mb4 COLLATE=utf8mb4_0900_ai_ci;

--
-- Dumping data for table `about_leader`
--

INSERT INTO `about_leader` VALUES (1,'Dr. Annie Musonda-Mubanga','President','MANDATE: The President provides strategic leadership to GWZ, guiding its mission and representing the organization at all levels. She chairs board meetings, oversees policy development, marketing strategies and ensures effective program implementation while managing resources prudently. As GWZ\'s chief advocate, she builds partnerships and champions women\'s rights nationally and internationally. Responsible for financial approvals and operational efficiency, she also directs external communications and serves as matron of special committees.\r\n\r\nGWZ ENDORSEMENT: Dr. Annie is a dynamic force who exhibits sharp strategic prowess, tireless industriousness and innovative problem-solving skills with exceptional team leadership. She is a socialnet, humble and adaptable.\r\n\r\nBIOGRAPHY: Dr. Annie Musonda-Mubanga has a sober, mature character, an articulate speaker, a prolific writer and a highly dedicated individual with extensive experience in education. Her academic record spans several accomplishments, as evidenced by her track record of dedication to continuous learning and growth. She holds a Doctor of Philosophy in Education Leadership and Management (CHAU-ZOU), Master of Business Administration with Education Management (ARU), Master of Education in Adult Education (UNZA), Postgraduate Diploma in Education Leadership and Teaching Methodology (CBU), Postgraduate Diploma in Education Quality Assurance (UNILUS), Bachelor of Arts with Education (UNZA), Advanced Certificate in Education Leadership (UNZA), Certificate in Diplomatic Practice, Protocol and Public Relations (ZIDIS), Certificate in Professional Authorship (PAI), Certificate in Psycho-social Counselling (MOH/UNAIDS), and a Certificate in Events Management.  \r\n \r\nDr. Annie has successfully written and published several peer-reviewed journal articles, including books such as ‘Education Leadership and Management in Zambia’. Her contributions extend beyond academia; she is actively involved in public and community service using various platforms, particularly in advancing girls’ education and promoting school Water, Sanitation and Hygiene (WASH) initiatives. \r\n\r\nDr. Annie serves in the Ministry of Education in Zambia and has amassed over 17 years of teaching experience. Since 2018, she has also been a lecturer at Chalimbana University, where she teaches various management, education and business courses while mentoring numerous students in research projects. Her multifaceted expertise and commitment to educational excellence uniquely position her to excel in multiple roles within and outside the education sector.','leaders/1701641141275.jpg',1,1,'2025-03-21 11:09:28.092405','2025-04-15 07:15:22.823821','http://www.linkedin.com/in/annie-musonda-mubanga-phd-aa7497163','Graduate Women Zambia','','',1,'','','','',''),(2,'Dr. Margaret Mwale-Mkandawire','Vice President','MANDATE: The Vice President supports the President by overseeing GWZ’s daily operations. She ensures operational efficiency, drives member engagement and leads special projects. Additionally, she evaluates financial requests and serves as matron of standing committees. \r\n\r\nGWZ ENDORSEMENT: Dr. Margaret Mwale is a strategic leader who fosters operational efficiency, unity and growth of GWZ.\r\n\r\nBIOGRAPHY: Dr. Margaret Mkandawire-Mwale is an accomplished professional with a strong academic background in education and gender studies. She holds a PhD in Educational Administration from the Department of Educational Administration and Policy Studies at the University of Zambia, where she currently lectures. \r\n\r\nDr. Margaret completed her Bachelor of Education at the University of Zambia in 2003, followed by a Master of Arts in Gender Studies in 2007. Her extensive knowledge in these fields equips her with a unique perspective on logistical planning, particularly in educational contexts. In 2008, she was promoted to Senior Lecturer at Chalimbana National InService Teacher’s College (now Chalimbana University) and subsequently joined the University of Zambia in 2009 as a Lecturer and Researcher. \r\n\r\nDr. Margaret is also actively involved in community work, focusing on initiatives that empower women. She serves as the Chairperson for the Grant Management Committee of the Non-Governmental Gender Organization’s Coordinating Council (NGOCC), where she oversees projects aimed at enhancing gender equality and supporting women\'s development. Her strategic thinking, attention to detail and ability to manage multiple stakeholders make her an asset in any logistical role. With a proven track record of fostering collaboration and driving successful initiatives, Margaret is dedicated to enhancing operational efficiency and promoting equitable practices in all her endeavours.','leaders/1734195365131.jpg',2,1,'2025-03-21 11:12:16.779036','2025-04-10 17:15:22.021918','','Graduate Women Zambia','','',1,'','','','',''),(3,'Ms. Dorica Lungu-Sakala','Board Secretary','MANDATE: The Board Secretary maintains accurate board records, including minutes, agendas and other vital documents. She facilitates internal communication, oversees GWZ’s website and membership database and ensures governance compliance, such as registration renewals. Additionally, she collaborates on digital presence and serves as registrar for membership welfare. \r\n\r\nGWZ ENDORSEMENT: Ms. Dorica is well organised and detail-oriented. She consistently upholds GWZ’s administrative integrity and is handy with IT solutions.\r\n\r\nBIOGRAPHY: Ms. Dorica Lungu-Sakala is an accomplished ICT and Data Management specialist with over 13 years of experience in both the NGO and government sectors. She holds a Bachelor of Science in Computing and is currently pursuing a Master of Science in Information Technology.  \r\n \r\nMs. Dorica is a member of the ICT Association of Zambia and actively participates in Graduate Women Zambia. Throughout her career, she has successfully supported transformative projects across various domains, including health, governance and social protection. Currently, she contributes her expertise to the Girls’ Education and Women’s Empowerment and Livelihoods (GEWEL) project, where she plays a key role in enhancing project outcomes through effective technological solutions. \r\n \r\nMs. Dorica is a passionate advocate for gender equity and works tirelessly to ensure that women and girls have access to information and communication technologies (ICTs). She \r\nstrives to create opportunities that empower them to unlock their full potential and contribute meaningfully to societal progress. Her extensive experience in IT and her dedication to gender empowerment make her exceptionally suited for managing digital spaces and providing technical support.','leaders/ms_dorica.jpg',3,1,'2025-04-02 19:44:08.170421','2025-04-10 17:49:45.560680','','Graduate Women Zambia','','',1,'','','','',''),(4,'Dr. Charity Meki-Kombe','CIR (Coordinator of International Relations)','MANDATE: The CIR cultivates and maintains strategic relationships with international organizations aligned with GWZ’s mission. She collaborates with partners to develop joint programs and secures funding opportunities. Additionally, she manages correspondence with international stakeholders, ensuring the board stays informed on critical global trends and emerging issues. \r\n\r\nGWZ ENDORSEMENT: Dr. Charity has a dynamic role as a visionary connector and strategically contributes to advancing women’s empowerment through education on international platforms.\r\n\r\nBIOGRAPHY: Dr. Charity Meki-Kombe is an accomplished academic and researcher with a PhD in Educational Management, Law and Policy from the University of Pretoria, South Africa. Currently, she serves as a Senior Lecturer and Director of Postgraduate Studies at Mulungushi University, Zambia.\r\n\r\nWith a rich professional background, she previously worked at the Examinations Council of Zambia as a Senior Research Officer and Coordinator of the Grade 2 National Assessment Survey, and as a Community Education Officer under the Zambia Anti-Corruption Commission.\r\n\r\nAs a distinguished scholar, Dr. Charity has held prestigious roles, including:\r\nA two-year postdoctoral fellowship at the University of Pretoria;\r\nResearch Associate at the University of Leeds (UK);\r\nAlumni of the SUSI Scholar Program (USA),\r\nTuks Young Research Leader Fellow;\r\nSalzburg Global Fellow; and\r\nDIES TrainIQA Alumnus (2022-2024).\r\n\r\nHer research expertise spans:\r\n✔ Policy implementation & evaluation\r\n✔ Higher education (doctoral education, internationalization)\r\n✔ Educational assessment\r\n✔ Inclusive education\r\n✔ Gender, education, politics & society\r\n\r\nShe has collaborated with leading institutions, including UNESCO, UNICEF, USAID, the Johannesburg Holocaust and Genocide Centre, the University of Leeds, the Zambian National Education Coalition and FAWEZA. Additionally, she has presented her work at international conferences across the UK, USA, South Africa, Russia, Rwanda, Germany, Italy and beyond.','leaders/PHOTO-2025-03-21-18-21-16.jpg',5,1,'2025-04-02 22:24:24.377973','2025-04-10 18:27:06.647464','','Graduate Women Zambia','','',1,'','','','',''),(5,'Dr Pamela Chirwa-Banda','Treasurer','MANDATE: The Treasurer oversees GWZ’s financial management, including budgeting, accounting and reporting. She prepares the annual budget, presents financial updates to the board and ensures compliance with policies and regulations. Additionally, she develops fundraising strategies and chairs the finance committee. \r\n\r\nGWZ ENDORSEMENT: Dr. Pamela Chirwa is a meticulous steward who safeguards GWZ’s fiscal health to support its mission.\r\n\r\nBIOGRAPHY: Dr. Pamela Chirwa-Banda is a results-driven researcher and development specialist with over 25 years of experience across Africa, focused on advancing education, public health and population studies. Dr. Pamela has consulted for prestigious organizations such as the United Nations Development Programme (UNDP) and the Medical Women Association of Nigeria, leading projects that address critical health and education needs in sub-Saharan Africa. Her contributions have significantly improved community health outcomes and educational access across the region. \r\n\r\nDr. Pamela holds a Ph.D. in Demography and Population Studies from the University of Witwatersrand, including certifications in monitoring and evaluation, social protection, and sustainable development. Her research, published widely in high-impact journals and edited volumes, covers topics ranging from maternal health and family violence to multi-morbidity and public health in African populations. In recognition of her academic excellence, she has received several awards, including the Golden Key International High Achiever Recognition Award (2017), the Andrew Mellon Foundation Scholarship (2015), and multiple postgraduate merit awards. Her contributions are also evident in her leadership roles, including as a Board Member for Mulungushi University, external examiner at Univeristy of Lusaka and a peer reviewer for leading journals like BMC, LANCET and SSM. She has also chaired high-level panels at scientific conferences, including the National Research and Innovation Symposium in Zambia. \r\n\r\nCurrently, Dr. Pamela is serving as the Principal University Education Officer under the Directorate of University Education, Ministry of Education in Zambia. She is a committed member of multiple professional organizations:  Graduate Women Zambia, International Union for the Scientific Study of Population and the Population Association of Southern Africa.','leaders/PHOTO-2025-03-29-13-10-18.jpg',4,1,'2025-04-02 22:48:34.738506','2025-04-10 17:59:20.899405','','Graduate Women Zambia','','',1,'','','','',''),(6,'Dr. Pauline Monde Cheelo','Publicity Secretary','GWZ Endorsement: Dr. Pauline is a communications strategist, who develops and executes comprehensive campaigns to elevate the organization\'s public image.\r\n\r\nBiography: Dr. Pauline Monde-Cheelo is a specialist in Environmental Education and Management within the Department of Language and Social Sciences Education at the School of Education. With over a decade of experience, she is an accomplished Environmental Educator, specializing in environmental governance, management, and pedagogical approaches to environmental education. Her areas of expertise include ecosystem sustainability, environmental management, and the integration of indigenous knowledge in sustainability practices.\r\nShe holds a PhD in Ecosystem Sustainability from the University of Zambia, where her research focused on urban ecosystem sustainability. She also earned a Master’s in Environmental Education from the same institution, examining barriers to effective environmental education implementation in schools.\r\nHer research portfolio includes notable projects such as:\r\n•	“Rekindling Environmental Education in Selected Schools of Kanyama, Lusaka District” (sponsored by the University of Zambia’s Directorate of Research and Development).\r\n•	“Agricultural Land and Food Environments at a Crossroads in Urbanizing Lusaka: Placing Food Systems on the Urban Planning Agenda” (supported by the Directorate of Research and Graduate Studies).\r\n•	“Women and Natural Resource Conservation: A Study of Chongwe District.”\r\n\r\nContact: pauline.cheelo@unza.zm','leaders/IMG_0751-2028760526_2.JPG',6,1,'2025-04-02 23:33:56.929919','2025-04-04 16:29:37.515754','','Graduate Women Zambia','','',1,'','','','','Spearheads GWZ’s public relations. visibility, oversees social media strategy and event promotion.'),(7,'Ms. Grace Kabwe- Mwila','Left Board Committee Member','MANDATE: As a Board Member, she actively engages in committee deliberations, shaping policies and programs through critical analysis and member advocacy. She regularly reports to the Board on task outcomes, serving as a bridge between grassroots perspectives and organizational leadership, while upholding GWZ\'s values\r\n\r\nGWZ ENDORSEMENT: Ms. Grace is meticulous at executing tasks, passionately advocates for members\' needs and strategically networks with sharp analytical insight.','leaders/ms_grace_portrait.jpg',8,1,'2025-04-02 23:48:03.790927','2025-04-17 08:23:37.160021','','Graduate Women Zambia','','',1,'','','','',''),(9,'Vacant','Right Board Committee Member','The Right Committee Member actively engages in policy development and program discussions, executing assigned tasks efficiently. She advocates for members\' interests while promoting GWZ\'s mission through a supportive, but reasoned approach. By collaborating with board colleagues, she advances the organization\'s proactive stance of Board decisions. Her role includes performing assigned tasks and regular progress reporting to ensure transparency and alignment with GWZ\'s strategic objectives.','',9,1,'2025-04-03 00:07:20.709136','2025-04-04 22:19:16.231383','','Graduate Women Zambia','','',1,'','','','',''),(11,'Dr. Eunice S. N. Imasiku','Board Ex-Officio (Immediate Past President)','MANDATE: The Ex-Officio Board Member ensures leadership continuity by assisting transitions.  Her role maintains includes contributing to organizational stability by bridging experience with present governance needs. Although she is expected to attend some of the crucial meetings and contribute to discussions, she has no voting rights.\r\n\r\nGWZ ENDORSEMENT: She passionately shares institutional knowledge and supports ongoing initiatives.\r\n\r\nBIOGRPAHY: : Dr. Eunice Ntwala Samwinga Imasiku is a highly accomplished professional with over 30 years of experience in the education sector. Currently, she is a lecturer at the University of Zambia.  Dr. Eunice has a robust academic foundation that informs her expertise in quality assurance and educational excellence. She holds a PhD in Demography and Population Studies, a Master of Science in Geography, and a Bachelor of Arts with Education (Geography major).  \r\n\r\nThroughout her extensive career, Dr. Eunice has demonstrated a profound commitment to disseminating knowledge across various educational levels, from primary and secondary education to university instruction. Her role as Head of the Department of Geography and Environmental Studies at the University of Zambia exemplifies her leadership capabilities and her dedication to enhancing academic standards and fostering a culture of continuous improvement. \r\n\r\nDr. Eunice served as the President of Graduate Women Zambia (GWZ) from 2022 to 2024, where she has championed initiatives focused on women\'s empowerment and educational advancement. Her leadership in this organization reflects her passion for promoting operational equity and quality that meet institutional and regulatory requirements, while fostering an environment conducive for self-actualisation.','leaders/1736432677028.jpg',10,1,'2025-04-03 00:27:23.921517','2025-04-10 19:16:31.437262','','Graduate Women Zambia','','',1,'','','','',''),(12,'Professor Wilma  S. Nchito','LAC Chairperson','MANDATE: As LAC Chair, she leads strategic meetings, sets clear agendas and fosters inclusive participation. She oversees project timelines, ensures strict deadline compliance and serves as the principal liaison for all event-related matters. Working in close collaboration with the GWZ President and key stakeholders, she drives engagement with government agencies, corporate sponsors and academic partners to successfully promote the 35th GWI General Assembly.\r\n\r\nGWZ ENDORSEMENT: Professor Wilma consistently delivers exceptional results through her meticulous planning, decisive leadership and ability to inspire teams to achieve ambitious event goals.\r\n\r\nBIOGRAPHY: Wilma Nchito - Associate Professor of Urban Geography | Senior Researcher, Centre for Urban Research and Planning (CURP)\r\nUniversity of Zambia, School of Natural Sciences.\r\n\r\nA distinguished scholar with 30+ years of expertise in urban geography, climate resilience and sustainable development, Prof. Nchito holds a PhD (UNZA), MSc in Geography (LSE), and MSc in Water and Environmental Management (Loughborough). Her pioneering research focuses on Urban informality & small-town development; Climate change adaptation in cities; Water, sanitation and flood resilience; Transport systems & urban tourism.\r\n\r\nLeadership & Milestones:\r\n-First female Head of Geography and Director of Research & Graduate Studies at UNZA\r\nFellow, Zambia Institute of Planners\r\n-Author of influential publications and a frequent speaker at global conferences\r\n-Conference Leadership Highlights\r\nChair, Graduate Women Zambia (GWZ) Post-COVID Online Conference (2023)\r\n-Lead Organizer, 1st National Research & Innovation Symposium (UNZA/MoE, 2022)\r\n-Chair, UNZA Seed Money Research Conferences (2022, 2023)\r\n\r\nMember, Organising Teams for:\r\n-African Borderlands Network Conference (Nairobi, 2024)\r\n-SARIMA Conference (Johannesburg, 2022)','leaders/PHOTO-2025-03-23-23-37-35.jpg',11,1,'2025-04-03 01:09:24.663699','2025-04-10 21:11:26.335799','','Graduate Women Zambia','','',6,'','','','','Local Arrangements Committee (LAC) Chairperson'),(13,'Ms. Tiwonge Mbale-Zyambo','Projects and Outreach Committee Chairperson','The Projects and Outreach Committee focuses on designing, implementing, and evaluating community-based projects that align with GWZ’s goals of empowering women. This committee identifies opportunities for outreach programs, partnerships, and collaborations with other organizations to address societal challenges. It ensures that GWZ’s initiatives have a meaningful impact on women and communities, fostering sustainable development. Through its efforts, the committee strengthens GWZ’s role as a catalyst for positive change and promotes the organization’s values of inclusivity and empowerment.','leaders/tiwonge.jpg',14,1,'2025-04-03 01:16:53.410501','2025-04-04 22:50:09.996857','','Graduate Women Zambia','','',3,'','','','','Projects and Outreach Committee Chairperson'),(14,'Dr. Judith L. Ilubala-Ziwa','Resource Mobilisation Committee Chairperson','The Finance and Resource Mobilisation Committee oversees GWZ’s financial planning, budgeting, and resource acquisition. This committee is responsible for securing funding through sponsorships, grants, fundraising events, and partnerships. It also manages financial records, ensures transparency, and allocates resources effectively to support GWZ’s programs and initiatives. By identifying funding opportunities and building relationships with donors and sponsors, this committee ensures the financial sustainability of the organization, enabling it to achieve its long-term goals.','leaders/IMG-20241212-WA0000.jpg',12,1,'2025-04-03 01:24:22.578884','2025-04-10 21:15:13.080226','','Graduate Women Zambia','','',3,'','','','','Resource Mobilisation Committee Chairperson'),(15,'Professor Anne Sikwibele','Programs, Training and Mentorship Committee Chairperson','The Programs, Training and Mentorship Committee designs and implements GWZ’s annual work plans, training sessions and mentorship programs. This committee identifies the needs of members and develops initiatives to support their professional and personal growth. It plans workshops, seminars, conferences and organises mentorship opportunities. By fostering a culture of learning and development, this committee plays a key role in helping GWZ members and the public achieve their full potential.','leaders/IMG-20230819-WA00131.jpg',13,1,'2025-04-03 01:29:49.243940','2025-04-09 07:21:43.013871','','Graduate Women Zambia','','',3,'','','','','Programs, Training and Mentorship Committee Chairperson'),(16,'Dr. Rose Chikopela','Authorship, Ethics and Editorial Committee Chairperson','The Authorship, Ethics and Editorial Committee is responsible for maintaining the integrity and quality of GWZ’s publications. This committee oversees the creation, review and editing of content, ensuring it aligns with the organisation’s values and ethical standards. It also addresses issues related to authorship and intellectual property, ensuring proper credit and accountability. By upholding high editorial standards. It is responsible for maintain the GWZ multidisciplinary annual journal.','leaders/IMG-20250409-WA0002.jpg',15,1,'2025-04-03 01:36:18.309554','2025-04-09 07:21:13.350859','','Graduate Women Zambia','','',3,'','','','','Authorship, Ethics and Editorial Committee Chairperson'),(17,'Ms. Keliness Kawonga','Marketing Coordinator','The Marketing Coordinator is responsible for managing GWZ’s public image, enhancing its visibility and public engagements through effective communication strategies. The committee develops and implements marketing plans to promote the organisation’s activities, events and achievements.','leaders/keliness.png',17,1,'2025-04-03 01:41:30.705286','2025-04-10 20:59:38.403228','','Graduate Women Zambia','','',6,'','','','','Marketing Coordinator'),(18,'Dr. Rebecca Kayumba-Piyo','Logistics and Operations Committee Chairperson','The Logistics Committee is tasked with the planning and coordination of GWZ’s events, meetings, and activities. This committee ensures that all logistical aspects, such as venue arrangements, transportation, equipment, and supplies, are efficiently managed. It works closely with other committees to guarantee the smooth execution of programs and events, providing the necessary support to achieve organizational objectives. By maintaining a high level of organization and attention to detail, the Logistics Committee plays a vital role in the success of GWZ’s operations.','leaders/IMG-20250129-WA0015.jpg',16,1,'2025-04-03 01:45:26.961055','2025-04-04 23:49:02.198871','','Graduate Women Zambia','','',3,'','','','','Logistics and Operations Committee Chairperson'),(19,'Ms. Patricia Mbulo','Registrations Coordinator','Ensures timely, accurate and compressive registration of delegates.','leaders/1743646739987.jpg',22,1,'2025-04-03 01:51:52.643632','2025-04-10 20:58:22.581737','','Graduate Women Zambia','','',6,'','','','','Registrations Coordinator'),(20,'Dr Sylvia B. Mwansa','Fundraising Initiatives Coordinator','Ensures innovative implementation of fundraising activities.','leaders/FB_IMG_1743645590131.jpg',20,1,'2025-04-03 02:05:41.998890','2025-04-10 20:42:46.556310','','Graduate Women Zambia','','',6,'','','','','Fundraising Initiatives Coordinator'),(22,'Dr. Nelly Mwale','Brand and Print Coordinator','In charge of all branded items of GWZ','leaders/Nelly.png',23,1,'2025-04-03 02:12:47.900733','2025-04-10 21:13:02.931536','','Graduate Women Zambia','','',6,'','','','','Brand and Print Coordinator'),(23,'Dr Euphrasia Ng’andwe','Local Tours Coordinator','She is responsible for planning, organising and overseeing local tours and excursions, ensuring a seamless and engaging experience for participants. This role involves liaising with clients, vendors, and tour guides to deliver high-quality, culturally enriching and logistically sound tours.','leaders/FB_IMG_1743647141180.jpg',19,1,'2025-04-03 02:36:37.066048','2025-06-10 12:35:09.969331','','Graduate Women Zambia','','',6,'','','','','Local Tours Coordinator'),(25,'Ms. Nyondwa Zulu','Transport Coordinator','She is responsible for managing all transportation logistics. Key duties include scheduling vehicles, coordinating drivers, optimising routes and liaising with stakeholders to meet operational needs. The role requires monitoring transport operations during the event, resolving issues promptly and implementing contingency plans when needed.','leaders/Screenshot_20250114-194842.jpg',22,1,'2025-04-03 02:53:41.685927','2025-04-10 21:06:34.788224','','Graduate Women Zambia','','',6,'','','','','Transport Coordinator'),(26,'Dr. Bibian Kalinde','Entertainment and Recreation Coordinator','	Plan and organise social events and recreational activities duiring events, ensuring a balance of professional and leisure opportunities. \r\n	Collaborate with local vendors for entertainment options such as music, performances or cultural showcases. \r\n	Create an engaging atmosphere that encourages networking and relaxation among participants.','leaders/BIO_photo.jpg',18,1,'2025-04-03 03:09:14.858717','2025-04-10 20:41:38.576734','','Graduate Women Zambia','','',6,'','','','','Entertainment and Recreation Coordinator'),(27,'Vacant','Procurement Coordinator','Procures  goods and services, and maintains a good track records of all GWZ Purchases','',24,1,'2025-04-03 03:15:14.365860','2025-04-09 04:37:34.097931','','Graduate Women Zambia','','',11,'','','','','Procurement Coordinator'),(28,'Dr. Pilira Tembo-Chirwa','Interns and Volunteers Coordinator','She  recruits, trains and manages GWZ\'s interns and volunteers. She coordinates assignments, tracks participation and fosters engagement to support programs while maintaining records and providing guidance—ensuring meaningful contributions to GWZ\'s mission.','leaders/IMG-20250128-WA0032.jpg',21,1,'2025-04-03 03:25:05.173215','2025-04-10 20:45:05.272199','','Graduate Women Zambia','','',6,'','','','','Interns and Volunteers Coordinator'),(30,'Ms. Peggy Chewe-Zulu','Childcare, Safety & First Aid Assistant Coordinator','This role ensures attendee well-being at GWZ events by implementing safety protocols, managing emergency preparedness and leading first aid response. She trains staff, coordinates medical support, and conducts risk assessments—proactively safeguarding participants while maintaining compliance with health regulations.\r\n\r\nKey impact:\r\n⚕️ Preventive safety measures\r\n🚨 Emergency response leadership\r\n📋 Regulatory compliance\r\n🩹 First aid coordination','leaders/1734185499781_so8T2mD.png',26,1,'2025-04-03 03:56:29.991802','2025-04-10 20:39:06.595066','','Graduate Women Zambia','','',6,'','','','','Childcare, Safety & First Aid Assistant Coordinator'),(32,'December 2024 General Assembly','Held at the University of Zambia, School of Education','It elected the current Board of Officers, who will serve their 3 year-term from  January 2025 to December 2027.','leaders/IMG-20241227-WA00184.jpg',0,1,'2025-04-05 09:47:21.497794','2025-04-05 10:49:23.759567','','Graduate Women Zambia','','',2,'','','','','Held at the University of Zambia, School of Education');

--
-- Table structure for table `about_leadershipcategory`
--

CREATE TABLE `about_leadershipcategory` (
  `id` bigint NOT NULL AUTO_INCREMENT,
  `name` varchar(100) NOT NULL,
  `slug` varchar(50) NOT NULL,
  `description` longtext NOT NULL,
  `order` int unsigned NOT NULL,
  `is_active` tinyint(1) NOT NULL,
  `created_at` datetime(6) NOT NULL,
  `updated_at` datetime(6) NOT NULL,
  `parent_id` bigint DEFAULT NULL,
  PRIMARY KEY (`id`),
  UNIQUE KEY `slug` (`slug`),
  KEY `about_leadershipcate_parent_id_1e24133c_fk_about_lea` (`parent_id`),
  CONSTRAINT `about_leadershipcate_parent_id_1e24133c_fk_about_lea` FOREIGN KEY (`parent_id`) REFERENCES `about_leadershipcategory` (`id`),
  CONSTRAINT `about_leadershipcategory_chk_1` CHECK ((`order` >= 0))
) ENGINE=InnoDB AUTO_INCREMENT=12 DEFAULT CHARSET=utf8mb4 COLLATE=utf8mb4_0900_ai_ci;

--
-- Dumping data for table `about_leadershipcategory`
--

INSERT INTO `about_leadershipcategory` VALUES (1,'Board Of Officers','board-of-officers','The Board of Officers is elected at the General Assembly and has a three-year term. \r\n\r\nThis hands-on board of executive leadership translates strategic visions into action by management of budgets, oversees staff employment, issues membership certificates, appointment letters, awards and authorises contractual agreements on behalf of the organization. The officers also ensure ground-level execution of initiatives while maintaining responsiveness to stakeholder needs through daily decision-making.',3,1,'2025-04-04 08:17:01.760836','2025-04-10 20:26:36.596615',NULL),(2,'General Assembly','board-of-trustees','The GWZ General Assembly comprises bona fide members and convenes triennially in December. As the organization’s supreme governing authority, its exclusive powers include: electing the Board of Officers; amending the constitution; appointing the Board of Trustees; ratifying committee chairperson appointments; and exercising disciplinary authority over members.',1,1,'2025-04-04 08:17:53.508813','2025-04-10 20:28:17.794772',NULL),(3,'Standing GWZ Committees','standing-committees','These are the backbone of GWZ\'s sustained impact, serving as permanent working groups that specialise in core areas. They are chaired by experts who drive long-term initiatives, develop policies and execute strategic projects to advance GWZ\'s mission. By focusing on continuous improvement in their respective domains, their teams ensure organisational consistency and transform vision into tangible outcomes.',4,1,'2025-04-04 10:25:08.028648','2025-04-09 04:42:05.996003',1),(6,'Special: Local Arrangements Committees of GWI 35th General Assembly and Conference','special-gwz-committees','This is a purpose-driven task force convened to address time-bound  global level event, to be held in Lusaka; from 11-13 September, 2025',5,1,'2025-04-04 22:56:01.805898','2025-04-09 04:40:42.179364',1),(9,'GWZ Board of Trustees','gwz-board-of-trustees','NAMES: Dr Ntombi Mudenda; Mrs Patricia Mtonga-Mukumbutu; and Mrs. Victoria C. N. Silutongwe.\r\n\r\nThis unit comprises three (3) exceptional veteran members of GWZ who have consistently served the organization. They are part of the key custodians of GWZ assets and institutional legacy. They are  also consulted to help provide high-level governance and risk management strategies whenever necessary. A key ceremonial role includes facilitating smooth leadership transitions by ushering in newly elected officers through formal swearing-in ceremonies.',2,1,'2025-04-04 23:44:14.812891','2025-04-10 20:09:29.441997',2),(10,'Special: Recognition and Awards Committee','special-recognition-and-awards-committee','The is a highly competent and impartial team entrusted with identifying, recognising  and awaarding outstanding contributions from GWZ members,  volunteers and partners. The committee also ensures the formal acknowledgment of academic excellence and exceptional public service by women across industries,  during Labour Day and at annual awards ceremonies of GWZ.',7,1,'2025-04-05 09:02:05.807629','2025-04-10 20:32:51.920826',1),(11,'Specialised Coordinators','specialised-coordinators','Specialised Coordinators in a charity organisation focus on specific functional areas to ensure efficient operations',6,1,'2025-04-09 04:26:16.603765','2025-04-09 04:42:05.991085',3);

--
-- Table structure for table `about_partner`
--

CREATE TABLE `about_partner` (
  `id` bigint NOT NULL AUTO_INCREMENT,
  `name` varchar(100) NOT NULL,
  `logo` varchar(100) NOT NULL,
  `website` varchar(200) NOT NULL,
  `order` int unsigned NOT NULL,
  `is_active` tinyint(1) NOT NULL,
  `created_at` datetime(6) NOT NULL,
  `updated_at` datetime(6) NOT NULL,
  PRIMARY KEY (`id`),
  CONSTRAINT `about_partner_chk_1` CHECK ((`order` >= 0))
) ENGINE=InnoDB AUTO_INCREMENT=6 DEFAULT CHARSET=utf8mb4 COLLATE=utf8mb4_0900_ai_ci;

--
-- Dumping data for table `about_partner`
--

INSERT INTO `about_partner` VALUES (3,'University of Zambia','partners/download.png','https://www.unza.zm',1,1,'2025-04-03 00:40:56.764791','2025-04-16 08:44:02.335778'),(4,'Zambia Research and Development Centre (ZRDC)','partners/download_1.png','https://zrdc.org/',2,1,'2025-04-03 04:09:24.269358','2025-04-16 08:44:02.338358');

--
-- Table structure for table `auth_group`
--

CREATE TABLE `auth_group` (
  `id` int NOT NULL AUTO_INCREMENT,
  `name` varchar(150) NOT NULL,
  PRIMARY KEY (`id`),
  UNIQUE KEY `name` (`name`)
) ENGINE=InnoDB DEFAULT CHARSET=utf8mb4 COLLATE=utf8mb4_0900_ai_ci;

--
-- Dumping data for table `auth_group`
--


--
-- Table structure for table `auth_group_permissions`
--

CREATE TABLE `auth_group_permissions` (
  `id` bigint NOT NULL AUTO_INCREMENT,
  `group_id` int NOT NULL,
  `permission_id` int NOT NULL,
  PRIMARY KEY (`id`),
  UNIQUE KEY `auth_group_permissions_group_id_permission_id_0cd325b0_uniq` (`group_id`,`permission_id`),
  KEY `auth_group_permissio_permission_id_84c5c92e_fk_auth_perm` (`permission_id`),
  CONSTRAINT `auth_group_permissio_permission_id_84c5c92e_fk_auth_perm` FOREIGN KEY (`permission_id`) REFERENCES `auth_permission` (`id`),
  CONSTRAINT `auth_group_permissions_group_id_b120cbf9_fk_auth_group_id` FOREIGN KEY (`group_id`) REFERENCES `auth_group` (`id`)
) ENGINE=InnoDB DEFAULT CHARSET=utf8mb4 COLLATE=utf8mb4_0900_ai_ci;

--
-- Dumping data for table `auth_group_permissions`
--


--
-- Table structure for table `auth_permission`
--

CREATE TABLE `auth_permission` (
  `id` int NOT NULL AUTO_INCREMENT,
  `name` varchar(255) NOT NULL,
  `content_type_id` int NOT NULL,
  `codename` varchar(100) NOT NULL,
  PRIMARY KEY (`id`),
  UNIQUE KEY `auth_permission_content_type_id_codename_01ab375a_uniq` (`content_type_id`,`codename`),
  CONSTRAINT `auth_permission_content_type_id_2f476e4b_fk_django_co` FOREIGN KEY (`content_type_id`) REFERENCES `django_content_type` (`id`)
) ENGINE=InnoDB AUTO_INCREMENT=85 DEFAULT CHARSET=utf8mb4 COLLATE=utf8mb4_0900_ai_ci;

--
-- Dumping data for table `auth_permission`
--

INSERT INTO `auth_permission` VALUES (1,'Can add log entry',1,'add_logentry'),(2,'Can change log entry',1,'change_logentry'),(3,'Can delete log entry',1,'delete_logentry'),(4,'Can view log entry',1,'view_logentry'),(5,'Can add permission',2,'add_permission'),(6,'Can change permission',2,'change_permission'),(7,'Can delete permission',2,'delete_permission'),(8,'Can view permission',2,'view_permission'),(9,'Can add group',3,'add_group'),(10,'Can change group',3,'change_group'),(11,'Can delete group',3,'delete_group'),(12,'Can view group',3,'view_group'),(13,'Can add user',4,'add_user'),(14,'Can change user',4,'change_user'),(15,'Can delete user',4,'delete_user'),(16,'Can view user',4,'view_user'),(17,'Can add content type',5,'add_contenttype'),(18,'Can change content type',5,'change_contenttype'),(19,'Can delete content type',5,'delete_contenttype'),(20,'Can view content type',5,'view_contenttype'),(21,'Can add session',6,'add_session'),(22,'Can change session',6,'change_session'),(23,'Can delete session',6,'delete_session'),(24,'Can view session',6,'view_session'),(25,'Can add Hero Slide',7,'add_heroslide'),(26,'Can change Hero Slide',7,'change_heroslide'),(27,'Can delete Hero Slide',7,'delete_heroslide'),(28,'Can view Hero Slide',7,'view_heroslide'),(29,'Can add Leader',8,'add_leader'),(30,'Can change Leader',8,'change_leader'),(31,'Can delete Leader',8,'delete_leader'),(32,'Can view Leader',8,'view_leader'),(33,'Can add Partner',9,'add_partner'),(34,'Can change Partner',9,'change_partner'),(35,'Can delete Partner',9,'delete_partner'),(36,'Can view Partner',9,'view_partner'),(37,'Can add Program',10,'add_program'),(38,'Can change Program',10,'change_program'),(39,'Can delete Program',10,'delete_program'),(40,'Can view Program',10,'view_program'),(41,'Can add volunteer application',11,'add_volunteerapplication'),(42,'Can change volunteer application',11,'change_volunteerapplication'),(43,'Can delete volunteer application',11,'delete_volunteerapplication'),(44,'Can view volunteer application',11,'view_volunteerapplication'),(45,'Can add membership',12,'add_membership'),(46,'Can change membership',12,'change_membership'),(47,'Can delete membership',12,'delete_membership'),(48,'Can view membership',12,'view_membership'),(49,'Can add event',13,'add_event'),(50,'Can change event',13,'change_event'),(51,'Can delete event',13,'delete_event'),(52,'Can view event',13,'view_event'),(53,'Can add category',14,'add_category'),(54,'Can change category',14,'change_category'),(55,'Can delete category',14,'delete_category'),(56,'Can view category',14,'view_category'),(57,'Can add tag',15,'add_tag'),(58,'Can change tag',15,'change_tag'),(59,'Can delete tag',15,'delete_tag'),(60,'Can view tag',15,'view_tag'),(61,'Can add article',16,'add_article'),(62,'Can change article',16,'change_article'),(63,'Can delete article',16,'delete_article'),(64,'Can view article',16,'view_article'),(65,'Can add contact message',17,'add_contactmessage'),(66,'Can change contact message',17,'change_contactmessage'),(67,'Can delete contact message',17,'delete_contactmessage'),(68,'Can view contact message',17,'view_contactmessage'),(69,'Can add donation',18,'add_donation'),(70,'Can change donation',18,'change_donation'),(71,'Can delete donation',18,'delete_donation'),(72,'Can view donation',18,'view_donation'),(73,'Can add Leadership Category',19,'add_leadershipcategory'),(74,'Can change Leadership Category',19,'change_leadershipcategory'),(75,'Can delete Leadership Category',19,'delete_leadershipcategory'),(76,'Can view Leadership Category',19,'view_leadershipcategory'),(77,'Can add category',20,'add_category'),(78,'Can change category',20,'change_category'),(79,'Can delete category',20,'delete_category'),(80,'Can view category',20,'view_category'),(81,'Can add publication',21,'add_publication'),(82,'Can change publication',21,'change_publication'),(83,'Can delete publication',21,'delete_publication'),(84,'Can view publication',21,'view_publication');

--
-- Table structure for table `auth_user_groups`
--

CREATE TABLE `auth_user_groups` (
  `id` bigint NOT NULL AUTO_INCREMENT,
  `user_id` int NOT NULL,
  `group_id` int NOT NULL,
  PRIMARY KEY (`id`),
  UNIQUE KEY `auth_user_groups_user_id_group_id_94350c0c_uniq` (`user_id`,`group_id`),
  KEY `auth_user_groups_group_id_97559544_fk_auth_group_id` (`group_id`),
  CONSTRAINT `auth_user_groups_group_id_97559544_fk_auth_group_id` FOREIGN KEY (`group_id`) REFERENCES `auth_group` (`id`),
  CONSTRAINT `auth_user_groups_user_id_6a12ed8b_fk_auth_user_id` FOREIGN KEY (`user_id`) REFERENCES `auth_user` (`id`)
) ENGINE=InnoDB DEFAULT CHARSET=utf8mb4 COLLATE=utf8mb4_0900_ai_ci;

--
-- Dumping data for table `auth_user_groups`
--


--
-- Table structure for table `auth_user_user_permissions`
--

CREATE TABLE `auth_user_user_permissions` (
  `id` bigint NOT NULL AUTO_INCREMENT,
  `user_id` int NOT NULL,
  `permission_id` int NOT NULL,
  PRIMARY KEY (`id`),
  UNIQUE KEY `auth_user_user_permissions_user_id_permission_id_14a6b632_uniq` (`user_id`,`permission_id`),
  KEY `auth_user_user_permi_permission_id_1fbb5f2c_fk_auth_perm` (`permission_id`),
  CONSTRAINT `auth_user_user_permi_permission_id_1fbb5f2c_fk_auth_perm` FOREIGN KEY (`permission_id`) REFERENCES `auth_permission` (`id`),
  CONSTRAINT `auth_user_user_permissions_user_id_a95ead1b_fk_auth_user_id` FOREIGN KEY (`user_id`) REFERENCES `auth_user` (`id`)
) ENGINE=InnoDB DEFAULT CHARSET=utf8mb4 COLLATE=utf8mb4_0900_ai_ci;

--
-- Dumping data for table `auth_user_user_permissions`
--


--
-- Table structure for table `contact_contactmessage`
--

CREATE TABLE `contact_contactmessage` (
  `id` bigint NOT NULL AUTO_INCREMENT,
  `name` varchar(200) NOT NULL,
  `email` varchar(254) NOT NULL,
  `subject` varchar(200) NOT NULL,
  `message` longtext NOT NULL,
  `created_at` datetime(6) NOT NULL,
  PRIMARY KEY (`id`)
) ENGINE=InnoDB AUTO_INCREMENT=131 DEFAULT CHARSET=utf8mb4 COLLATE=utf8mb4_0900_ai_ci;

--
-- Dumping data for table `contact_contactmessage`
--

INSERT INTO `contact_contactmessage` VALUES (35,'Luis Alves','projectoffice111@gmail.com','Funding proposal','Dear Sir/Madam, \r\nI\'m reaching out about a potential funding opportunity for your business. As a private investment consultant, I connect businesses with investors. If you\'re seeking financing, I\'d be happy to discuss further. \r\nPlease feel free to reach out to me at luisalves@izafinconsultant.com. \r\n \r\nBest regards, \r\nMr. Luis Alves \r\nluisalves@izafinconsultant.com','2025-05-19 21:34:03.582311'),(39,'Twesige Selegio','wilmafoxchildrenprojects@gmail.com','Re:Partnership','Greetings from Uganda. \r\n \r\nI am Twesige Selegio, Director of Wilma Fox Child Development Centre Uganda, a non-profit organization dedicated to supporting orphans and vulnerable children in Uganda. We provide essential services including education, healthcare, and emotional support. \r\n \r\nWe are excited to explore potential partnership opportunities with your organization. A collaboration could enhance our impact and better serve the children we care for. We are interested in exploring partnerships in the following areas: \r\n \r\n1. Nutrition Programs: Providing nutritious meals and promoting healthy habits. \r\n2. Education and Development: Supporting early childhood development, education, and vocational training. \r\n3. Community Outreach: Empowering communities to promote health, education, and well-being. \r\n \r\nBy partnering together, we can leverage our strengths and experience to create lasting change. I would be honored to discuss this opportunity further and explore how we can work together. \r\nhttps://www.globalgiving.org/donate/104179/wilma-fox-child-development-centre/ you can see more of our projects. \r\nPlease feel free to contact me to schedule a call or meeting. I can be reached via WhatsApp at +256785521916. \r\n \r\nBest Regards, \r\nTwesige Selegio \r\nDirector, Wilma Fox Child Development Centre Uganda','2025-05-27 11:15:39.641623'),(46,'Mutinta Mabbolobbolo','tintamm2015@gmail.com','MEMBERSHIP','I would like to become a member of Graduate Women iZambia','2025-06-05 17:14:13.713255'),(47,'Search Engine Index','register@escmb.com','Add graduatewomenzambia.org to Google Search Index!','Hello,\r\n\r\nfor your website do be displayed in searches your domain needs to be indexed in the Google Search Index.\r\n\r\nTo add your domain to Google Search Index now, please visit \r\n\r\nhttps://SearchRegister.net','2025-06-07 15:42:30.709360'),(48,'Mike Alexandre Martin','info@digital-x-press.com','Add AEO to your SEO strategies today !','Hi, \r\nI understand that most website owners find it challenging recognizing that SEO is a gradual process and a well-planned monthly initiative. \r\n \r\nThe reality is, very few website owners have the willingness to recognize the incremental yet meaningful results that can completely boost their online presence. \r\n \r\nWith constant algorithm changes, a consistent, long-term strategy including Answer Engine Optimization (AEO) is critical for achieving a profitable outcome. \r\n \r\nIf you recognize this as the right strategy, work with us! \r\n \r\nExplore Our Monthly SEO Services https://www.digital-x-press.com/unbeatable-seo/ \r\n \r\nTalk to Us on Instant Messaging https://www.digital-x-press.com/whatsapp-us/ \r\n \r\nWe offer unbeatable results for your investment, and you will enjoy choosing us as your growth partner. \r\n \r\nKind regards, \r\nDigital X SEO Experts \r\nPhone/WhatsApp: +1 (844) 754-1148','2025-06-11 00:05:01.601422'),(49,'Roberthag','nomin.momin+165n6@mail.ru','Yfhwhdiwj jifjiwjdwihfuwfhuw hidjwdjwifheifewo jidjwodjwifh','Gwhduwdjiwhduwh uhiwdjiwjdeufhu jikodwfiewfiwjdjw jidwjosqdijwifi jiwdowidqoiowufeugewi uiwjdiwurfuwyruewiai fwhuwhwhfuwhduwijdw graduatewomenzambia.org','2025-06-11 22:25:53.063255'),(50,'Cleta Poate','poate.cleta@outlook.com','Brand New PLR: Organic Eating & Toxin-Free Living','Hi,\r\n\r\nToday you have the opportunity to pick yourself up a copy of the brand-new PLR that has been released to the market, which you can also sell under your own name or brand it by using a complete set of ready-to-install, and the best quality marketing tools.\r\n\r\nGo directly to the product here: https://furtherinfo.info/plrorganic\r\n\r\nHere\'s what you\'re getting: \r\n\r\nModule 1 - 5 High-Quality Training Videos\r\nModule 2 - Professionally Written Training Guide\r\nModule 3 - 5 Audio Files\r\nModule 4 - 5 Raw Video Files\r\nModule 5 - 5 Expert Presentation slides (PPT)\r\nModule 6 - High-Converting Sales Copy\r\nModule 7 - Customer Sales Video\r\nModule 8 - Professional Graphics\r\nModule 9 - Animated Banners\r\nModule 10 - Professionally Written Email Swipes\r\nModule 11 - Professional Minisites\r\nModule 12 - Legal Pages\r\nModule 13 - Social Media Graphics\r\nModule 14 - PDF Graphics\r\nModule 15 - Chapter Images\r\n\r\nHot Niche Alert:\r\nOrganic eating, toxin-free living, and sustainable habits are in high demand across the globe. Consumers are hungry for simple, actionable ways to live healthier and greener lives.\r\n\r\nComplete Sales Material Provided:\r\nIncludes email swipes, videos, graphics, and more for effortless conversions.\r\n\r\nFull Private Label Rights Included:\r\nCustomize, rebrand, and resell for maximum profits.\r\n\r\nBoost Credibility Instantly:\r\nHelp your customers become trusted guides in the organic lifestyle niche, even if they\'re new to the space.\r\n\r\nIt\'s perfect for:\r\n- Wellness bloggers\r\n- Holistic coaches\r\n- Eco-conscious influencers\r\n- Digital entrepreneurs in the health & lifestyle niche\r\n\r\nGo directly to the product here: https://furtherinfo.info/plrorganic\r\n\r\nKeep in mind, right now it\'s at the early-bird introductory price, so it would be a wise decision to snap yourself up a copy now, so you don\'t have to pay more for it later.\r\n\r\nKind regards,\r\nCleta','2025-06-17 08:04:17.170796'),(51,'Search Engine Index','register@escmb.com','Add graduatewomenzambia.org to Google Search Index!','Hello,\r\n\r\nfor your website do be displayed in searches your domain needs to be indexed in the Google Search Index.\r\n\r\nTo add your domain to Google Search Index now, please visit \r\n\r\nhttps://SearchRegister.net','2025-06-17 18:20:08.467134'),(52,'Search Engine Index','submissions@searchindex.site','Add graduatewomenzambia.org to Google Search Index!','Hello,\r\n\r\nfor your website do be displayed in searches your domain needs to be indexed in the Google Search Index.\r\n\r\nTo add your domain to Google Search Index now, please visit \r\n\r\nhttps://SearchRegister.info/','2025-06-17 21:15:21.803663'),(53,'Mike Patrick Muller','info@strictlydigital.net','Semrush links for graduatewomenzambia.org','Greetings, \r\n \r\nReceiving some set of links linking to graduatewomenzambia.org might bring no value or harmful results for your business. \r\n \r\nIt really doesn’t matter the total backlinks you have, what matters is the total of keywords those websites rank for. \r\n \r\nThat is the most important thing. \r\nNot the fake Domain Authority or Domain Rating. \r\nAnyone can manipulate those. \r\nBUT the number of high-traffic search terms the sites that point to your site contain. \r\nThat’s the bottom line. \r\n \r\nGet these quality links point to your website and your rankings will skyrocket! \r\n \r\nWe are introducing this special SEO package here: \r\nhttps://www.strictlydigital.net/product/semrush-backlinks/ \r\n \r\nHave questions, or want clarification, reach out here: \r\nhttps://www.strictlydigital.net/whatsapp-us/ \r\n \r\nSincerely, \r\nMike Patrick Muller\r\n \r\nstrictlydigital.net \r\nPhone/WhatsApp: +1 (877) 566-3738','2025-06-20 11:56:21.362199'),(54,'Mike Christian Smit','mike@monkeydigital.co','Grow Your Website Traffic with Country-Specific Social Ads – Only $10 for 10K Visits!','Dear Webmaster, \r\n \r\nI wanted to reach out with something that could seriously help your website’s traffic. We work with a trusted ad network that allows us to deliver authentic, geo-targeted social ads traffic for just $10 per 10,000 visits. \r\n \r\nThis isn\'t fake traffic—it’s engaged traffic, tailored to your chosen market and niche. \r\n \r\nWhat you get: \r\n \r\n10,000+ genuine visitors for just $10 \r\nGeo-targeted traffic for multiple regions \r\nLarger traffic packages available based on your needs \r\nProven to work—we even use this for our SEO clients! \r\n \r\nReady to scale? Check out the details here: \r\nhttps://www.monkeydigital.co/product/country-targeted-traffic/ \r\n \r\nOr chat with us on WhatsApp: \r\nhttps://monkeydigital.co/whatsapp-us/ \r\n \r\nLet\'s get started today! \r\n \r\nBest, \r\nMike Christian Smit\r\n \r\nPhone/whatsapp: +1 (775) 314-7914','2025-06-27 11:27:28.376305'),(55,'Search Engine Index','register@escmb.com','Add graduatewomenzambia.org to Google Search Index!','Hello,\r\n\r\nfor your website do be displayed in searches your domain needs to be indexed in the Google Search Index.\r\n\r\nTo add your domain to Google Search Index now, please visit \r\n\r\nhttps://SearchRegister.net','2025-06-27 17:02:10.925101'),(56,'Anthonytic','cgruskii420@gmail.com','URGENT! FINAL CALL: CLAIM YOUR $199,595.67 PRIZE TODAY https://script.google.com/macros/s/AKfycbyWmUuQHMEUkBQbRwW5boUHiIxtGsBxvsdGd1L4trSY1zvUM3ajZ5-jTk7MWbchzELSzA/exec/2v0l8k3e/4m8r/5/k8/4f7p0l3y/5y','IMPORTANT! IMMEDIATE RESPONSE NEEDED: CLAIM YOUR $199,945.61 https://script.google.com/macros/s/AKfycbx_KbKQpW0hzDv23D0WdzIpCBTKbBJNk_K-BPv_8R6NlTi2n7c0CmNlpTZM-l8R7jQLWw/exec/9d4u6s1t/5q5r/i/50/3c9l8g1e/6r8d/z/a6/8w2p7d2u/4z0f/2/u3','2025-06-27 17:20:15.788273'),(57,'Anthonytic','cgruskii420@gmail.com','URGENT! FINAL CALL: CLAIM YOUR $199,595.67 PRIZE TODAY https://script.google.com/macros/s/AKfycbyWmUuQHMEUkBQbRwW5boUHiIxtGsBxvsdGd1L4trSY1zvUM3ajZ5-jTk7MWbchzELSzA/exec/2v0l8k3e/4m8r/5/k8/4f7p0l3y/5y','IMPORTANT! IMMEDIATE RESPONSE NEEDED: CLAIM YOUR $199,945.61 https://script.google.com/macros/s/AKfycbx_KbKQpW0hzDv23D0WdzIpCBTKbBJNk_K-BPv_8R6NlTi2n7c0CmNlpTZM-l8R7jQLWw/exec/9d4u6s1t/5q5r/i/50/3c9l8g1e/6r8d/z/a6/8w2p7d2u/4z0f/2/u3','2025-06-27 17:20:16.245707'),(58,'Anthonytic','cgruskii420@gmail.com','URGENT! FINAL CALL: CLAIM YOUR $199,595.67 PRIZE TODAY https://script.google.com/macros/s/AKfycbyWmUuQHMEUkBQbRwW5boUHiIxtGsBxvsdGd1L4trSY1zvUM3ajZ5-jTk7MWbchzELSzA/exec/2v0l8k3e/4m8r/5/k8/4f7p0l3y/5y','IMPORTANT! IMMEDIATE RESPONSE NEEDED: CLAIM YOUR $199,945.61 https://script.google.com/macros/s/AKfycbx_KbKQpW0hzDv23D0WdzIpCBTKbBJNk_K-BPv_8R6NlTi2n7c0CmNlpTZM-l8R7jQLWw/exec/9d4u6s1t/5q5r/i/50/3c9l8g1e/6r8d/z/a6/8w2p7d2u/4z0f/2/u3','2025-06-27 17:20:16.736153'),(59,'Anthonytic','cgruskii420@gmail.com','URGENT! FINAL CALL: CLAIM YOUR $199,595.67 PRIZE TODAY https://script.google.com/macros/s/AKfycbyWmUuQHMEUkBQbRwW5boUHiIxtGsBxvsdGd1L4trSY1zvUM3ajZ5-jTk7MWbchzELSzA/exec/2v0l8k3e/4m8r/5/k8/4f7p0l3y/5y','IMPORTANT! IMMEDIATE RESPONSE NEEDED: CLAIM YOUR $199,945.61 https://script.google.com/macros/s/AKfycbx_KbKQpW0hzDv23D0WdzIpCBTKbBJNk_K-BPv_8R6NlTi2n7c0CmNlpTZM-l8R7jQLWw/exec/9d4u6s1t/5q5r/i/50/3c9l8g1e/6r8d/z/a6/8w2p7d2u/4z0f/2/u3','2025-06-27 17:20:17.220665'),(60,'Anthonytic','cgruskii420@gmail.com','URGENT! FINAL CALL: CLAIM YOUR $199,595.67 PRIZE TODAY https://script.google.com/macros/s/AKfycbyWmUuQHMEUkBQbRwW5boUHiIxtGsBxvsdGd1L4trSY1zvUM3ajZ5-jTk7MWbchzELSzA/exec/2v0l8k3e/4m8r/5/k8/4f7p0l3y/5y','IMPORTANT! IMMEDIATE RESPONSE NEEDED: CLAIM YOUR $199,945.61 https://script.google.com/macros/s/AKfycbx_KbKQpW0hzDv23D0WdzIpCBTKbBJNk_K-BPv_8R6NlTi2n7c0CmNlpTZM-l8R7jQLWw/exec/9d4u6s1t/5q5r/i/50/3c9l8g1e/6r8d/z/a6/8w2p7d2u/4z0f/2/u3','2025-06-27 17:20:17.684231'),(61,'Mike Oliver Nilsen','info@speed-seo.net','Find graduatewomenzambia.org SEO Issues totally free','Hi, \r\nWorried about hidden SEO issues on your website? Let us help — completely free. \r\nRun a 100% free SEO check and discover the exact problems holding your site back from ranking higher on Google. \r\n \r\nRun Your Free SEO Check Now \r\nhttps://www.speed-seo.net/check-site-seo-score/ \r\n \r\nOr chat with us and our agent will run the report for you: https://www.speed-seo.net/whatsapp-with-us/ \r\n \r\nBest regards, \r\n \r\n \r\nMike Oliver Nilsen\r\n \r\nSpeed SEO Digital \r\nEmail: info@speed-seo.net \r\nPhone/WhatsApp: +1 (833) 454-8622','2025-06-28 08:56:39.814342'),(62,'Mike Dirk Robertson','mike@monkeydigital.co','Collaboration Request','Hello, \r\n \r\nThis is Mike from Monkey Digital, \r\nI am reaching out about a mutual business deal. \r\n \r\nHow would you like to feature our promotions on your platform and connect via your personalized affiliate link towards popular products from our website? \r\n \r\nThis way, you make a 35% profit share, every month from any purchases that are made from your site. \r\n \r\nThink about it, all businesses benefit from SEO, so this is a huge opportunity. \r\n \r\nWe already have 12k+ affiliates and our payments are paid out every month. \r\nIn the past month, we reached over $27,000 in commissions to our affiliates. \r\n \r\nIf this sounds good, kindly message us here: \r\nhttps://monkeydigital.co/affiliates-whatsapp/ \r\n \r\nOr sign up today: \r\nhttps://www.monkeydigital.co/join-our-affiliate-program/ \r\n \r\nLooking forward, \r\nMike Dirk Robertson\r\n \r\nPhone/whatsapp: +1 (775) 314-7914','2025-06-28 11:04:46.367031'),(63,'Anthonytic','anthony.kortje@gmail.com','URGENT! Attention! Your $199,675.71 is Ready! https://script.google.com/macros/s/AKfycbx24rZyVnUZ-vNdVrEVpfIGA3BNP84lkIff86VCmTDYQN2ftiXxZnoci9DfFUrMPkt4XA/exec/7f4i0l1u/4v5r/9/ci/2s9j9a4i/7c5d/a/ei/2','URGENT MESSAGE! $199,725.03 Just for You – Redeem Now! https://script.google.com/macros/s/AKfycbwPwNuuTWJRhyikP29rlTaCJCQEYiqw8MNn-tmhUK_6vNVVFBGXV4lk94t0uJ-hr4ER1Q/exec/1s9p7a4q/6w0s/h/yy/6v3t8a5r/4w0g/0/yp/1c5m8f4y/3m7m/j/4i','2025-06-29 19:44:41.472708'),(64,'Anthonytic','anthony.kortje@gmail.com','URGENT! Attention! Your $199,675.71 is Ready! https://script.google.com/macros/s/AKfycbx24rZyVnUZ-vNdVrEVpfIGA3BNP84lkIff86VCmTDYQN2ftiXxZnoci9DfFUrMPkt4XA/exec/7f4i0l1u/4v5r/9/ci/2s9j9a4i/7c5d/a/ei/2','URGENT MESSAGE! $199,725.03 Just for You – Redeem Now! https://script.google.com/macros/s/AKfycbwPwNuuTWJRhyikP29rlTaCJCQEYiqw8MNn-tmhUK_6vNVVFBGXV4lk94t0uJ-hr4ER1Q/exec/1s9p7a4q/6w0s/h/yy/6v3t8a5r/4w0g/0/yp/1c5m8f4y/3m7m/j/4i','2025-06-29 19:44:41.905457'),(65,'Anthonytic','anthony.kortje@gmail.com','URGENT! Attention! Your $199,675.71 is Ready! https://script.google.com/macros/s/AKfycbx24rZyVnUZ-vNdVrEVpfIGA3BNP84lkIff86VCmTDYQN2ftiXxZnoci9DfFUrMPkt4XA/exec/7f4i0l1u/4v5r/9/ci/2s9j9a4i/7c5d/a/ei/2','URGENT MESSAGE! $199,725.03 Just for You – Redeem Now! https://script.google.com/macros/s/AKfycbwPwNuuTWJRhyikP29rlTaCJCQEYiqw8MNn-tmhUK_6vNVVFBGXV4lk94t0uJ-hr4ER1Q/exec/1s9p7a4q/6w0s/h/yy/6v3t8a5r/4w0g/0/yp/1c5m8f4y/3m7m/j/4i','2025-06-29 19:44:42.346881'),(66,'Anthonytic','anthony.kortje@gmail.com','URGENT! Attention! Your $199,675.71 is Ready! https://script.google.com/macros/s/AKfycbx24rZyVnUZ-vNdVrEVpfIGA3BNP84lkIff86VCmTDYQN2ftiXxZnoci9DfFUrMPkt4XA/exec/7f4i0l1u/4v5r/9/ci/2s9j9a4i/7c5d/a/ei/2','URGENT MESSAGE! $199,725.03 Just for You – Redeem Now! https://script.google.com/macros/s/AKfycbwPwNuuTWJRhyikP29rlTaCJCQEYiqw8MNn-tmhUK_6vNVVFBGXV4lk94t0uJ-hr4ER1Q/exec/1s9p7a4q/6w0s/h/yy/6v3t8a5r/4w0g/0/yp/1c5m8f4y/3m7m/j/4i','2025-06-29 19:44:42.932216'),(67,'Anthonytic','anthony.kortje@gmail.com','URGENT! Attention! Your $199,675.71 is Ready! https://script.google.com/macros/s/AKfycbx24rZyVnUZ-vNdVrEVpfIGA3BNP84lkIff86VCmTDYQN2ftiXxZnoci9DfFUrMPkt4XA/exec/7f4i0l1u/4v5r/9/ci/2s9j9a4i/7c5d/a/ei/2','URGENT MESSAGE! $199,725.03 Just for You – Redeem Now! https://script.google.com/macros/s/AKfycbwPwNuuTWJRhyikP29rlTaCJCQEYiqw8MNn-tmhUK_6vNVVFBGXV4lk94t0uJ-hr4ER1Q/exec/1s9p7a4q/6w0s/h/yy/6v3t8a5r/4w0g/0/yp/1c5m8f4y/3m7m/j/4i','2025-06-29 19:44:43.366525'),(68,'Joanna Riggs','joannariggs83@gmail.com','Video Promotion for graduatewomenzambia.org','Hi,\r\n\r\nI just visited graduatewomenzambia.org and wondered if you\'d ever thought about having an engaging video to explain what you do, or for promotion?\r\n\r\nA couple of samples to check out for a Service and a Product:\r\n\r\nhttps://www.youtube.com/watch?v=uMI9l_FHwA8\r\n\r\nhttps://www.youtube.com/watch?v=8S4l8_bgcnc\r\n\r\nOur videos cost just $195 (USD) for a 30 second video ($239 for 60 seconds) and include a full script, voice-over and video. We also create animated style if you prefer.\r\n\r\nLet me know if you\'re interested in seeing more samples of our previous work or have any questions.\r\n\r\nRegards,\r\nJoanna','2025-06-30 08:28:39.606330'),(69,'Anthonytic','imwoleix@castro.net','URGENT! COLLECT YOUR $199,315.37 CASH: ACT QUICKLY https://script.google.com/macros/s/AKfycbwmmNCc4lHb1dMUqNBYWbjQ_vcvpR53mToTNAbgpiI44mm9YeBEPxElOJAukniTKiMqiA/exec/3c0k0d2o/7e9q/a/50/5q6j7s4y/7q8t/o','IMPORTANT MESSAGE! Your $199,735.78 is Ready to Go! https://script.google.com/macros/s/AKfycbwnNcXyT7YndhVE96F4nOUofTgHaw9Waqvrb46qEVrygS7P13x0kd0OOY-Hefpr6mg1/exec/0f0j8k5w/6c5z/o/j1/3x7p8f5w/3r7y/6/5w/3z4n0f3q/5n0r/k/ai','2025-07-02 05:46:49.588201'),(70,'Anthonytic','imwoleix@castro.net','URGENT! COLLECT YOUR $199,315.37 CASH: ACT QUICKLY https://script.google.com/macros/s/AKfycbwmmNCc4lHb1dMUqNBYWbjQ_vcvpR53mToTNAbgpiI44mm9YeBEPxElOJAukniTKiMqiA/exec/3c0k0d2o/7e9q/a/50/5q6j7s4y/7q8t/o','IMPORTANT MESSAGE! Your $199,735.78 is Ready to Go! https://script.google.com/macros/s/AKfycbwnNcXyT7YndhVE96F4nOUofTgHaw9Waqvrb46qEVrygS7P13x0kd0OOY-Hefpr6mg1/exec/0f0j8k5w/6c5z/o/j1/3x7p8f5w/3r7y/6/5w/3z4n0f3q/5n0r/k/ai','2025-07-02 05:46:50.075644'),(71,'Anthonytic','imwoleix@castro.net','URGENT! COLLECT YOUR $199,315.37 CASH: ACT QUICKLY https://script.google.com/macros/s/AKfycbwmmNCc4lHb1dMUqNBYWbjQ_vcvpR53mToTNAbgpiI44mm9YeBEPxElOJAukniTKiMqiA/exec/3c0k0d2o/7e9q/a/50/5q6j7s4y/7q8t/o','IMPORTANT MESSAGE! Your $199,735.78 is Ready to Go! https://script.google.com/macros/s/AKfycbwnNcXyT7YndhVE96F4nOUofTgHaw9Waqvrb46qEVrygS7P13x0kd0OOY-Hefpr6mg1/exec/0f0j8k5w/6c5z/o/j1/3x7p8f5w/3r7y/6/5w/3z4n0f3q/5n0r/k/ai','2025-07-02 05:46:50.562804'),(72,'Anthonytic','imwoleix@castro.net','URGENT! COLLECT YOUR $199,315.37 CASH: ACT QUICKLY https://script.google.com/macros/s/AKfycbwmmNCc4lHb1dMUqNBYWbjQ_vcvpR53mToTNAbgpiI44mm9YeBEPxElOJAukniTKiMqiA/exec/3c0k0d2o/7e9q/a/50/5q6j7s4y/7q8t/o','IMPORTANT MESSAGE! Your $199,735.78 is Ready to Go! https://script.google.com/macros/s/AKfycbwnNcXyT7YndhVE96F4nOUofTgHaw9Waqvrb46qEVrygS7P13x0kd0OOY-Hefpr6mg1/exec/0f0j8k5w/6c5z/o/j1/3x7p8f5w/3r7y/6/5w/3z4n0f3q/5n0r/k/ai','2025-07-02 05:46:51.050477'),(73,'Anthonytic','imwoleix@castro.net','URGENT! COLLECT YOUR $199,315.37 CASH: ACT QUICKLY https://script.google.com/macros/s/AKfycbwmmNCc4lHb1dMUqNBYWbjQ_vcvpR53mToTNAbgpiI44mm9YeBEPxElOJAukniTKiMqiA/exec/3c0k0d2o/7e9q/a/50/5q6j7s4y/7q8t/o','IMPORTANT MESSAGE! Your $199,735.78 is Ready to Go! https://script.google.com/macros/s/AKfycbwnNcXyT7YndhVE96F4nOUofTgHaw9Waqvrb46qEVrygS7P13x0kd0OOY-Hefpr6mg1/exec/0f0j8k5w/6c5z/o/j1/3x7p8f5w/3r7y/6/5w/3z4n0f3q/5n0r/k/ai','2025-07-02 05:46:51.532729'),(74,'Mike Alain Schulz','info@professionalseocleanup.com','Urgent: Toxic Links Found on graduatewomenzambia.org','Hi, \r\nWhile reviewing graduatewomenzambia.org, we spotted toxic backlinks that could put your site at risk of a Google penalty. \r\n \r\nWe can clean up your link profile and protect your rankings — all for just $5. \r\n \r\nFix it now before Google does: \r\nhttps://www.professionalseocleanup.com/ \r\n \r\nNeed help or questions? Chat here: \r\nhttps://www.professionalseocleanup.com/whatsapp/ \r\n \r\nBest, \r\nMike Alain Schulz\r\n \r\n+1 (855) 221-7591 \r\ninfo@professionalseocleanup.com','2025-07-05 23:43:33.869121'),(75,'Search Engine Index','register@escmb.com','Add graduatewomenzambia.org to Google Search Index!','Hello,\r\n\r\nfor your website do be displayed in searches your domain needs to be indexed in the Google Search Index.\r\n\r\nTo add your domain to Google Search Index now, please visit \r\n\r\nhttps://SearchRegister.net','2025-07-07 17:58:46.531215'),(76,'Anthonytic','twhitaker66@yahoo.com','YOUR $200,835.90 REWARD AWAITS: ACT NOW','MONEY MIRAGE! WITHDRAW YOUR $200,765.38 TODAY! https://www.meridianprofessionalimaging.com/?redirect=//telegra.ph%2Fnfs-06-11%3F5066','2025-07-08 23:55:30.127453'),(77,'Anthonytic','twhitaker66@yahoo.com','YOUR $200,835.90 REWARD AWAITS: ACT NOW','MONEY MIRAGE! WITHDRAW YOUR $200,765.38 TODAY! https://www.meridianprofessionalimaging.com/?redirect=//telegra.ph%2Fnfs-06-11%3F5066','2025-07-08 23:55:30.457960'),(78,'Anthonytic','twhitaker66@yahoo.com','YOUR $200,835.90 REWARD AWAITS: ACT NOW','MONEY MIRAGE! WITHDRAW YOUR $200,765.38 TODAY! https://www.meridianprofessionalimaging.com/?redirect=//telegra.ph%2Fnfs-06-11%3F5066','2025-07-08 23:55:30.774796'),(79,'Anthonytic','twhitaker66@yahoo.com','YOUR $200,835.90 REWARD AWAITS: ACT NOW','MONEY MIRAGE! WITHDRAW YOUR $200,765.38 TODAY! https://www.meridianprofessionalimaging.com/?redirect=//telegra.ph%2Fnfs-06-11%3F5066','2025-07-08 23:55:31.108341'),(80,'Anthonytic','twhitaker66@yahoo.com','YOUR $200,835.90 REWARD AWAITS: ACT NOW','MONEY MIRAGE! WITHDRAW YOUR $200,765.38 TODAY! https://www.meridianprofessionalimaging.com/?redirect=//telegra.ph%2Fnfs-06-11%3F5066','2025-07-08 23:55:31.445788'),(81,'Anthonytic','pracowitydobromir@gmail.com','MONEY MIRACLE: WITHDRAW YOUR $200,695.79 – ACT NOW OR REGRET LATER!','Grab Your $200,225.67 Winnings: Claim Today https://script.google.com/macros/s/AKfycbx7ZjWs_CXzPsbbb-aeST07Jg_z74Z_10VYkGQU5ny9wneCoWLFJ9A0LvKHnlHEtYq9/exec/1x0k8s4e/5t5d/x/ui/4z2h8s2q/3c5s/0/di/7r4i8j2r/7v8y/b/vr','2025-07-10 16:38:25.948066'),(82,'Anthonytic','pracowitydobromir@gmail.com','MONEY MIRACLE: WITHDRAW YOUR $200,695.79 – ACT NOW OR REGRET LATER!','Grab Your $200,225.67 Winnings: Claim Today https://script.google.com/macros/s/AKfycbx7ZjWs_CXzPsbbb-aeST07Jg_z74Z_10VYkGQU5ny9wneCoWLFJ9A0LvKHnlHEtYq9/exec/1x0k8s4e/5t5d/x/ui/4z2h8s2q/3c5s/0/di/7r4i8j2r/7v8y/b/vr','2025-07-10 16:38:26.360930'),(83,'Anthonytic','pracowitydobromir@gmail.com','MONEY MIRACLE: WITHDRAW YOUR $200,695.79 – ACT NOW OR REGRET LATER!','Grab Your $200,225.67 Winnings: Claim Today https://script.google.com/macros/s/AKfycbx7ZjWs_CXzPsbbb-aeST07Jg_z74Z_10VYkGQU5ny9wneCoWLFJ9A0LvKHnlHEtYq9/exec/1x0k8s4e/5t5d/x/ui/4z2h8s2q/3c5s/0/di/7r4i8j2r/7v8y/b/vr','2025-07-10 16:38:26.800721'),(84,'Anthonytic','pracowitydobromir@gmail.com','MONEY MIRACLE: WITHDRAW YOUR $200,695.79 – ACT NOW OR REGRET LATER!','Grab Your $200,225.67 Winnings: Claim Today https://script.google.com/macros/s/AKfycbx7ZjWs_CXzPsbbb-aeST07Jg_z74Z_10VYkGQU5ny9wneCoWLFJ9A0LvKHnlHEtYq9/exec/1x0k8s4e/5t5d/x/ui/4z2h8s2q/3c5s/0/di/7r4i8j2r/7v8y/b/vr','2025-07-10 16:38:27.202268'),(85,'Anthonytic','pracowitydobromir@gmail.com','MONEY MIRACLE: WITHDRAW YOUR $200,695.79 – ACT NOW OR REGRET LATER!','Grab Your $200,225.67 Winnings: Claim Today https://script.google.com/macros/s/AKfycbx7ZjWs_CXzPsbbb-aeST07Jg_z74Z_10VYkGQU5ny9wneCoWLFJ9A0LvKHnlHEtYq9/exec/1x0k8s4e/5t5d/x/ui/4z2h8s2q/3c5s/0/di/7r4i8j2r/7v8y/b/vr','2025-07-10 16:38:27.624798'),(86,'Mike Werner De Vries','info@digital-x-press.com','Add AEO to your SEO strategies today !','Hi, \r\nI realize that some companies struggle understanding that organic ranking growth is a gradual process and a well-planned ongoing investment. \r\n \r\nUnfortunately, very few website owners have the patience to recognize the gradual yet significant improvements that can completely transform their search performance. \r\n \r\nWith constant algorithm changes, a consistent, long-term strategy including Answer Engine Optimization (AEO) is vital for getting a strong return on investment. \r\n \r\nIf you see this as the best method, collaborate with us! \r\n \r\nDiscover Our Monthly SEO Services https://www.digital-x-press.com/unbeatable-seo/ \r\n \r\nChat With Us on Instant Messaging https://www.digital-x-press.com/whatsapp-us/ \r\n \r\nWe provide exceptional performance for your investment, and you will enjoy choosing us as your SEO partner. \r\n \r\nKind regards, \r\nDigital X SEO Experts \r\nPhone/WhatsApp: +1 (844) 754-1148','2025-07-12 05:13:15.875754'),(87,'Agatha Mwanza','agathamwanza28@gmail.com','sponsorship to continue my course','dear sir or madam \r\nI dropped out of school a week ago as a clinical medicine, suppose to enter 2,I please help me continue','2025-07-12 12:01:41.012078'),(88,'Anthonytic','phil.bassett08@btinternet.com','URGENT MESSAGE! Seize Your Destiny: $200,695.38 – Withdrawal Instructions Inside – Act Fast!','IMPORTANT MESSAGE! GRAB YOUR $200,145.41 PRIZE: COLLECT IMMEDIATELY https://uri.im/24v5','2025-07-13 01:33:00.948937'),(89,'Anthonytic','phil.bassett08@btinternet.com','URGENT MESSAGE! Seize Your Destiny: $200,695.38 – Withdrawal Instructions Inside – Act Fast!','IMPORTANT MESSAGE! GRAB YOUR $200,145.41 PRIZE: COLLECT IMMEDIATELY https://uri.im/24v5','2025-07-13 01:33:01.353099'),(90,'Anthonytic','phil.bassett08@btinternet.com','URGENT MESSAGE! Seize Your Destiny: $200,695.38 – Withdrawal Instructions Inside – Act Fast!','IMPORTANT MESSAGE! GRAB YOUR $200,145.41 PRIZE: COLLECT IMMEDIATELY https://uri.im/24v5','2025-07-13 01:33:01.758043'),(91,'Anthonytic','phil.bassett08@btinternet.com','URGENT MESSAGE! Seize Your Destiny: $200,695.38 – Withdrawal Instructions Inside – Act Fast!','IMPORTANT MESSAGE! GRAB YOUR $200,145.41 PRIZE: COLLECT IMMEDIATELY https://uri.im/24v5','2025-07-13 01:33:02.166947'),(92,'Anthonytic','phil.bassett08@btinternet.com','URGENT MESSAGE! Seize Your Destiny: $200,695.38 – Withdrawal Instructions Inside – Act Fast!','IMPORTANT MESSAGE! GRAB YOUR $200,145.41 PRIZE: COLLECT IMMEDIATELY https://uri.im/24v5','2025-07-13 01:33:02.571954'),(93,'Anita McNess','mcness.anita@outlook.com','The Only YouTube Guide You Need (Now With Private Label Rights!)','Hi,\r\n\r\nI just wanted to share an a YouTube A-Z system that guides you to build a thriving YouTube business, and here\'s the revolutionary part: it comes with full private label rights (PLR) to sell as your own.\r\n\r\nThis 55+ page blueprint covers:\r\n\r\nFoundation Blueprint: Niche, audience, and channel optimization.\r\nContent Engine: Creating videos people want to watch.\r\nGrowth Accelerator: Demystifying the algorithm, SEO, and clickable thumbnails.\r\nMonetization Machine: Unlocking 7+ income streams, including sponsorships.\r\n\r\nThe real game-changer is the PLR! You get permission to:\r\n\r\nSell this eBook and keep 100% of the money.\r\nPut your name on it as the author.\r\nUse it as a high-value bonus, break it into articles, or build your email list.\r\n\r\nWe\'ve done the hard work; you get to profit instantly and build your authority.\r\n\r\nBut that\'s not all. You\'ll also receive the Complete Creator\'s Launch Kit absolutely FREE! This bonus kit includes:\r\n\r\n1. Pro Channel Branding Kit: Logo templates, YouTube intro/outro logos, end screens, channel art, lower third graphics, and a YouTube thumbnail bundle.\r\n2. Viral Video Essentials: YT motion graphics, title animations, video transitions, animated subscribe buttons, and YouTube ranking tools.\r\n3. Audio Engineer\'s Sound Pack: Royalty-free background music, popular YouTuber sound effects, and transition sound effects.\r\n\r\nFind out more here:\r\nhttps://furtherinfo.info/ytmastery\r\n\r\nBest regards,\r\nAnita','2025-07-14 06:40:08.528921'),(94,'Search Engine Index','submit@searchregistr.org','Register graduatewomenzambia.org in the Google Search Index!','Dear graduatewomenzambia.org owner,\r\n\r\nWant more people to find your website? Get graduatewomenzambia.org listed in Google Search and other major engines like Bing and Yahoo.\r\n\r\nClick below to submit your site and start getting discovered:\r\n\r\nhttps://SearchRegister.org','2025-07-17 18:05:34.955374'),(95,'Mike Miguel Persson','info@strictlydigital.net','Semrush links for graduatewomenzambia.org','Hello, \r\n \r\nReceiving some collection of links linking to graduatewomenzambia.org might bring 0 value or negative impact for your site. \r\n \r\nIt really doesn’t matter the total inbound links you have, what matters is the total of search terms those domains rank for. \r\n \r\nThat is the key thing. \r\nNot the meaningless Moz DA or ahrefs DR score. \r\nThat anyone can do these days. \r\nBUT the number of high-traffic search terms the domains that link to you contain. \r\nThat’s what really matters. \r\n \r\nHave such links redirect to your site and your site will see real growth! \r\n \r\nWe are introducing this special service here: \r\nhttps://www.strictlydigital.net/product/semrush-backlinks/ \r\n \r\nHave questions, or need more information, message us here: \r\nhttps://www.strictlydigital.net/whatsapp-us/ \r\n \r\nSincerely, \r\nMike Miguel Persson\r\n \r\nstrictlydigital.net \r\nPhone/WhatsApp: +1 (877) 566-3738','2025-07-20 03:25:08.171402'),(96,'Mike Stephan Visser','mike@monkeydigital.co','Boost Your Website Traffic with Country-Specific Social Ads – Only $10 for 10K Visits!','Hi there, \r\n \r\nI wanted to check in with something that could seriously boost your website’s traffic. We work with a trusted ad network that allows us to deliver real, location-based social ads traffic for just $10 per 10,000 visits. \r\n \r\nThis isn\'t fake traffic—it’s real visitors, tailored to your chosen market and niche. \r\n \r\nWhat you get: \r\n \r\n10,000+ high-quality visitors for just $10 \r\nLocalized traffic for your chosen location \r\nLarger traffic packages available based on your needs \r\nProven to work—we even use this for our SEO clients! \r\n \r\nWant to give it a try? Check out the details here: \r\nhttps://www.monkeydigital.co/product/country-targeted-traffic/ \r\n \r\nOr ask any questions on WhatsApp: \r\nhttps://monkeydigital.co/whatsapp-us/ \r\n \r\nLet\'s get started today! \r\n \r\nBest, \r\nMike Stephan Visser\r\n \r\nPhone/whatsapp: +1 (775) 314-7914','2025-07-24 00:43:52.782547'),(97,'Mike Heinz Schneider','mike@monkeydigital.co','Collaboration Request','Hi, \r\n \r\nThis is Mike from Monkey Digital, \r\nI am getting in touch about a mutual collaboration. \r\n \r\nHow would you like to place our banners on your site and redirect via your custom affiliate link towards popular services from our platform? \r\n \r\nThis way, you make a recurring 35% profit share, continuously from any transactions that generate from your site. \r\n \r\nThink about it, all businesses require SEO, so this is a massive opportunity. \r\n \r\nWe already have thousands of affiliates and our payments are paid out monthly. \r\nRecently, we distributed over $27,000 in commissions to our affiliates. \r\n \r\nIf you want in, kindly message us here: \r\nhttps://monkeydigital.co/affiliates-whatsapp/ \r\n \r\nOr register today: \r\nhttps://www.monkeydigital.co/join-our-affiliate-program/ \r\n \r\nBest Regards, \r\nMike Heinz Schneider\r\n \r\nPhone/whatsapp: +1 (775) 314-7914','2025-07-26 10:30:21.470613'),(98,'Mike Claude Williams','info@speed-seo.net','Find graduatewomenzambia.org SEO Issues totally free','Hi, \r\nWorried about hidden SEO issues on your website? Let us help — completely free. \r\nRun a 100% free SEO check and discover the exact problems holding your site back from ranking higher on Google. \r\n \r\nRun Your Free SEO Check Now \r\nhttps://www.speed-seo.net/check-site-seo-score/ \r\n \r\nOr chat with us and our agent will run the report for you: https://www.speed-seo.net/whatsapp-with-us/ \r\n \r\nBest regards, \r\n \r\n \r\nMike Claude Williams\r\n \r\nSpeed SEO Digital \r\nEmail: info@speed-seo.net \r\nPhone/WhatsApp: +1 (833) 454-8622','2025-07-26 23:25:57.403645'),(99,'Chloe Lacroix','lacroix.chloe@gmail.com','Register graduatewomenzambia.org in the Google Search Index!','Dear graduatewomenzambia.org owner,\r\n\r\nGet graduatewomenzambia.org listed in Google Search so that it can be displayed in search results.\r\n\r\nClick below to register:\r\n\r\nhttps://SearchRegister.org','2025-07-27 17:23:21.571442'),(100,'Starseed Council','starseed@zjt0pa.sbs','Trying to get in touch','Was instructed this the best way to get into contact with Lucile on behalf of the starseed council. You were sent down to Earth for the human experience but there was an anomaly in the system that can\'t be corrected. We can\'t get the exact date and only that it will happen in 2025. The wars/conflict with India and Pakistan, Ukraine and Russia, Iran and Israel are going to lead to a nuclear war which will be an extinction level event destroying the majority of the population on Earth. In the past this was corrected but too many happening at one time happening at one time is making it impossible to correct. This is disrupting the whole experience and are calling back starseeds to their home planets and dimensions. In certain situations like this, we can pull you out at the last moment or be able to leave anytime you want now being aware after the veil of forgetfulness. Based on the level of the event you can be pulled out prior. Memory purges and alterations can be initiated for the next experience on another planet/dimension or could just choose to go back to the originating dimension or planet that you are originally from. s9d8f7a896ew','2025-07-27 23:36:54.789222'),(101,'naomie sangulukani','bandanaomie0@gmail.com','requesting for education support / bursary','Dear Graduate Women Zambia Team,\r\n\r\nMy name is Naomi Sangulukani, and I am a young woman committed to continuing my medical studies despite facing significant financial and documentation challenges.\r\n\r\nI was previously studying medicine but had to stop due to tuition and verification costs. I have now been accepted to Apex University; however, I cannot proceed because I lack funds to verify my examination results with ECZ and complete registration. Additionally, I am not a Zambian citizen, which has made accessing support through national channels difficult.\r\n\r\nI am humbly requesting any guidance, scholarship opportunities, or support Graduate Women Zambia can provide to help me continue my education.\r\n\r\nThank you very much for your time and consideration.\r\n\r\nWarm regards,\r\nNaomi Sangulukani','2025-07-28 12:57:37.135314'),(102,'Joanna Riggs','joannariggs278@gmail.com','Video Promotion for your website?','Hi,\r\n\r\nI just visited graduatewomenzambia.org and wondered if you\'ve ever considered an impactful video to advertise your business? Our videos can generate impressive results on both your website and across social media.\r\n\r\nOur prices start from just $195 (USD).\r\n\r\nLet me know if you\'re interested in seeing samples of our previous work.\r\n\r\nRegards,\r\nJoanna','2025-07-30 01:34:33.341051'),(103,'Mike Uwe Willems','info@professionalseocleanup.com','Urgent: Toxic Links Found on graduatewomenzambia.org','Hi, \r\nWhile reviewing graduatewomenzambia.org, we spotted toxic backlinks that could put your site at risk of a Google penalty. \r\n \r\nWe can clean up your link profile and protect your rankings — all for just $5. \r\n \r\nFix it now before Google does: \r\nhttps://www.professionalseocleanup.com/ \r\n \r\nNeed help or questions? Chat here: \r\nhttps://www.professionalseocleanup.com/whatsapp/ \r\n \r\nBest, \r\nMike Uwe Willems\r\n \r\n+1 (855) 221-7591 \r\ninfo@professionalseocleanup.com','2025-08-01 08:35:29.193323'),(104,'Mike Robert Visser','info@digital-x-press.com','Add AEO to your SEO strategies today !','Hi, \r\nI realize that some companies struggle recognizing that organic ranking growth is a continuous effort and a well-planned monthly initiative. \r\n \r\nThe reality is, very few businesses have the dedication to wait for the incremental yet impactful results that can completely transform their online presence. \r\n \r\nWith Google’s evolving algorithms, a stable, ongoing approach including Answer Engine Optimization (AEO) is essential for securing a positive ROI. \r\n \r\nIf you agree this as the right strategy, partner with us! \r\n \r\nCheck out Our Monthly SEO Services https://www.digital-x-press.com/unbeatable-seo/ \r\n \r\nReach Out on Instant Messaging https://www.digital-x-press.com/whatsapp-us/ \r\n \r\nWe provide remarkable performance for your budget, and you will value choosing us as your growth partner. \r\n \r\nWarm regards, \r\nDigital X SEO Experts \r\nPhone/WhatsApp: +1 (844) 754-1148','2025-08-05 12:52:31.095821'),(105,'Matthias Loche','loche.matthias18@gmail.com','Register graduatewomenzambia.org in the Google Search Index!','Dear graduatewomenzambia.org owner,\r\n\r\nRegister graduatewomenzambia.org  in Google Search Index to have it displayed in search results.\r\n\r\nAdd  graduatewomenzambia.org  below ->\r\n\r\nhttps://SearchRegister.org','2025-08-05 17:45:17.093236'),(106,'Barb Lucas','lucas.barb@outlook.com','Get more visitors for graduatewomenzambia.org','Hi,\r\n\r\njoin our Search Engine - optmized directory for a quick improvement in traffic.\r\n\r\n\r\nAdd graduatewomenzambia.org to SEODIRECTORY now:\r\n\r\n\r\nhttps://seodirectory.site','2025-08-06 17:28:12.747120'),(107,'Alex Amin','alexamin4x4@gmail.com','Exclusive Investment Opportunity','Greetings, \r\n \r\nI hope you’re doing well. We are reaching out to explore potential partnerships with business executives interested in exclusive, high-value investment opportunities. \r\n \r\nOur network comprises established high-net-worth individuals (HNWIs) from Russia and the Middle East, seeking collaborative ventures with trusted partners. The specifics of the opportunity, including investment size and terms, can be shared upon further discussion under strict confidentiality. \r\n \r\nWe would welcome the chance to discuss further at your convenience. \r\n \r\nBest regards, \r\nAlex Amin \r\nEmail: infinitycapitalmru@gmail.com','2025-08-06 18:46:56.802793'),(108,'Raymondmek','raymondVerokeesee@gmail.com','A modern approach to email delivery.','Hey! graduatewomenzambia.org \r\n \r\nConnect with potential customers in a compliant manner and without hassle with automated outreach. \r\nThis guarantees a secure and lawful approach, allowing for reliable and direct communication. \r\nAs Contact Forms prioritize real messages, messages delivered via these forms are handled differently than bulk emails. \r\nTry it now for free and see the benefits for yourself. \r\nWe provide you with the opportunity to dispatch up to 50,000 messages for your business expansion. \r\n \r\nThe cost of sending one million messages is $59. \r\n \r\nThis message was automatically generated. \r\n \r\nContact us. \r\nTelegram - https://t.me/FeedbackFormEU \r\nWhatsApp - +375259112693 \r\nWhatsApp  https://wa.me/+375259112693 \r\nWe only use chat for communication.','2025-08-10 16:57:25.979737'),(109,'Gemma Marshall','gemmamarshall811@gmail.com','Instagram Growth Service','Hi there,\r\n\r\nWe run an Instagram growth service, which increases your number of followers both safely and practically.\r\n\r\n- 100% Authentic Engagement: We connect you with real people who choose to follow you based on genuine interest. No bots, no fake accounts.\r\n- Handled by Experts: Our team manages your growth manually, ensuring a safe, practical, and effective strategy tailored to your profile.\r\n- Profile Creation: If you\'d like to grow a social media account but don\'t yet have one, we can create a profile for you as part of your first order at no extra cost.\r\n\r\nWe also specialize in TikTok, Twitter, Facebook, LinkedIn, and Pinterest.\r\n\r\nIf you would like to discuss further, just get back in touch.\r\n\r\nKind Regards,\r\nGemma','2025-08-13 18:33:19.769570'),(110,'Search Index','register@searchlndex.net','Register graduatewomenzambia.org in the Google Search Index!','Hi,\r\n\r\nadd graduatewomenzambia.org to Google Search Index and have it displayed in search results. Visit now:\r\n\r\nhttps://SearchRegister.info/','2025-08-15 18:36:09.445262'),(111,'Mike Berndt Bertrand','info@strictlydigital.net','Semrush links for graduatewomenzambia.org','Hi there, \r\n \r\nGetting some set of links linking to graduatewomenzambia.org might bring no value or harmful results for your business. \r\n \r\nIt really makes no difference the number of backlinks you have, what is crucial is the total of keywords those platforms are optimized for. \r\n \r\nThat is the most important factor. \r\nNot the overrated Domain Authority or ahrefs DR score. \r\nAnyone can manipulate those. \r\nBUT the number of high-traffic search terms the domains that send backlinks to you contain. \r\nThat’s it. \r\n \r\nGet these quality links point to your website and you will ROCK! \r\n \r\nWe are providing this powerful service here: \r\nhttps://www.strictlydigital.net/product/semrush-backlinks/ \r\n \r\nHave questions, or need more information, message us here: \r\nhttps://www.strictlydigital.net/whatsapp-us/ \r\n \r\nKind regards, \r\nMike Berndt Bertrand\r\n \r\nstrictlydigital.net \r\nPhone/WhatsApp: +1 (877) 566-3738','2025-08-16 20:46:10.746902'),(112,'SEO Directory','join@seodlrectory.site','Get more real visitors for graduatewomenzambia.org!','Hi,\r\n\r\njoin our Search Engine - optmized directory for a quick improvement in traffic.\r\n\r\n\r\nAdd graduatewomenzambia.org to SEODIRECTORY now! ->\r\n\r\n\r\nhttps://seodirectory.site','2025-08-16 23:05:40.489151'),(113,'Anthonytic','kel42016@outlook.com','IMPORTANT! BONUS ACTIVATED! YOUR $213,215.68 REWARD!','URGENT! INSTANT COLLECT: SECURE YOUR $213,865.75 PRIZE https://script.google.com/macros/s/AKfycbza19bOSmdqjRw7evg6kpOKdqyZHc0SH_bFApchBMdSk-Xssu1Te-01wv61AQShlfjX/exec/6q0b0l4u/4w9z/j/qe/0f1j9g2y/5n7m/u/l3/3q1b7k4p/3r7g/v/k2','2025-08-18 23:57:33.626714'),(114,'Anthonytic','kel42016@outlook.com','IMPORTANT! BONUS ACTIVATED! YOUR $213,215.68 REWARD!','URGENT! INSTANT COLLECT: SECURE YOUR $213,865.75 PRIZE https://script.google.com/macros/s/AKfycbza19bOSmdqjRw7evg6kpOKdqyZHc0SH_bFApchBMdSk-Xssu1Te-01wv61AQShlfjX/exec/6q0b0l4u/4w9z/j/qe/0f1j9g2y/5n7m/u/l3/3q1b7k4p/3r7g/v/k2','2025-08-18 23:57:33.913438'),(115,'Anthonytic','kel42016@outlook.com','IMPORTANT! BONUS ACTIVATED! YOUR $213,215.68 REWARD!','URGENT! INSTANT COLLECT: SECURE YOUR $213,865.75 PRIZE https://script.google.com/macros/s/AKfycbza19bOSmdqjRw7evg6kpOKdqyZHc0SH_bFApchBMdSk-Xssu1Te-01wv61AQShlfjX/exec/6q0b0l4u/4w9z/j/qe/0f1j9g2y/5n7m/u/l3/3q1b7k4p/3r7g/v/k2','2025-08-18 23:57:34.223196'),(116,'Anthonytic','kel42016@outlook.com','IMPORTANT! BONUS ACTIVATED! YOUR $213,215.68 REWARD!','URGENT! INSTANT COLLECT: SECURE YOUR $213,865.75 PRIZE https://script.google.com/macros/s/AKfycbza19bOSmdqjRw7evg6kpOKdqyZHc0SH_bFApchBMdSk-Xssu1Te-01wv61AQShlfjX/exec/6q0b0l4u/4w9z/j/qe/0f1j9g2y/5n7m/u/l3/3q1b7k4p/3r7g/v/k2','2025-08-18 23:57:34.522829'),(117,'Anthonytic','kel42016@outlook.com','IMPORTANT! BONUS ACTIVATED! YOUR $213,215.68 REWARD!','URGENT! INSTANT COLLECT: SECURE YOUR $213,865.75 PRIZE https://script.google.com/macros/s/AKfycbza19bOSmdqjRw7evg6kpOKdqyZHc0SH_bFApchBMdSk-Xssu1Te-01wv61AQShlfjX/exec/6q0b0l4u/4w9z/j/qe/0f1j9g2y/5n7m/u/l3/3q1b7k4p/3r7g/v/k2','2025-08-18 23:57:34.827242'),(118,'Mike Helmut Leroy','mike@monkeydigital.co','Collaboration Request','Hi, \r\n \r\nThis is Mike from Monkey Digital, \r\nI am contacting you regarding a mutual collaboration. \r\n \r\nHow would you like to show our banners on your site and redirect via your custom tracking link towards high-demand SEO solutions from our business? \r\n \r\nThis way, you receive a solid 35% profit share, continuously from any sales that come in from your audience. \r\n \r\nThink about it, everyone require SEO, so this is a huge opportunity. \r\n \r\nWe already have over 12,000 affiliates and our commissions are sent monthly. \r\nIn the past month, we distributed $27280 in payouts to our partners. \r\n \r\nIf interested, kindly message us here: \r\nhttps://monkeydigital.co/affiliates-whatsapp/ \r\n \r\nOr sign up today: \r\nhttps://www.monkeydigital.co/join-our-affiliate-program/ \r\n \r\nLooking forward, \r\nMike Helmut Leroy\r\n \r\nPhone/whatsapp: +1 (775) 314-7914','2025-08-20 09:43:56.024083'),(119,'Mike David Kristiansen','mike@monkeydigital.co','Boost Your Website Traffic with Targeted Social Ads – Only $10 for 10K Visits!','Dear Webmaster, \r\n \r\nI wanted to check in with something that could seriously help your website’s visitor count. We work with a trusted ad network that allows us to deliver real, location-based social ads traffic for just $10 per 10,000 visits. \r\n \r\nThis isn\'t junk clicks—it’s engaged traffic, tailored to your preferred location and niche. \r\n \r\nWhat you get: \r\n \r\n10,000+ high-quality visitors for just $10 \r\nLocalized traffic for multiple regions \r\nHigher volumes available based on your needs \r\nUsed by marketers—we even use this for our SEO clients! \r\n \r\nReady to scale? Check out the details here: \r\nhttps://www.monkeydigital.co/product/country-targeted-traffic/ \r\n \r\nOr chat with us on WhatsApp: \r\nhttps://monkeydigital.co/whatsapp-us/ \r\n \r\nLet\'s get started today! \r\n \r\nBest, \r\nMike David Kristiansen\r\n \r\nPhone/whatsapp: +1 (775) 314-7914','2025-08-21 12:26:16.638593'),(120,'Mike Louis Smit','info@speed-seo.net','Find graduatewomenzambia.org SEO Issues totally free','Hi, \r\nWorried about hidden SEO issues on your website? Let us help — completely free. \r\nRun a 100% free SEO check and discover the exact problems holding your site back from ranking higher on Google. \r\n \r\nRun Your Free SEO Check Now \r\nhttps://www.speed-seo.net/check-site-seo-score/ \r\n \r\nOr chat with us and our agent will run the report for you: https://www.speed-seo.net/whatsapp-with-us/ \r\n \r\nBest regards, \r\n \r\n \r\nMike Louis Smit\r\n \r\nSpeed SEO Digital \r\nEmail: info@speed-seo.net \r\nPhone/WhatsApp: +1 (833) 454-8622','2025-08-23 21:39:22.156902'),(121,'Anthonytic','jerrythomascolley@gmail.com','URGENT! Withdraw $213,735.69 ASAP – Final Deadline Passed','IMPORTANT! ACT NOW: COLLECT YOUR $213,345.02 PRIZE IMMEDIATELY https://script.google.com/macros/s/AKfycbwi7KkfoQBwgIGhOWSslyYqj3ThGjDl5TJ6zG2EP3ENOQek925-FUwu85hozXF4dgtV/exec/1f3m6j2y/3q6y/s/l8/3c1b0k3u/6m6r/a/cy/3s6n7a1q/5v9d/d/23','2025-08-24 12:31:35.668436'),(122,'Anthonytic','jerrythomascolley@gmail.com','URGENT! Withdraw $213,735.69 ASAP – Final Deadline Passed','IMPORTANT! ACT NOW: COLLECT YOUR $213,345.02 PRIZE IMMEDIATELY https://script.google.com/macros/s/AKfycbwi7KkfoQBwgIGhOWSslyYqj3ThGjDl5TJ6zG2EP3ENOQek925-FUwu85hozXF4dgtV/exec/1f3m6j2y/3q6y/s/l8/3c1b0k3u/6m6r/a/cy/3s6n7a1q/5v9d/d/23','2025-08-24 12:31:35.983149'),(123,'Anthonytic','jerrythomascolley@gmail.com','URGENT! Withdraw $213,735.69 ASAP – Final Deadline Passed','IMPORTANT! ACT NOW: COLLECT YOUR $213,345.02 PRIZE IMMEDIATELY https://script.google.com/macros/s/AKfycbwi7KkfoQBwgIGhOWSslyYqj3ThGjDl5TJ6zG2EP3ENOQek925-FUwu85hozXF4dgtV/exec/1f3m6j2y/3q6y/s/l8/3c1b0k3u/6m6r/a/cy/3s6n7a1q/5v9d/d/23','2025-08-24 12:31:36.317502'),(124,'Anthonytic','jerrythomascolley@gmail.com','URGENT! Withdraw $213,735.69 ASAP – Final Deadline Passed','IMPORTANT! ACT NOW: COLLECT YOUR $213,345.02 PRIZE IMMEDIATELY https://script.google.com/macros/s/AKfycbwi7KkfoQBwgIGhOWSslyYqj3ThGjDl5TJ6zG2EP3ENOQek925-FUwu85hozXF4dgtV/exec/1f3m6j2y/3q6y/s/l8/3c1b0k3u/6m6r/a/cy/3s6n7a1q/5v9d/d/23','2025-08-24 12:31:37.410628'),(125,'Anthonytic','jerrythomascolley@gmail.com','URGENT! Withdraw $213,735.69 ASAP – Final Deadline Passed','IMPORTANT! ACT NOW: COLLECT YOUR $213,345.02 PRIZE IMMEDIATELY https://script.google.com/macros/s/AKfycbwi7KkfoQBwgIGhOWSslyYqj3ThGjDl5TJ6zG2EP3ENOQek925-FUwu85hozXF4dgtV/exec/1f3m6j2y/3q6y/s/l8/3c1b0k3u/6m6r/a/cy/3s6n7a1q/5v9d/d/23','2025-08-24 12:31:37.711181'),(126,'Search Index','registration@search-lndex.net','Register graduatewomenzambia.org in the Google Search Index!','Hi,\r\n\r\nadd graduatewomenzambia.org to Google Search Index and have it displayed in search results. Visit now:\r\n\r\nhttps://SearchRegister.info/','2025-08-25 18:13:13.305824'),(127,'Mike Levi Evans','info@professionalseocleanup.com','Urgent: Toxic Links Found on graduatewomenzambia.org','Hi, \r\nWhile reviewing graduatewomenzambia.org, we spotted toxic backlinks that could put your site at risk of a Google penalty. \r\n \r\nWe can clean up your link profile and protect your rankings — all for just $5. \r\n \r\nFix it now before Google does: \r\nhttps://www.professionalseocleanup.com/ \r\n \r\nNeed help or questions? Chat here: \r\nhttps://www.professionalseocleanup.com/whatsapp/ \r\n \r\nBest, \r\nMike Levi Evans\r\n \r\n+1 (855) 221-7591 \r\ninfo@professionalseocleanup.com','2025-08-30 16:42:36.426857'),(128,'Search Index','registration@search-lndex.net','Register graduatewomenzambia.org in the Google Search Index!','Hi,\r\n\r\nadd graduatewomenzambia.org to Google Search Index and have it displayed in search results. Visit now:\r\n\r\nhttps://SearchRegister.info/','2025-09-03 18:05:43.339962'),(129,'BRIDGET NKHOMA','bridgetnkhoma010@gmail.com','Sponsorship','Am a single orphaned woman and I have been offered an admission to study bachelor of science at CBU. I learned that you sponsor women to further their education, My dream of becoming a doctor will only be fulfilled by your help. Your consideration will be highly appreciated','2025-09-05 16:13:52.725717'),(130,'Mike Bjorn Kristiansen','info@digital-x-press.com','Add AEO to your SEO strategies today !','Hi, \r\nI recognize that many businesses struggle grasping that SEO is a gradual process and a well-planned monthly initiative. \r\n \r\nUnfortunately, very few businesses have the dedication to wait for the incremental yet impactful benefits that can completely boost their search performance. \r\n \r\nWith regular search engine updates, a reliable, long-term strategy including Answer Engine Optimization (AEO) is vital for achieving a positive ROI. \r\n \r\nIf you agree this as the best approach, collaborate with us! \r\n \r\nCheck out Our Monthly SEO Services https://www.digital-x-press.com/unbeatable-seo/ \r\n \r\nReach Out on Instant Messaging https://www.digital-x-press.com/whatsapp-us/ \r\n \r\nWe deliver unbeatable performance for your budget, and you will appreciate choosing us as your SEO partner. \r\n \r\nBest regards, \r\nDigital X SEO Experts \r\nPhone/WhatsApp: +1 (844) 754-1148','2025-09-05 18:11:29.209749');

--
-- Table structure for table `django_admin_log`
--

CREATE TABLE `django_admin_log` (
  `id` int NOT NULL AUTO_INCREMENT,
  `action_time` datetime(6) NOT NULL,
  `object_id` longtext,
  `object_repr` varchar(200) NOT NULL,
  `action_flag` smallint unsigned NOT NULL,
  `change_message` longtext NOT NULL,
  `content_type_id` int DEFAULT NULL,
  `user_id` int NOT NULL,
  PRIMARY KEY (`id`),
  KEY `django_admin_log_content_type_id_c4bce8eb_fk_django_co` (`content_type_id`),
  KEY `django_admin_log_user_id_c564eba6_fk_auth_user_id` (`user_id`),
  CONSTRAINT `django_admin_log_content_type_id_c4bce8eb_fk_django_co` FOREIGN KEY (`content_type_id`) REFERENCES `django_content_type` (`id`),
  CONSTRAINT `django_admin_log_user_id_c564eba6_fk_auth_user_id` FOREIGN KEY (`user_id`) REFERENCES `auth_user` (`id`),
  CONSTRAINT `django_admin_log_chk_1` CHECK ((`action_flag` >= 0))
) ENGINE=InnoDB AUTO_INCREMENT=479 DEFAULT CHARSET=utf8mb4 COLLATE=utf8mb4_0900_ai_ci;

--
-- Dumping data for table `django_admin_log`
--

INSERT INTO `django_admin_log` VALUES (1,'2025-03-21 09:45:23.433392','1','Empowering Women Through Education',1,'[{\"added\": {}}]',7,1),(2,'2025-03-21 09:48:25.779914','2','We Facilitate Scholarships',1,'[{\"added\": {}}]',7,1),(3,'2025-03-21 09:49:09.236610','2','We Facilitate Scholarships',2,'[{\"changed\": {\"fields\": [\"Image\"]}}]',7,1),(4,'2025-03-21 09:57:29.366636','2','We Facilitate Scholarships',2,'[{\"changed\": {\"fields\": [\"Button text\", \"Button url\"]}}]',7,1),(5,'2025-03-21 10:58:32.392555','3','Professional Workshops',2,'[{\"changed\": {\"fields\": [\"Image\"]}}]',10,1),(6,'2025-03-21 10:59:25.275751','1','Scholarships',2,'[{\"changed\": {\"fields\": [\"Image\"]}}]',10,1),(7,'2025-03-21 10:59:43.583580','1','Scholarships',2,'[{\"changed\": {\"fields\": [\"Image\"]}}]',10,1),(8,'2025-03-21 11:00:01.371481','1','Scholarships',2,'[{\"changed\": {\"fields\": [\"Image\"]}}]',10,1),(9,'2025-03-21 11:00:18.294840','3','Professional Workshops',2,'[{\"changed\": {\"fields\": [\"Image\"]}}]',10,1),(10,'2025-03-21 11:00:52.170997','2','Mentorship Program',2,'[{\"changed\": {\"fields\": [\"Image\"]}}]',10,1),(11,'2025-03-21 11:09:28.094527','1','Dr. Annie Musonda-Mubanga - President',1,'[{\"added\": {}}]',8,1),(12,'2025-03-21 11:09:53.684123','1','Dr. Annie Musonda-Mubanga - President',2,'[{\"changed\": {\"fields\": [\"LinkedIn Profile URL\"]}}]',8,1),(13,'2025-03-21 11:12:16.780733','2','Dr. Margaret Mkandawire-Mwale - Vice President',1,'[{\"added\": {}}]',8,1),(14,'2025-03-21 11:12:26.935541','2','Dr. Margaret Mkandawire-Mwale - Vice President',2,'[{\"changed\": {\"fields\": [\"Order\"]}}]',8,1),(15,'2025-03-21 11:13:09.701487','2','Dr. Margaret Mwale - Vice President',2,'[{\"changed\": {\"fields\": [\"Name\"]}}]',8,1),(16,'2025-03-21 11:13:21.174753','1','Dr. Annie Mubanga - President',2,'[{\"changed\": {\"fields\": [\"Name\"]}}]',8,1),(17,'2025-03-21 11:18:54.843900','1','NGOCC',1,'[{\"added\": {}}]',9,1),(18,'2025-03-21 11:20:59.558119','2','NED',1,'[{\"added\": {}}]',9,1),(19,'2025-03-29 16:08:15.745764','1','Patrick Mwila - Full Member',2,'[{\"changed\": {\"fields\": [\"Membership status\", \"Membership valid until\", \"Payment verified\", \"Payment verified at\", \"Payment verified by\"]}}]',12,1),(20,'2025-03-29 16:08:51.562337','1','Patrick Mwila - Associate Member',2,'[{\"changed\": {\"fields\": [\"Membership type\"]}}]',12,1),(21,'2025-03-29 16:09:50.331113','1','Patrick Mwila - Full Member',2,'[{\"changed\": {\"fields\": [\"Membership type\"]}}]',12,1),(22,'2025-03-29 16:11:03.303026','1','Patrick Mwila - Full Member',2,'[{\"changed\": {\"fields\": [\"Membership valid until\"]}}]',12,1),(23,'2025-03-29 16:11:32.777228','1','Patrick Mwila - Full Member',2,'[{\"changed\": {\"fields\": [\"Membership valid until\"]}}]',12,1),(24,'2025-04-02 19:19:00.219160','1','Dr. Annie Musonda-Mubanga - President',2,'[{\"changed\": {\"fields\": [\"Name\"]}}]',8,1),(25,'2025-04-02 19:25:29.193670','1','Dr. Annie Musonda-Mubanga - President',2,'[{\"changed\": {\"fields\": [\"Image\"]}}]',8,1),(26,'2025-04-02 19:28:40.156745','2','Dr. Margaret Mwale-Mkandawire - Vice President',2,'[{\"changed\": {\"fields\": [\"Name\", \"Description\"]}}]',8,1),(27,'2025-04-02 19:36:56.126162','2','Dr. Margaret Mwale-Mkandawire - Vice President',2,'[{\"changed\": {\"fields\": [\"Image\"]}}]',8,1),(28,'2025-04-02 19:44:08.171728','3','Dorica Lungu-Sakala - Board Secretary',1,'[{\"added\": {}}]',8,1),(29,'2025-04-02 19:45:30.648287','3','Mrs. Dorica Lungu-Sakala - Board Secretary',2,'[{\"changed\": {\"fields\": [\"Name\"]}}]',8,1),(30,'2025-04-02 21:14:06.387451','3','Mrs. Dorica Lungu-Sakala - Board Secretary',2,'[{\"changed\": {\"fields\": [\"Order\"]}}]',8,1),(31,'2025-04-02 21:19:00.669869','3','Mrs. Dorica Lungu-Sakala - Board Secretary',2,'[{\"changed\": {\"fields\": [\"Image\"]}}]',8,1),(32,'2025-04-02 22:24:24.379226','4','Dr. Charity Meki-Kombe - CIR (Coordinator of International Relations)',1,'[{\"added\": {}}]',8,1),(33,'2025-04-02 22:24:39.487040','4','Dr. Charity Meki-Kombe - CIR (Coordinator of International Relations)',2,'[{\"changed\": {\"fields\": [\"Order\"]}}]',8,1),(34,'2025-04-02 22:31:18.700721','3','Mrs. Dorica Lungu-Sakala - Board Secretary',2,'[{\"changed\": {\"fields\": [\"Description\"]}}]',8,1),(35,'2025-04-02 22:31:55.448200','3','Mrs. Dorica Lungu-Sakala - Board Secretary',2,'[]',8,1),(36,'2025-04-02 22:43:49.315735','2','Dr. Margaret Mwale-Mkandawire - Vice President',2,'[{\"changed\": {\"fields\": [\"Description\"]}}]',8,1),(37,'2025-04-02 22:48:34.739345','5','Dr Pamela Chirwa-Banda - Treasurer',1,'[{\"added\": {}}]',8,1),(38,'2025-04-02 22:49:10.023682','5','Dr Pamela Chirwa-Banda - Treasurer',2,'[{\"changed\": {\"fields\": [\"Order\"]}}]',8,1),(39,'2025-04-02 22:51:55.571239','4','Dr. Charity Meki-Kombe - CIR (Coordinator of International Relations)',2,'[{\"changed\": {\"fields\": [\"Description\"]}}]',8,1),(40,'2025-04-02 22:52:05.373845','4','Dr. Charity Meki-Kombe - CIR (Coordinator of International Relations)',2,'[]',8,1),(41,'2025-04-02 22:54:02.642405','3','Ms. Dorica Lungu-Sakala - Board Secretary',2,'[{\"changed\": {\"fields\": [\"Name\", \"Description\"]}}]',8,1),(42,'2025-04-02 22:54:34.052616','2','Dr. Margaret Mwale-Mkandawire - Vice President',2,'[{\"changed\": {\"fields\": [\"Description\"]}}]',8,1),(43,'2025-04-02 23:05:30.304267','1','Dr. Annie Musonda-Mubanga - President',2,'[{\"changed\": {\"fields\": [\"Description\"]}}]',8,1),(44,'2025-04-02 23:15:28.630280','1','Dr. Annie Musonda-Mubanga - President',2,'[{\"changed\": {\"fields\": [\"LinkedIn Profile URL\"]}}]',8,1),(45,'2025-04-02 23:33:56.931022','6','Dr. Pauline Monde Cheelo - Publicity Secretary',1,'[{\"added\": {}}]',8,1),(46,'2025-04-02 23:48:03.791813','7','Ms. Grace Kabwe M. - Left Committee Member',1,'[{\"added\": {}}]',8,1),(47,'2025-04-02 23:49:42.947756','6','Dr. Pauline Monde Cheelo - Publicity Secretary',2,'[{\"changed\": {\"fields\": [\"Order\"]}}]',8,1),(48,'2025-04-02 23:49:42.949273','7','Ms. Grace Kabwe M. - Left Committee Member',2,'[{\"changed\": {\"fields\": [\"Order\"]}}]',8,1),(49,'2025-04-02 23:58:55.170528','8','Vacant - Internal Auditor',1,'[{\"added\": {}}]',8,1),(50,'2025-04-02 23:59:17.303434','8','Vacant - Internal Auditor',2,'[{\"changed\": {\"fields\": [\"Order\"]}}]',8,1),(51,'2025-04-03 00:07:20.710426','9','Vacant - Right Committee Member',1,'[{\"added\": {}}]',8,1),(52,'2025-04-03 00:08:57.883366','10','Vacant - Right Committee Member',1,'[{\"added\": {}}]',8,1),(53,'2025-04-03 00:10:23.996619','10','Vacant - Right Committee Member',3,'',8,1),(54,'2025-04-03 00:11:41.771132','9','Vacant - Right Committee Member',2,'[{\"changed\": {\"fields\": [\"Order\"]}}]',8,1),(55,'2025-04-03 00:11:41.773656','8','Vacant - Internal Auditor',2,'[{\"changed\": {\"fields\": [\"Order\"]}}]',8,1),(56,'2025-04-03 00:11:41.775785','7','Ms. Grace Kabwe M. - Left Committee Member',2,'[{\"changed\": {\"fields\": [\"Order\"]}}]',8,1),(57,'2025-04-03 00:27:23.922546','11','Dr. Eunice S. N. Imasiku - Ex-Officio (Advisory Role by Immediate Past President)',1,'[{\"added\": {}}]',8,1),(58,'2025-04-03 00:28:02.366257','11','Dr. Eunice S. N. Imasiku - Ex-Officio (Advisory Role by Immediate Past President)',2,'[{\"changed\": {\"fields\": [\"Order\"]}}]',8,1),(59,'2025-04-03 00:40:56.765744','3','University of Zambia',1,'[{\"added\": {}}]',9,1),(60,'2025-04-03 00:41:47.151881','1','NGOCC',2,'[{\"changed\": {\"fields\": [\"Order\"]}}]',9,1),(61,'2025-04-03 00:41:47.153211','3','University of Zambia',2,'[{\"changed\": {\"fields\": [\"Order\"]}}]',9,1),(62,'2025-04-03 01:09:24.664646','12','Professor Wilma  S. Nchito - Local Arrangements Committee (LAC) Chairperson: 35th GWI Triennium General Assembly and Conference',1,'[{\"added\": {}}]',8,1),(63,'2025-04-03 01:10:11.259687','12','Professor Wilma  S. Nchito - Local Arrangements Committee (LAC) Chairperson: 35th GWI Triennium General Assembly and Conference',2,'[{\"changed\": {\"fields\": [\"Order\"]}}]',8,1),(64,'2025-04-03 01:16:53.411411','13','Ms. Tiwonge Mbale-Zyambo - Projects and Outreach Committee Chairperson',1,'[{\"added\": {}}]',8,1),(65,'2025-04-03 01:17:12.357676','13','Ms. Tiwonge Mbale-Zyambo - Projects and Outreach Committee Chairperson',2,'[{\"changed\": {\"fields\": [\"Order\"]}}]',8,1),(66,'2025-04-03 01:19:04.334517','7','Ms. Grace Kabwe M. - Left Board Committee Member',2,'[{\"changed\": {\"fields\": [\"Title\"]}}]',8,1),(67,'2025-04-03 01:19:34.825920','9','Vacant - Right Board Committee Member',2,'[{\"changed\": {\"fields\": [\"Title\"]}}]',8,1),(68,'2025-04-03 01:24:22.579774','14','Dr. Judith L. Ilubala-Ziwa - 4.	Finance and Resource Mobilisation Committee Chairperson',1,'[{\"added\": {}}]',8,1),(69,'2025-04-03 01:24:50.340391','14','Dr. Judith L. Ilubala-Ziwa - 4.	Finance and Resource Mobilisation Committee Chairperson',2,'[{\"changed\": {\"fields\": [\"Order\"]}}]',8,1),(70,'2025-04-03 01:24:50.342707','13','Ms. Tiwonge Mbale-Zyambo - Projects and Outreach Committee Chairperson',2,'[{\"changed\": {\"fields\": [\"Order\"]}}]',8,1),(71,'2025-04-03 01:29:49.245223','15','Prof Anne Sikwibele - Programs, Training and Mentorship Committee Chairperson',1,'[{\"added\": {}}]',8,1),(72,'2025-04-03 01:30:23.905534','15','Prof Anne Sikwibele - Programs, Training and Mentorship Committee Chairperson',2,'[{\"changed\": {\"fields\": [\"Order\"]}}]',8,1),(73,'2025-04-03 01:30:23.907041','14','Dr. Judith L. Ilubala-Ziwa - 4.	Finance and Resource Mobilisation Committee Chairperson',2,'[{\"changed\": {\"fields\": [\"Order\"]}}]',8,1),(74,'2025-04-03 01:30:23.908599','13','Ms. Tiwonge Mbale-Zyambo - Projects and Outreach Committee Chairperson',2,'[{\"changed\": {\"fields\": [\"Order\"]}}]',8,1),(75,'2025-04-03 01:30:53.365730','14','Dr. Judith L. Ilubala-Ziwa - nance and Resource Mobilisation Committee Chairperson',2,'[{\"changed\": {\"fields\": [\"Title\"]}}]',8,1),(76,'2025-04-03 01:32:38.513540','15','Prof Anne Sikwibele - Programs, Training and Mentorship Committee Chairperson',2,'[{\"changed\": {\"fields\": [\"Order\"]}}]',8,1),(77,'2025-04-03 01:32:38.515479','14','Dr. Judith L. Ilubala-Ziwa - nance and Resource Mobilisation Committee Chairperson',2,'[{\"changed\": {\"fields\": [\"Order\"]}}]',8,1),(78,'2025-04-03 01:32:56.235346','14','Dr. Judith L. Ilubala-Ziwa - nance and Resource Mobilisation Committee Chairperson',2,'[{\"changed\": {\"fields\": [\"Order\"]}}]',8,1),(79,'2025-04-03 01:33:20.066522','14','Dr. Judith L. Ilubala-Ziwa - Finance and Resource Mobilisation Committee Chairperson',2,'[{\"changed\": {\"fields\": [\"Title\"]}}]',8,1),(80,'2025-04-03 01:36:18.310572','16','Vacant - Authorship, Ethics and Editorial Committee',1,'[{\"added\": {}}]',8,1),(81,'2025-04-03 01:37:02.303043','16','Vacant - Authorship, Ethics and Editorial Committee',2,'[{\"changed\": {\"fields\": [\"Order\"]}}]',8,1),(82,'2025-04-03 01:37:27.935508','16','Vacant - Authorship, Ethics and Editorial Committee Chairperson',2,'[{\"changed\": {\"fields\": [\"Title\"]}}]',8,1),(83,'2025-04-03 01:41:30.706177','17','Ms. Keliness Kawonga - Media and Marketing Committee Chairperson',1,'[{\"added\": {}}]',8,1),(84,'2025-04-03 01:45:26.962509','18','Dr. Rebecca Kayumba-Piyo - Logistics and Operations Committee Chairperson',1,'[{\"added\": {}}]',8,1),(85,'2025-04-03 01:45:46.617274','18','Dr. Rebecca Kayumba-Piyo - Logistics and Operations Committee Chairperson',2,'[{\"changed\": {\"fields\": [\"Order\"]}}]',8,1),(86,'2025-04-03 01:51:52.644569','19','Ms. Patricia Mbulo - Conference Registrations Coordinator',1,'[{\"added\": {}}]',8,1),(87,'2025-04-03 01:52:34.407322','17','Ms. Keliness Kawonga - Media and Marketing Committee Chairperson',2,'[{\"changed\": {\"fields\": [\"Order\"]}}]',8,1),(88,'2025-04-03 01:52:34.409507','19','Ms. Patricia Mbulo - Conference Registrations Coordinator',2,'[{\"changed\": {\"fields\": [\"Order\"]}}]',8,1),(89,'2025-04-03 01:53:03.633491','18','Dr. Rebecca Kayumba-Piyo - Logistics and Operations Committee Chairperson',2,'[{\"changed\": {\"fields\": [\"Order\"]}}]',8,1),(90,'2025-04-03 01:53:03.635039','17','Ms. Keliness Kawonga - Media and Marketing Committee Chairperson',2,'[{\"changed\": {\"fields\": [\"Order\"]}}]',8,1),(91,'2025-04-03 01:53:03.636382','19','Ms. Patricia Mbulo - Conference Registrations Coordinator',2,'[{\"changed\": {\"fields\": [\"Order\"]}}]',8,1),(92,'2025-04-03 02:05:42.000292','20','Dr Sylvia B. Mwansa - FUNDRAISING INITIATIVES MANAGER',1,'[{\"added\": {}}]',8,1),(93,'2025-04-03 02:05:43.852081','21','Dr Sylvia B. Mwansa - FUNDRAISING INITIATIVES MANAGER',1,'[{\"added\": {}}]',8,1),(94,'2025-04-03 02:06:39.298045','20','Dr Sylvia B. Mwansa - Fundraising Initiatives Manager',2,'[{\"changed\": {\"fields\": [\"Title\"]}}]',8,1),(95,'2025-04-03 02:06:55.650230','21','Dr Sylvia B. Mwansa - FUNDRAISING INITIATIVES MANAGER',3,'',8,1),(96,'2025-04-03 02:07:24.044371','20','Dr Sylvia B. Mwansa - Fundraising Initiatives Manager',2,'[{\"changed\": {\"fields\": [\"Order\"]}}]',8,1),(97,'2025-04-03 02:07:24.045999','19','Ms. Patricia Mbulo - Conference Registrations Coordinator',2,'[{\"changed\": {\"fields\": [\"Order\"]}}]',8,1),(98,'2025-04-03 02:12:47.901603','22','Dr. Nelly Mwale - Brand and Print Manager',1,'[{\"added\": {}}]',8,1),(99,'2025-04-03 02:13:15.409770','22','Dr. Nelly Mwale - Brand and Print Manager',2,'[{\"changed\": {\"fields\": [\"Order\"]}}]',8,1),(100,'2025-04-03 02:36:37.066797','23','Dr Euphrasia Ng’andwe - Sponsorship and Partners Manager',1,'[{\"added\": {}}]',8,1),(101,'2025-04-03 02:44:53.753280','24','Ms. Nyondwa Zulu - Media Manager',1,'[{\"added\": {}}]',8,1),(102,'2025-04-03 02:53:41.687233','25','Ms. Nyondwa Zulu - Scholarships Cooridnator',1,'[{\"added\": {}}]',8,1),(103,'2025-04-03 02:54:08.066407','25','Ms. Nyondwa Zulu - Scholarships Coordinator',2,'[{\"changed\": {\"fields\": [\"Title\"]}}]',8,1),(104,'2025-04-03 02:54:37.945420','24','Ms. Nyondwa Zulu - Media Manager',3,'',8,1),(105,'2025-04-03 02:56:14.856627','23','Dr Euphrasia Ng’andwe - Sponsorship and Partners Manager',2,'[{\"changed\": {\"fields\": [\"Order\"]}}]',8,1),(106,'2025-04-03 02:56:14.858093','25','Ms. Nyondwa Zulu - Scholarships Coordinator',2,'[{\"changed\": {\"fields\": [\"Order\"]}}]',8,1),(107,'2025-04-03 02:56:14.859557','20','Dr Sylvia B. Mwansa - Fundraising Initiatives Manager',2,'[{\"changed\": {\"fields\": [\"Order\"]}}]',8,1),(108,'2025-04-03 02:56:14.860930','19','Ms. Patricia Mbulo - Conference Registrations Coordinator',2,'[{\"changed\": {\"fields\": [\"Order\"]}}]',8,1),(109,'2025-04-03 02:56:14.862323','22','Dr. Nelly Mwale - Brand and Print Manager',2,'[{\"changed\": {\"fields\": [\"Order\"]}}]',8,1),(110,'2025-04-03 02:56:57.076297','19','Ms. Patricia Mbulo - Membership Registrations Coordinator',2,'[{\"changed\": {\"fields\": [\"Title\"]}}]',8,1),(111,'2025-04-03 02:59:09.740843','23','Dr Euphrasia Ng’andwe - Sponsorship and Partners Manager',2,'[{\"changed\": {\"fields\": [\"Order\"]}}]',8,1),(112,'2025-04-03 02:59:09.742381','20','Dr Sylvia B. Mwansa - Fundraising Initiatives Manager',2,'[{\"changed\": {\"fields\": [\"Order\"]}}]',8,1),(113,'2025-04-03 02:59:09.743802','25','Ms. Nyondwa Zulu - Scholarships Coordinator',2,'[{\"changed\": {\"fields\": [\"Order\"]}}]',8,1),(114,'2025-04-03 02:59:09.745175','19','Ms. Patricia Mbulo - Membership Registrations Coordinator',2,'[{\"changed\": {\"fields\": [\"Order\"]}}]',8,1),(115,'2025-04-03 02:59:09.746548','22','Dr. Nelly Mwale - Brand and Print Manager',2,'[{\"changed\": {\"fields\": [\"Order\"]}}]',8,1),(116,'2025-04-03 03:09:14.859541','26','Dr. Bibian Kalinde - Entertainment and Recreation Manager',1,'[{\"added\": {}}]',8,1),(117,'2025-04-03 03:09:39.418348','26','Dr. Bibian Kalinde - Entertainment and Recreation Coordinator',2,'[{\"changed\": {\"fields\": [\"Title\"]}}]',8,1),(118,'2025-04-03 03:10:09.476618','26','Dr. Bibian Kalinde - Entertainment and Recreation Coordinator',2,'[{\"changed\": {\"fields\": [\"Order\"]}}]',8,1),(119,'2025-04-03 03:15:14.367275','27','Vacant - Procurement Manager',1,'[{\"added\": {}}]',8,1),(120,'2025-04-03 03:15:41.567055','27','Vacant - Procurement Manager',2,'[{\"changed\": {\"fields\": [\"Order\"]}}]',8,1),(121,'2025-04-03 03:17:12.562761','23','Dr Euphrasia Ng’andwe - Grants, Sponsorship and Partners Coordinator',2,'[{\"changed\": {\"fields\": [\"Title\"]}}]',8,1),(122,'2025-04-03 03:18:28.531433','20','Dr Sylvia B. Mwansa - Fundraising Initiatives Coordinator',2,'[{\"changed\": {\"fields\": [\"Title\"]}}]',8,1),(123,'2025-04-03 03:25:05.174177','28','Dr. Pilira Tembo-Chirwa - Interns and Volunteers Coordinator',1,'[{\"added\": {}}]',8,1),(124,'2025-04-03 03:27:56.646215','28','Dr. Pilira Tembo-Chirwa - Interns and Volunteers Coordinator',2,'[{\"changed\": {\"fields\": [\"Order\"]}}]',8,1),(125,'2025-04-03 03:27:56.647609','25','Ms. Nyondwa Zulu - Scholarships Coordinator',2,'[{\"changed\": {\"fields\": [\"Order\"]}}]',8,1),(126,'2025-04-03 03:28:57.396329','19','Ms. Patricia Mbulo - Membership Registrations Coordinator',2,'[{\"changed\": {\"fields\": [\"Image\"]}}]',8,1),(127,'2025-04-03 03:42:44.542517','1','Graduate Women International (GWI) 35th Triennial General Assembly & Conference',1,'[{\"added\": {}}]',13,1),(128,'2025-04-03 03:56:18.724794','29','Ms. Peggy Chewe-Zulu - SAFETY & FIRST AID COORDINATOR',1,'[{\"added\": {}}]',8,1),(129,'2025-04-03 03:56:29.994079','30','Ms. Peggy Chewe-Zulu - SAFETY & FIRST AID COORDINATOR',1,'[{\"added\": {}}]',8,1),(130,'2025-04-03 03:58:01.570544','29','Ms. Peggy Chewe-Zulu - SAFETY & FIRST AID COORDINATOR',3,'',8,1),(131,'2025-04-03 03:58:41.011012','30','Ms. Peggy Chewe-Zulu - SAFETY & FIRST AID COORDINATOR',2,'[{\"changed\": {\"fields\": [\"Order\"]}}]',8,1),(132,'2025-04-03 04:02:53.394397','11','Dr. Eunice S. N. Imasiku - Chief Editor and Board Ex-Officio (Immediate Past President)',2,'[{\"changed\": {\"fields\": [\"Title\"]}}]',8,1),(133,'2025-04-03 04:09:24.270179','4','Zambia Research and Development Centre (ZRDC)',1,'[{\"added\": {}}]',9,1),(134,'2025-04-03 04:10:30.906282','2','NED',2,'[{\"changed\": {\"fields\": [\"Order\"]}}]',9,1),(135,'2025-04-03 04:10:30.908277','4','Zambia Research and Development Centre (ZRDC)',2,'[{\"changed\": {\"fields\": [\"Order\"]}}]',9,1),(136,'2025-04-03 04:10:30.910261','1','NGOCC',2,'[{\"changed\": {\"fields\": [\"Order\"]}}]',9,1),(137,'2025-04-03 04:15:49.582315','5','Graduate Women International (GWI)',1,'[{\"added\": {}}]',9,1),(138,'2025-04-03 04:16:01.799922','5','Graduate Women International (GWI)',2,'[{\"changed\": {\"fields\": [\"Order\"]}}]',9,1),(139,'2025-04-03 04:17:51.247458','12','Professor Wilma  S. Nchito - Local Arrangements Committee (LAC) Chairperson: 35th GWI General Assembly and Conference',2,'[{\"changed\": {\"fields\": [\"Title\"]}}]',8,1),(140,'2025-04-03 04:19:37.398290','15','Professor Anne Sikwibele - Programs, Training and Mentorship Committee Chairperson',2,'[{\"changed\": {\"fields\": [\"Name\"]}}]',8,1),(141,'2025-04-03 14:57:13.313983','1','NGOCC',2,'[{\"changed\": {\"fields\": [\"Website\"]}}]',9,1),(142,'2025-04-03 21:40:00.980432','30','Ms. Peggy Chewe-Zulu - Safety & First Aid Coordinator',2,'[{\"changed\": {\"fields\": [\"Title\"]}}]',8,1),(143,'2025-04-03 21:40:53.441833','19','Ms. Patricia Mbulo - Membership Registrations Manager',2,'[{\"changed\": {\"fields\": [\"Title\"]}}]',8,1),(144,'2025-04-03 21:54:26.935089','19','Ms. Patricia Mbulo - Membership Registrations Coordinator',2,'[{\"changed\": {\"fields\": [\"Title\"]}}]',8,1),(145,'2025-04-03 22:27:17.117731','3','GWZ LOGO',1,'[{\"added\": {}}]',7,1),(146,'2025-04-03 22:42:00.574333','1','GWZ Public Engagements',1,'[{\"added\": {}}]',14,1),(147,'2025-04-03 22:47:28.096283','2','We Facilitate Scholarships',2,'[{\"changed\": {\"fields\": [\"Subtitle\", \"Image\"]}}]',7,1),(148,'2025-04-03 22:51:20.790479','1','Empowering Women Through Education',2,'[{\"changed\": {\"fields\": [\"Image\"]}}]',7,1),(149,'2025-04-03 22:58:16.171488','1','Empowering Women Through Education',2,'[{\"changed\": {\"fields\": [\"Image\"]}}]',7,1),(150,'2025-04-03 22:58:23.470253','1','Empowering Women Through Education',2,'[]',7,1),(151,'2025-04-03 23:03:12.045360','1','Empowering Women Through Education',2,'[{\"changed\": {\"fields\": [\"Image\"]}}]',7,1),(152,'2025-04-04 06:28:28.700185','11','Dr. Eunice S. N. Imasiku - Board Ex-Officio (Immediate Past President)',2,'[{\"changed\": {\"fields\": [\"Title\"]}}]',8,1),(153,'2025-04-04 06:48:35.286535','31','Vacant - Chief Editor: GWZ Multidisciplinary International Journal Research and Innovation (GWZ-MIJRI)',1,'[{\"added\": {}}]',8,1),(154,'2025-04-04 07:13:42.486109','31','Vacant - Chief Editor: GWZ Multidisciplinary International Journal Research and Innovation (GWZ-MIJRI)',3,'',8,1),(155,'2025-04-04 08:17:01.761761','1','Board Of Officers',1,'[{\"added\": {}}]',19,1),(156,'2025-04-04 08:17:53.509879','2','Board Of Trustees',1,'[{\"added\": {}}]',19,1),(157,'2025-04-04 08:17:59.910123','2','Board Of Trustees',2,'[{\"changed\": {\"fields\": [\"Order\"]}}]',19,1),(158,'2025-04-04 08:18:42.473369','1','Dr. Annie Musonda-Mubanga - President',2,'[{\"changed\": {\"fields\": [\"Category\"]}}]',8,1),(159,'2025-04-04 08:18:50.089067','2','Dr. Margaret Mwale-Mkandawire - Vice President',2,'[{\"changed\": {\"fields\": [\"Category\"]}}]',8,1),(160,'2025-04-04 08:19:20.175709','3','Ms. Dorica Lungu-Sakala - Board Secretary',2,'[{\"changed\": {\"fields\": [\"Category\"]}}]',8,1),(161,'2025-04-04 08:23:49.071326','5','Dr Pamela Chirwa-Banda - Treasurer',2,'[{\"changed\": {\"fields\": [\"Category\"]}}]',8,1),(162,'2025-04-04 08:24:10.155745','4','Dr. Charity Meki-Kombe - CIR (Coordinator of International Relations)',2,'[{\"changed\": {\"fields\": [\"Order\"]}}]',8,1),(163,'2025-04-04 08:24:10.157383','5','Dr Pamela Chirwa-Banda - Treasurer',2,'[{\"changed\": {\"fields\": [\"Order\"]}}]',8,1),(164,'2025-04-04 08:24:36.434601','4','Dr. Charity Meki-Kombe - CIR (Coordinator of International Relations)',2,'[{\"changed\": {\"fields\": [\"Category\"]}}]',8,1),(165,'2025-04-04 08:48:03.474187','6','Dr. Pauline Monde Cheelo - Publicity Secretary',2,'[{\"changed\": {\"fields\": [\"Category\"]}}]',8,1),(166,'2025-04-04 10:25:08.029518','3','Board Of Officers - Standing Committees',1,'[{\"added\": {}}]',19,1),(167,'2025-04-04 16:22:19.031215','6','Pauline Monde Cheelo - Dr.',2,'[{\"changed\": {\"fields\": [\"Name\", \"Title\", \"Role\", \"Description\"]}}]',8,1),(168,'2025-04-04 16:29:13.596874','6','Dr. Pauline Monde Cheelo - Publicity Secretary',2,'[{\"changed\": {\"fields\": [\"Name\", \"Title\", \"Role\", \"Description\"]}}]',8,1),(169,'2025-04-04 16:29:37.518316','6','Dr. Pauline Monde Cheelo - Publicity Secretary',2,'[{\"changed\": {\"fields\": [\"Description\", \"Category\"]}}]',8,1),(170,'2025-04-04 16:49:41.595605','4','Hub of Academics and Practitioners',1,'[{\"added\": {}}]',7,1),(171,'2025-04-04 16:55:19.702079','5','Collaboration with Our Partners is Key',1,'[{\"added\": {}}]',7,1),(172,'2025-04-04 16:56:27.350739','5','Collaboration with Our Partners is Key',2,'[{\"changed\": {\"fields\": [\"Order\"]}}]',7,1),(173,'2025-04-04 16:56:27.352286','4','Hub of Academics and Practitioners',2,'[{\"changed\": {\"fields\": [\"Order\"]}}]',7,1),(174,'2025-04-04 16:56:27.353667','3','GWZ LOGO',2,'[{\"changed\": {\"fields\": [\"Order\"]}}]',7,1),(175,'2025-04-04 16:56:27.355186','2','We Facilitate Scholarships',2,'[{\"changed\": {\"fields\": [\"Order\"]}}]',7,1),(176,'2025-04-04 16:56:27.356607','1','Empowering Women Through Education',2,'[{\"changed\": {\"fields\": [\"Order\"]}}]',7,1),(177,'2025-04-04 17:17:36.042196','6','Our Leadership',1,'[{\"added\": {}}]',7,1),(178,'2025-04-04 17:17:51.355471','6','Our Leadership',2,'[{\"changed\": {\"fields\": [\"Order\"]}}]',7,1),(179,'2025-04-04 17:22:02.379237','6','Our Leadership',2,'[{\"changed\": {\"fields\": [\"Image\"]}}]',7,1),(180,'2025-04-04 17:26:46.862595','6','Our Leadership',2,'[{\"changed\": {\"fields\": [\"Image\"]}}]',7,1),(181,'2025-04-04 17:35:05.332979','6','Our Leaders',2,'[{\"changed\": {\"fields\": [\"Title\", \"Subtitle\"]}}]',7,1),(182,'2025-04-04 17:39:39.450286','6','Our Leaders',2,'[{\"changed\": {\"fields\": [\"Subtitle\", \"Image\"]}}]',7,1),(183,'2025-04-04 17:42:34.271680','6','Our Leaders',2,'[{\"changed\": {\"fields\": [\"Image\"]}}]',7,1),(184,'2025-04-04 17:52:41.102168','7','We are a Team',1,'[{\"added\": {}}]',7,1),(185,'2025-04-04 17:53:48.185288','7','We are a Team',2,'[{\"changed\": {\"fields\": [\"Order\"]}}]',7,1),(186,'2025-04-04 17:53:48.186866','4','Hub of Academics and Practitioners',2,'[{\"changed\": {\"fields\": [\"Order\"]}}]',7,1),(187,'2025-04-04 17:53:48.188270','5','Collaboration with Our Partners is Key',2,'[{\"changed\": {\"fields\": [\"Order\"]}}]',7,1),(188,'2025-04-04 17:57:03.138508','7','We are a Team',2,'[{\"changed\": {\"fields\": [\"Image\"]}}]',7,1),(189,'2025-04-04 18:00:58.585136','7','We are a Team',2,'[{\"changed\": {\"fields\": [\"Image\"]}}]',7,1),(190,'2025-04-04 19:00:20.086254','8','Recognition and Awards',1,'[{\"added\": {}}]',7,1),(191,'2025-04-04 19:02:50.830635','8','Recognition and Awards',2,'[{\"changed\": {\"fields\": [\"Order\"]}}]',7,1),(192,'2025-04-04 19:02:50.832834','2','We Facilitate Scholarships',2,'[{\"changed\": {\"fields\": [\"Order\"]}}]',7,1),(193,'2025-04-04 19:02:50.834856','1','Empowering Women Through Education',2,'[{\"changed\": {\"fields\": [\"Order\"]}}]',7,1),(194,'2025-04-04 19:02:50.836623','4','Hub of Academics and Practitioners',2,'[{\"changed\": {\"fields\": [\"Order\"]}}]',7,1),(195,'2025-04-04 19:02:50.838949','6','Our Leaders',2,'[{\"changed\": {\"fields\": [\"Order\"]}}]',7,1),(196,'2025-04-04 19:08:40.922452','3','GWZ LOGO',2,'[{\"changed\": {\"fields\": [\"Image\"]}}]',7,1),(197,'2025-04-04 19:24:05.267474','9','Hosting High-Impact Premier Events',1,'[{\"added\": {}}]',7,1),(198,'2025-04-04 19:31:49.548669','9','Hosting High-Impact Premier Events',2,'[{\"changed\": {\"fields\": [\"Subtitle\", \"Image\"]}}]',7,1),(199,'2025-04-04 19:36:49.446247','8','Recognition and Awards',2,'[{\"changed\": {\"fields\": [\"Subtitle\"]}}]',7,1),(200,'2025-04-04 19:36:56.672340','8','Recognition and Awards',2,'[]',7,1),(201,'2025-04-04 19:37:36.145169','9','Hosting High-Impact Premier Events',2,'[{\"changed\": {\"fields\": [\"Order\"]}}]',7,1),(202,'2025-04-04 19:37:36.146945','3','GWZ LOGO',2,'[{\"changed\": {\"fields\": [\"Order\"]}}]',7,1),(203,'2025-04-04 20:01:51.388972','8','Recognition and Awards',2,'[{\"changed\": {\"fields\": [\"Subtitle\", \"Image\"]}}]',7,1),(204,'2025-04-04 20:11:41.507057','8','Recognition and Awards',2,'[{\"changed\": {\"fields\": [\"Subtitle\", \"Image\"]}}]',7,1),(205,'2025-04-04 20:13:33.715523','8','Recognition and Awards',2,'[{\"changed\": {\"fields\": [\"Subtitle\"]}}]',7,1),(206,'2025-04-04 20:17:22.934584','8','Recognition and Awards',2,'[{\"changed\": {\"fields\": [\"Subtitle\"]}}]',7,1),(207,'2025-04-04 20:23:53.601519','5','Collaboration with Our Partners is Key',2,'[{\"changed\": {\"fields\": [\"Image\"]}}]',7,1),(208,'2025-04-04 20:31:35.599220','10','Career Guidance and Mentorship',1,'[{\"added\": {}}]',7,1),(209,'2025-04-04 21:32:51.411199','2','We Facilitate Scholarships',2,'[{\"changed\": {\"fields\": [\"Subtitle\", \"Image\"]}}]',7,1),(210,'2025-04-04 21:47:58.066906','10','Career Guidance and Mentorship',2,'[{\"changed\": {\"fields\": [\"Image\"]}}]',7,1),(211,'2025-04-04 21:52:11.584747','8','Recognition and Awards',2,'[{\"changed\": {\"fields\": [\"Image\"]}}]',7,1),(212,'2025-04-04 22:00:16.996520','2','We Facilitate Scholarships',2,'[{\"changed\": {\"fields\": [\"Subtitle\"]}}]',7,1),(213,'2025-04-04 22:04:01.982580','2','We Facilitate Scholarships',2,'[{\"changed\": {\"fields\": [\"Subtitle\"]}}]',7,1),(214,'2025-04-04 22:09:43.480825','2','We Facilitate Scholarships',2,'[{\"changed\": {\"fields\": [\"Subtitle\"]}}]',7,1),(215,'2025-04-04 22:11:46.923934','10','Career Guidance and Mentorship',2,'[]',7,1),(216,'2025-04-04 22:13:00.482418','10','Career Guidance and Mentorship',2,'[]',7,1),(217,'2025-04-04 22:13:41.520340','3','Board Of Officers - Standing Committees',2,'[{\"changed\": {\"fields\": [\"Order\"]}}]',19,1),(218,'2025-04-04 22:14:57.496210','1','Board Of Officers',2,'[{\"changed\": {\"fields\": [\"Order\"]}}]',19,1),(219,'2025-04-04 22:14:57.497944','2','Board Of Trustees',2,'[{\"changed\": {\"fields\": [\"Order\"]}}]',19,1),(220,'2025-04-04 22:17:50.037006','7','Ms. Grace Kabwe M. - Left Board Committee Member',2,'[{\"changed\": {\"fields\": [\"Category\"]}}]',8,1),(221,'2025-04-04 22:18:23.033023','11','Dr. Eunice S. N. Imasiku - Board Ex-Officio (Immediate Past President)',2,'[{\"changed\": {\"fields\": [\"Category\"]}}]',8,1),(222,'2025-04-04 22:18:55.630614','8','Vacant - Internal Auditor',2,'[{\"changed\": {\"fields\": [\"Category\"]}}]',8,1),(223,'2025-04-04 22:19:16.232705','9','Vacant - Right Board Committee Member',2,'[{\"changed\": {\"fields\": [\"Category\"]}}]',8,1),(224,'2025-04-04 22:19:57.608940','14','Dr. Judith L. Ilubala-Ziwa - Finance and Resource Mobilisation Committee Chairperson',2,'[{\"changed\": {\"fields\": [\"Category\"]}}]',8,1),(225,'2025-04-04 22:20:32.511235','17','Ms. Keliness Kawonga - Media and Marketing Committee Chairperson',2,'[{\"changed\": {\"fields\": [\"Category\"]}}]',8,1),(226,'2025-04-04 22:20:50.226202','15','Professor Anne Sikwibele - Programs, Training and Mentorship Committee Chairperson',2,'[{\"changed\": {\"fields\": [\"Category\"]}}]',8,1),(227,'2025-04-04 22:21:09.402505','13','Ms. Tiwonge Mbale-Zyambo - Projects and Outreach Committee Chairperson',2,'[{\"changed\": {\"fields\": [\"Category\"]}}]',8,1),(228,'2025-04-04 22:21:46.605674','16','Dr. Rose Chikopela - Authorship, Ethics and Editorial Committee Chairperson',2,'[{\"changed\": {\"fields\": [\"Name\"]}}]',8,1),(229,'2025-04-04 22:22:16.559278','16','Dr. Rose Chikopela - Authorship, Ethics and Editorial Committee Chairperson',2,'[{\"changed\": {\"fields\": [\"Category\"]}}]',8,1),(230,'2025-04-04 22:23:43.007776','11','Dr. Eunice S. N. Imasiku - Board Ex-Officio (Immediate Past President)',2,'[{\"changed\": {\"fields\": [\"Category\"]}}]',8,1),(231,'2025-04-04 22:37:06.222218','4','Board Of Officers - Standing GWZ Committees',1,'[{\"added\": {}}]',19,1),(232,'2025-04-04 22:38:33.810171','4','Board Of Officers - Standing GWZ Committees',3,'',19,1),(233,'2025-04-04 22:41:33.452866','3','Board Of Officers - Standing GWZ Committees',2,'[{\"changed\": {\"fields\": [\"Name\", \"Description\"]}}]',19,1),(234,'2025-04-04 22:43:35.401976','14','Dr. Judith L. Ilubala-Ziwa - Resource Mobilisation Chairperson',2,'[{\"changed\": {\"fields\": [\"Title\"]}}]',8,1),(235,'2025-04-04 22:45:35.823537','3','Board Of Officers - Standing GWZ Committees',2,'[]',19,1),(236,'2025-04-04 22:46:16.838273','14','Dr. Judith L. Ilubala-Ziwa - Resource Mobilisation Chairperson',2,'[{\"changed\": {\"fields\": [\"Role\"]}}]',8,1),(237,'2025-04-04 22:47:47.473388','15','Professor Anne Sikwibele - Programs, Training and Mentorship Committee Chairperson',2,'[{\"changed\": {\"fields\": [\"Role\"]}}]',8,1),(238,'2025-04-04 22:48:20.635844','16','Dr. Rose Chikopela - Authorship, Ethics and Editorial Committee Chairperson',2,'[{\"changed\": {\"fields\": [\"Role\"]}}]',8,1),(239,'2025-04-04 22:50:09.998657','13','Ms. Tiwonge Mbale-Zyambo - Projects and Outreach Committee Chairperson',2,'[{\"changed\": {\"fields\": [\"Role\"]}}]',8,1),(240,'2025-04-04 22:50:49.328011','18','Dr. Rebecca Kayumba-Piyo - Logistics and Operations Committee Chairperson',2,'[{\"changed\": {\"fields\": [\"Role\"]}}]',8,1),(241,'2025-04-04 22:56:01.807244','6','Board Of Officers - Special GWZ Committees',1,'[{\"added\": {}}]',19,1),(242,'2025-04-04 22:56:30.077746','6','Board Of Officers - Special GWZ Committees',2,'[{\"changed\": {\"fields\": [\"Order\"]}}]',19,1),(243,'2025-04-04 22:56:30.080275','3','Board Of Officers - Standing GWZ Committees',2,'[{\"changed\": {\"fields\": [\"Order\"]}}]',19,1),(244,'2025-04-04 22:57:31.713734','2','GWZ General Assembly',2,'[{\"changed\": {\"fields\": [\"Name\"]}}]',19,1),(245,'2025-04-04 23:16:46.606513','1','Board Of Officers',2,'[{\"changed\": {\"fields\": [\"Description\"]}}]',19,1),(246,'2025-04-04 23:22:03.825151','1','Board Of Officers',2,'[{\"changed\": {\"fields\": [\"Description\"]}}]',19,1),(247,'2025-04-04 23:44:14.813695','9','GWZ General Assembly - GWZ Board of Trustees',1,'[{\"added\": {}}]',19,1),(248,'2025-04-04 23:45:31.628891','9','GWZ General Assembly - GWZ Board of Trustees',2,'[]',19,1),(249,'2025-04-04 23:46:17.664696','9','GWZ General Assembly - GWZ Board of Trustees',2,'[{\"changed\": {\"fields\": [\"Order\"]}}]',19,1),(250,'2025-04-04 23:46:17.666419','1','Board Of Officers',2,'[{\"changed\": {\"fields\": [\"Order\"]}}]',19,1),(251,'2025-04-04 23:46:17.668865','6','Board Of Officers - Special GWZ Committees',2,'[{\"changed\": {\"fields\": [\"Order\"]}}]',19,1),(252,'2025-04-04 23:47:16.124867','12','Professor Wilma  S. Nchito - Local Arrangements Committee (LAC) Chairperson: 35th GWI General Assembly and Conference',2,'[{\"changed\": {\"fields\": [\"Role\", \"Category\"]}}]',8,1),(253,'2025-04-04 23:49:02.200542','18','Dr. Rebecca Kayumba-Piyo - Logistics and Operations Committee Chairperson',2,'[{\"changed\": {\"fields\": [\"Category\"]}}]',8,1),(254,'2025-04-04 23:50:58.313590','28','Dr. Pilira Tembo-Chirwa - Interns and Volunteers Coordinator',2,'[{\"changed\": {\"fields\": [\"Role\", \"Category\"]}}]',8,1),(255,'2025-04-04 23:51:59.576109','30','Ms. Peggy Chewe-Zulu - Safety & First Aid Coordinator',2,'[{\"changed\": {\"fields\": [\"Role\", \"Category\"]}}]',8,1),(256,'2025-04-04 23:52:36.847071','26','Dr. Bibian Kalinde - Entertainment and Recreation Coordinator',2,'[{\"changed\": {\"fields\": [\"Role\", \"Category\"]}}]',8,1),(257,'2025-04-04 23:53:23.214563','19','Ms. Patricia Mbulo - Membership Registrations Coordinator',2,'[{\"changed\": {\"fields\": [\"Role\", \"Category\"]}}]',8,1),(258,'2025-04-05 00:20:20.321771','6','Board Of Officers - Special: Local Arrangements Committees of GWI 35th General Assembly and Conference',2,'[{\"changed\": {\"fields\": [\"Name\", \"Description\"]}}]',19,1),(259,'2025-04-05 00:24:28.488478','12','Professor Wilma  S. Nchito - LAC Chairperson',2,'[{\"changed\": {\"fields\": [\"Title\"]}}]',8,1),(260,'2025-04-05 08:10:51.110796','5','Graduate Women International (GWI)',2,'[{\"changed\": {\"fields\": [\"Website\", \"Logo\"]}}]',9,1),(261,'2025-04-05 08:11:35.608874','5','Graduate Women International (GWI)',2,'[{\"changed\": {\"fields\": [\"Logo\"]}}]',9,1),(262,'2025-04-05 09:02:05.809486','10','Board Of Officers - Special: Recognition and Awards Committee',1,'[{\"added\": {}}]',19,1),(263,'2025-04-05 09:05:52.828054','10','Board Of Officers - Special: Recognition and Awards Committee',2,'[{\"changed\": {\"fields\": [\"Order\"]}}]',19,1),(264,'2025-04-05 09:32:26.385380','2','General Assembly',2,'[{\"changed\": {\"fields\": [\"Name\", \"Description\"]}}]',19,1),(265,'2025-04-05 09:47:21.498948','32','December 2024 General Assembly - Held at the University of Zambia, School of Education',1,'[{\"added\": {}}]',8,1),(266,'2025-04-05 10:06:39.582234','32','December 2024 General Assembly - Held at the University of Zambia, School of Education',2,'[{\"changed\": {\"fields\": [\"Image\"]}}]',8,1),(267,'2025-04-05 10:08:03.844048','32','December 2024 General Assembly - Held at the University of Zambia, School of Education',2,'[{\"changed\": {\"fields\": [\"Image\"]}}]',8,1),(268,'2025-04-05 10:47:10.721462','32','December 2024 General Assembly - Held at the University of Zambia, School of Education',2,'[{\"changed\": {\"fields\": [\"Image\"]}}]',8,1),(269,'2025-04-05 10:49:23.761515','32','December 2024 General Assembly - Held at the University of Zambia, School of Education',2,'[{\"changed\": {\"fields\": [\"Image\"]}}]',8,1),(270,'2025-04-05 11:06:57.838673','9','General Assembly - GWZ Board of Trustees',2,'[{\"changed\": {\"fields\": [\"Description\"]}}]',19,1),(271,'2025-04-06 13:59:57.943123','1','Examples',1,'[{\"added\": {}}]',20,1),(272,'2025-04-06 14:00:24.374853','1','Example Publication',1,'[{\"added\": {}}]',21,1),(273,'2025-04-06 14:50:48.978381','10','Career Guidance and Mentorship',3,'',7,1),(274,'2025-04-06 14:50:48.984789','3','GWZ LOGO',3,'',7,1),(275,'2025-04-06 14:50:48.998607','6','Our Leaders',3,'',7,1),(276,'2025-04-06 14:50:49.000579','2','We Facilitate Scholarships',3,'',7,1),(277,'2025-04-06 14:51:12.110151','9','Hosting High-Impact Premier Events',3,'',7,1),(278,'2025-04-06 14:51:35.327759','7','We are a Team',2,'[{\"changed\": {\"fields\": [\"Order\"]}}]',7,1),(279,'2025-04-06 14:51:35.329684','1','Empowering Women Through Education',2,'[{\"changed\": {\"fields\": [\"Order\"]}}]',7,1),(280,'2025-04-06 14:51:35.331024','4','Hub of Academics and Practitioners',2,'[{\"changed\": {\"fields\": [\"Order\"]}}]',7,1),(281,'2025-04-06 14:51:35.332466','5','Collaboration with Our Partners is Key',2,'[{\"changed\": {\"fields\": [\"Order\"]}}]',7,1),(282,'2025-04-06 14:51:35.333822','8','Recognition and Awards',2,'[{\"changed\": {\"fields\": [\"Order\"]}}]',7,1),(283,'2025-04-06 14:52:04.881916','1','Empowering Women Through Education',2,'[{\"changed\": {\"fields\": [\"Button url\"]}}]',7,1),(284,'2025-04-06 18:34:24.593654','1','Example Publication',3,'',21,1),(285,'2025-04-07 08:17:17.623113','1','Examples',3,'',20,1),(286,'2025-04-08 09:16:24.575305','2','Mentorship Program',2,'[{\"changed\": {\"fields\": [\"Image\"]}}]',10,1),(287,'2025-04-08 09:17:19.283411','2','Mentorship Program',2,'[{\"changed\": {\"fields\": [\"Image\"]}}]',10,1),(288,'2025-04-08 09:17:44.424463','1','Scholarships',2,'[{\"changed\": {\"fields\": [\"Image\"]}}]',10,1),(289,'2025-04-08 09:18:21.110965','1','Scholarships',2,'[{\"changed\": {\"fields\": [\"Image\"]}}]',10,1),(290,'2025-04-08 09:18:54.385214','3','Professional Workshops',2,'[{\"changed\": {\"fields\": [\"Image\"]}}]',10,1),(291,'2025-04-08 09:19:10.553736','3','Professional Workshops',2,'[{\"changed\": {\"fields\": [\"Image\"]}}]',10,1),(292,'2025-04-08 09:22:36.807679','4','Networking Opportunities',1,'[{\"added\": {}}]',10,1),(293,'2025-04-08 09:23:42.388586','4','Networking Opportunities',2,'[{\"changed\": {\"fields\": [\"Features\"]}}]',10,1),(294,'2025-04-08 09:27:59.265154','5','Graduate Women International (GWI)',2,'[{\"changed\": {\"fields\": [\"Website\"]}}]',9,1),(295,'2025-04-08 09:28:03.955366','3','University of Zambia',2,'[]',9,1),(296,'2025-04-08 09:28:09.485295','1','NGOCC',2,'[]',9,1),(297,'2025-04-08 09:28:27.380659','4','Zambia Research and Development Centre (ZRDC)',2,'[{\"changed\": {\"fields\": [\"Website\"]}}]',9,1),(298,'2025-04-08 09:28:46.712030','2','NED',2,'[{\"changed\": {\"fields\": [\"Website\"]}}]',9,1),(299,'2025-04-08 13:00:42.782654','5','Graduate Women International (GWI)',3,'',9,1),(300,'2025-04-08 13:00:42.785874','1','NGOCC',3,'',9,1),(301,'2025-04-08 13:00:42.788340','2','NED',3,'',9,1),(302,'2025-04-09 04:21:46.001001','9','General Assembly - GWZ Board of Trustees',2,'[{\"changed\": {\"fields\": [\"Description\"]}}]',19,1),(303,'2025-04-09 04:23:00.418897','3','Board Of Officers - Standing GWZ Committees',2,'[{\"changed\": {\"fields\": [\"Order\"]}}]',19,1),(304,'2025-04-09 04:26:16.604580','11','Standing GWZ Committees - Specialised Coordinators',1,'[{\"added\": {}}]',19,1),(305,'2025-04-09 04:29:53.820803','17','Ms. Keliness Kawonga - Media and Marketing Coordinator',2,'[{\"changed\": {\"fields\": [\"Title\", \"Role\", \"Description\", \"Category\"]}}]',8,1),(306,'2025-04-09 04:31:25.823350','23','Dr Euphrasia Ng’andwe - Grants, Sponsorship and Partners Coordinator',2,'[{\"changed\": {\"fields\": [\"Role\", \"Category\"]}}]',8,1),(307,'2025-04-09 04:32:03.986986','26','Dr. Bibian Kalinde - Entertainment and Recreation Coordinator',2,'[{\"changed\": {\"fields\": [\"Category\"]}}]',8,1),(308,'2025-04-09 04:32:57.340772','20','Dr Sylvia B. Mwansa - Fundraising Initiatives Coordinator',2,'[{\"changed\": {\"fields\": [\"Role\", \"Category\"]}}]',8,1),(309,'2025-04-09 04:33:27.248576','28','Dr. Pilira Tembo-Chirwa - Interns and Volunteers Coordinator',2,'[{\"changed\": {\"fields\": [\"Category\"]}}]',8,1),(310,'2025-04-09 04:34:16.636311','25','Ms. Nyondwa Zulu - Scholarships Coordinator',2,'[{\"changed\": {\"fields\": [\"Role\", \"Category\"]}}]',8,1),(311,'2025-04-09 04:35:11.119759','22','Dr. Nelly Mwale - Brand and Print Coordinator',2,'[{\"changed\": {\"fields\": [\"Title\", \"Role\", \"Category\"]}}]',8,1),(312,'2025-04-09 04:36:43.604800','30','Ms. Peggy Chewe-Zulu - Welness, Safety & First Aid Coordinator',2,'[{\"changed\": {\"fields\": [\"Title\", \"Role\", \"Category\"]}}]',8,1),(313,'2025-04-09 04:37:34.099285','27','Vacant - Procurement Coordinator',2,'[{\"changed\": {\"fields\": [\"Title\", \"Role\", \"Category\"]}}]',8,1),(314,'2025-04-09 04:39:49.904339','10','Board Of Officers - Special: Recognition and Awards Committee',2,'[{\"changed\": {\"fields\": [\"Description\"]}}]',19,1),(315,'2025-04-09 04:40:42.180402','6','Board Of Officers - Special: Local Arrangements Committees of GWI 35th General Assembly and Conference',2,'[{\"changed\": {\"fields\": [\"Description\"]}}]',19,1),(316,'2025-04-09 04:42:05.992929','11','Standing GWZ Committees - Specialised Coordinators',2,'[{\"changed\": {\"fields\": [\"Order\"]}}]',19,1),(317,'2025-04-09 04:42:05.995387','10','Board Of Officers - Special: Recognition and Awards Committee',2,'[{\"changed\": {\"fields\": [\"Order\"]}}]',19,1),(318,'2025-04-09 04:42:05.997862','3','Board Of Officers - Standing GWZ Committees',2,'[{\"changed\": {\"fields\": [\"Order\"]}}]',19,1),(319,'2025-04-09 04:46:57.475256','10','Board Of Officers - Special: Recognition and Awards Committee',2,'[{\"changed\": {\"fields\": [\"Description\"]}}]',19,1),(320,'2025-04-09 04:47:53.782392','19','Ms. Patricia Mbulo - Membership Registrations Coordinator',2,'[{\"changed\": {\"fields\": [\"Category\"]}}]',8,1),(321,'2025-04-09 07:21:13.352399','16','Dr. Rose Chikopela - Authorship, Ethics and Editorial Committee Chairperson',2,'[{\"changed\": {\"fields\": [\"Image\"]}}]',8,1),(322,'2025-04-09 07:21:43.015459','15','Professor Anne Sikwibele - Programs, Training and Mentorship Committee Chairperson',2,'[{\"changed\": {\"fields\": [\"Image\"]}}]',8,1),(323,'2025-04-10 17:03:14.334994','1','Dr. Annie Musonda-Mubanga - President',2,'[{\"changed\": {\"fields\": [\"Description\"]}}]',8,1),(324,'2025-04-10 17:07:04.374542','2','Dr. Margaret Mwale-Mkandawire - Vice President',2,'[{\"changed\": {\"fields\": [\"Description\"]}}]',8,1),(325,'2025-04-10 17:12:07.424797','2','Dr. Margaret Mwale-Mkandawire - Vice President',2,'[{\"changed\": {\"fields\": [\"Description\"]}}]',8,1),(326,'2025-04-10 17:15:22.023902','2','Dr. Margaret Mwale-Mkandawire - Vice President',2,'[{\"changed\": {\"fields\": [\"Description\"]}}]',8,1),(327,'2025-04-10 17:22:48.007023','1','Dr. Annie Musonda-Mubanga - President',2,'[{\"changed\": {\"fields\": [\"Description\"]}}]',8,1),(328,'2025-04-10 17:31:51.930510','1','Dr. Annie Musonda-Mubanga - President',2,'[{\"changed\": {\"fields\": [\"Description\"]}}]',8,1),(329,'2025-04-10 17:33:26.811221','1','Dr. Annie Musonda-Mubanga - President',2,'[]',8,1),(330,'2025-04-10 17:33:32.620990','1','Dr. Annie Musonda-Mubanga - President',2,'[{\"changed\": {\"fields\": [\"Description\"]}}]',8,1),(331,'2025-04-10 17:38:16.015172','1','Dr. Annie Musonda-Mubanga - President',2,'[{\"changed\": {\"fields\": [\"Description\"]}}]',8,1),(332,'2025-04-10 17:49:45.562127','3','Ms. Dorica Lungu-Sakala - Board Secretary',2,'[{\"changed\": {\"fields\": [\"Description\"]}}]',8,1),(333,'2025-04-10 17:54:49.205241','5','Dr Pamela Chirwa-Banda - Treasurer',2,'[{\"changed\": {\"fields\": [\"Description\"]}}]',8,1),(334,'2025-04-10 17:59:20.900764','5','Dr Pamela Chirwa-Banda - Treasurer',2,'[{\"changed\": {\"fields\": [\"Description\"]}}]',8,1),(335,'2025-04-10 18:08:07.956223','4','Dr. Charity Meki-Kombe - CIR (Coordinator of International Relations)',2,'[{\"changed\": {\"fields\": [\"Description\"]}}]',8,1),(336,'2025-04-10 18:15:15.589531','4','Dr. Charity Meki-Kombe - CIR (Coordinator of International Relations)',2,'[{\"changed\": {\"fields\": [\"Description\"]}}]',8,1),(337,'2025-04-10 18:27:06.649603','4','Dr. Charity Meki-Kombe - CIR (Coordinator of International Relations)',2,'[{\"changed\": {\"fields\": [\"Description\"]}}]',8,1),(338,'2025-04-10 18:39:00.724206','8','Vacant - Internal Auditor',3,'',8,1),(339,'2025-04-10 19:03:43.696337','7','Ms. Grace Kabwe M. - Left Board Committee Member',2,'[{\"changed\": {\"fields\": [\"Description\"]}}]',8,1),(340,'2025-04-10 19:10:46.110141','11','Dr. Eunice S. N. Imasiku - Board Ex-Officio (Immediate Past President)',2,'[{\"changed\": {\"fields\": [\"Description\"]}}]',8,1),(341,'2025-04-10 19:16:31.438615','11','Dr. Eunice S. N. Imasiku - Board Ex-Officio (Immediate Past President)',2,'[{\"changed\": {\"fields\": [\"Description\"]}}]',8,1),(342,'2025-04-10 20:02:16.330175','12','Professor Wilma  S. Nchito - LAC Chairperson',2,'[{\"changed\": {\"fields\": [\"Description\"]}}]',8,1),(343,'2025-04-10 20:09:29.443071','9','General Assembly - GWZ Board of Trustees',2,'[{\"changed\": {\"fields\": [\"Description\"]}}]',19,1),(344,'2025-04-10 20:26:36.598435','1','Board Of Officers',2,'[{\"changed\": {\"fields\": [\"Description\"]}}]',19,1),(345,'2025-04-10 20:28:17.795897','2','General Assembly',2,'[{\"changed\": {\"fields\": [\"Description\"]}}]',19,1),(346,'2025-04-10 20:32:51.921890','10','Board Of Officers - Special: Recognition and Awards Committee',2,'[{\"changed\": {\"fields\": [\"Description\"]}}]',19,1),(347,'2025-04-10 20:39:06.597306','30','Ms. Peggy Chewe-Zulu - Childcare, Safety & First Aid Assistant Coordinator',2,'[{\"changed\": {\"fields\": [\"Title\", \"Role\", \"Category\"]}}]',8,1),(348,'2025-04-10 20:40:34.003869','17','Ms. Keliness Kawonga - Media and Marketing Coordinator',2,'[{\"changed\": {\"fields\": [\"Category\"]}}]',8,1),(349,'2025-04-10 20:41:38.577950','26','Dr. Bibian Kalinde - Entertainment and Recreation Coordinator',2,'[{\"changed\": {\"fields\": [\"Category\"]}}]',8,1),(350,'2025-04-10 20:42:46.557493','20','Dr Sylvia B. Mwansa - Fundraising Initiatives Coordinator',2,'[{\"changed\": {\"fields\": [\"Category\"]}}]',8,1),(351,'2025-04-10 20:43:57.141375','23','Dr Euphrasia Ng’andwe - Grants, Sponsorship and Partners Coordinator',2,'[{\"changed\": {\"fields\": [\"Role\", \"Category\"]}}]',8,1),(352,'2025-04-10 20:45:05.273694','28','Dr. Pilira Tembo-Chirwa - Interns and Volunteers Coordinator',2,'[{\"changed\": {\"fields\": [\"Category\"]}}]',8,1),(353,'2025-04-10 20:56:50.752681','25','Ms. Nyondwa Zulu - Scholarships Coordinator',2,'[{\"changed\": {\"fields\": [\"Category\"]}}]',8,1),(354,'2025-04-10 20:57:39.285998','22','Dr. Nelly Mwale - Brand and Print Coordinator',2,'[{\"changed\": {\"fields\": [\"Category\"]}}]',8,1),(355,'2025-04-10 20:58:22.583307','19','Ms. Patricia Mbulo - Registrations Coordinator',2,'[{\"changed\": {\"fields\": [\"Title\", \"Role\", \"Category\"]}}]',8,1),(356,'2025-04-10 20:59:38.404496','17','Ms. Keliness Kawonga - Marketing Coordinator',2,'[{\"changed\": {\"fields\": [\"Title\", \"Role\", \"Description\"]}}]',8,1),(357,'2025-04-10 21:06:34.789471','25','Ms. Nyondwa Zulu - Transport Coordinator',2,'[{\"changed\": {\"fields\": [\"Title\", \"Role\", \"Description\", \"Category\"]}}]',8,1),(358,'2025-04-10 21:07:37.960410','23','Dr Euphrasia Ng’andwe - Sponsorship and Partners Coordinator',2,'[{\"changed\": {\"fields\": [\"Title\"]}}]',8,1),(359,'2025-04-10 21:11:26.337734','12','Professor Wilma  S. Nchito - LAC Chairperson',2,'[{\"changed\": {\"fields\": [\"Role\"]}}]',8,1),(360,'2025-04-10 21:13:02.932758','22','Dr. Nelly Mwale - Brand and Print Coordinator',2,'[{\"changed\": {\"fields\": [\"Role\"]}}]',8,1),(361,'2025-04-10 21:15:13.082105','14','Dr. Judith L. Ilubala-Ziwa - Resource Mobilisation Committee Chairperson',2,'[{\"changed\": {\"fields\": [\"Title\", \"Role\"]}}]',8,1),(362,'2025-04-13 07:04:12.910188','11','Our Leaders',1,'[{\"added\": {}}]',7,1),(363,'2025-04-13 07:04:46.219329','11','Our Leaders',2,'[{\"changed\": {\"fields\": [\"Order\"]}}]',7,1),(364,'2025-04-13 07:08:50.795971','11','Our Leaders',2,'[{\"changed\": {\"fields\": [\"Image\"]}}]',7,1),(365,'2025-04-13 07:16:19.677999','11','Our Leaders',2,'[{\"changed\": {\"fields\": [\"Image\"]}}]',7,1),(366,'2025-04-13 07:24:00.778802','8','Recognition and Awards',2,'[{\"changed\": {\"fields\": [\"Subtitle\"]}}]',7,1),(367,'2025-04-13 14:23:34.544704','1','Dr. Annie Musonda-Mubanga - President',2,'[{\"changed\": {\"fields\": [\"Is active\"]}}]',8,1),(368,'2025-04-13 14:23:59.473639','1','Dr. Annie Musonda-Mubanga - President',2,'[{\"changed\": {\"fields\": [\"Is active\"]}}]',8,1),(369,'2025-04-13 14:27:26.754532','2','Girl Education',1,'[{\"added\": {}}]',14,1),(370,'2025-04-13 14:31:43.587367','1','Empowering Girls Through Education: A Brighter Future Ahead',1,'[{\"added\": {}}]',16,1),(371,'2025-04-13 14:43:29.708794','1','Empowering Girls Through Education: A Brighter Future Ahead',3,'',16,1),(372,'2025-04-13 14:47:45.690920','1','Graduate Women International (GWI) 35th Triennial General Assembly & Conference',2,'[{\"changed\": {\"fields\": [\"Registration link\"]}}]',13,1),(373,'2025-04-13 14:48:46.708567','2','Sample',1,'[{\"added\": {}}]',13,1),(374,'2025-04-13 14:49:41.847591','2','Sample',2,'[{\"changed\": {\"fields\": [\"Image\"]}}]',13,1),(375,'2025-04-13 14:54:18.083510','2','Notice',1,'[{\"added\": {}}]',20,1),(376,'2025-04-13 14:55:51.186830','2','Notice of Event Information',1,'[{\"added\": {}}]',21,1),(377,'2025-04-13 14:55:57.878634','2','Notice of Event Information',2,'[]',21,1),(378,'2025-04-13 14:56:55.907376','2','Notice of Event Information',2,'[]',21,1),(379,'2025-04-13 14:58:31.961638','3','sample',1,'[{\"added\": {}}]',20,1),(380,'2025-04-13 14:58:43.972208','3','sample',1,'[{\"added\": {}}]',21,1),(381,'2025-04-13 14:59:05.413463','4','sample2',1,'[{\"added\": {}}]',21,1),(382,'2025-04-13 14:59:32.036802','5','sample3',1,'[{\"added\": {}}]',21,1),(383,'2025-04-13 15:00:14.002529','6','sample 4',1,'[{\"added\": {}}]',21,1),(384,'2025-04-13 15:00:33.740570','7','sample 5',1,'[{\"added\": {}}]',21,1),(385,'2025-04-13 15:00:55.747903','8','sample 7',1,'[{\"added\": {}}]',21,1),(386,'2025-04-13 15:08:32.681594','4','Networking Opportunities',2,'[{\"changed\": {\"fields\": [\"Features\"]}}]',10,1),(387,'2025-04-13 15:08:53.909749','4','Networking Opportunities',2,'[{\"changed\": {\"fields\": [\"Features\"]}}]',10,1),(388,'2025-04-13 15:09:22.660738','4','Networking Opportunities',2,'[{\"changed\": {\"fields\": [\"Image\"]}}]',10,1),(389,'2025-04-13 15:09:44.024004','4','Networking Opportunities',2,'[{\"changed\": {\"fields\": [\"Image\"]}}]',10,1),(390,'2025-04-13 15:14:37.613152','1','Dr. Annie Musonda-Mubanga - President',2,'[{\"changed\": {\"fields\": [\"Twitter Profile URL\", \"Facebook Profile\", \"Instagram Profile\", \"Personal Website URL\"]}}]',8,1),(391,'2025-04-13 15:18:22.088969','14','Testing Message 2',3,'',17,1),(392,'2025-04-13 15:18:22.092636','1','Testing GWZ Contact Form',3,'',17,1),(393,'2025-04-13 15:37:02.170836','7','We are a Team',2,'[{\"changed\": {\"fields\": [\"Button text\", \"Button url\"]}}]',7,1),(394,'2025-04-13 15:38:05.507292','12','Quality Slide',1,'[{\"added\": {}}]',7,1),(395,'2025-04-13 15:38:20.998266','12','Quality Slide',2,'[{\"changed\": {\"fields\": [\"Order\"]}}]',7,1),(396,'2025-04-13 15:38:49.072228','12','Quality Slide',3,'',7,1),(397,'2025-04-15 07:13:41.006672','2','Sample',3,'',13,1),(398,'2025-04-15 07:15:22.826038','1','Dr. Annie Musonda-Mubanga - President',2,'[{\"changed\": {\"fields\": [\"Twitter Profile URL\", \"Facebook Profile\", \"Instagram Profile\", \"Personal Website URL\"]}}]',8,1),(399,'2025-04-15 07:15:55.475789','8','sample 7',3,'',21,1),(400,'2025-04-15 07:15:55.479172','7','sample 5',3,'',21,1),(401,'2025-04-15 07:15:55.481383','6','sample 4',3,'',21,1),(402,'2025-04-15 07:15:55.483718','5','sample3',3,'',21,1),(403,'2025-04-15 07:15:55.486596','4','sample2',3,'',21,1),(404,'2025-04-15 07:15:55.488771','3','sample',3,'',21,1),(405,'2025-04-15 07:15:55.491231','2','Notice of Event Information',3,'',21,1),(406,'2025-04-15 07:16:26.623806','2','Notice',3,'',20,1),(407,'2025-04-15 07:16:26.626447','3','sample',3,'',20,1),(408,'2025-04-16 06:30:45.987468','3','Lorem Ipsum',1,'[{\"added\": {}}]',13,1),(409,'2025-04-16 06:31:18.975413','3','Lorem Ipsum',2,'[{\"changed\": {\"fields\": [\"Image\"]}}]',13,1),(410,'2025-04-16 06:32:11.545361','4','Test',1,'[{\"added\": {}}]',20,1),(411,'2025-04-16 06:46:03.257445','9','Lorem Ipsum',1,'[{\"added\": {}}]',21,1),(412,'2025-04-16 08:41:13.873255','10','Where can I get some?',1,'[{\"added\": {}}]',21,1),(413,'2025-04-16 08:43:05.877574','10','Where can I get some?',3,'',21,1),(414,'2025-04-16 08:43:05.882103','9','Lorem Ipsum',3,'',21,1),(415,'2025-04-16 08:43:22.559149','4','Test',3,'',20,1),(416,'2025-04-16 08:43:41.499617','1','Donation by Patrick Mwila - 2025-04-13',3,'',18,1),(417,'2025-04-16 08:44:02.337626','3','University of Zambia',2,'[{\"changed\": {\"fields\": [\"Order\"]}}]',9,1),(418,'2025-04-16 08:44:02.339158','4','Zambia Research and Development Centre (ZRDC)',2,'[{\"changed\": {\"fields\": [\"Order\"]}}]',9,1),(419,'2025-04-16 08:53:30.653561','5','Test',1,'[{\"added\": {}}]',20,1),(420,'2025-04-16 17:23:50.499972','3','Lorem Ipsum',3,'',13,1),(421,'2025-04-17 07:08:39.686220','11','Our Leaders',3,'',7,1),(422,'2025-04-17 07:09:43.773362','1','Graduate Women International (GWI) 35th Triennial General Assembly & Conference',2,'[{\"changed\": {\"fields\": [\"Registration link\"]}}]',13,1),(423,'2025-04-17 07:10:14.174832','5','Test',3,'',20,1),(424,'2025-04-17 07:10:47.241712','2','Girl Education',3,'',14,1),(425,'2025-04-17 08:22:48.686335','7','Ms. Grace Kabwe - Mwila - Left Board Committee Member',2,'[{\"changed\": {\"fields\": [\"Name\"]}}]',8,1),(426,'2025-04-17 08:23:37.161766','7','Ms. Grace Kabwe- Mwila - Left Board Committee Member',2,'[{\"changed\": {\"fields\": [\"Name\"]}}]',8,1),(427,'2025-06-05 17:31:28.794115','45','Video Promotion for your website',3,'',17,1),(428,'2025-06-05 17:31:28.797209','44','Urgent: Toxic Links Found on graduatewomenzambia.org',3,'',17,1),(429,'2025-06-05 17:31:28.799379','43','The TubeLaunch Blueprint: Your Path to YouTube Growth',3,'',17,1),(430,'2025-06-05 17:31:28.801775','42','Collaboration Request',3,'',17,1),(431,'2025-06-05 17:31:28.804174','41','Find graduatewomenzambia.org SEO Issues totally free',3,'',17,1),(432,'2025-06-05 17:31:28.806591','40','Add graduatewomenzambia.org to Google Search Index!',3,'',17,1),(433,'2025-06-05 17:31:28.808531','38','Grow Your Website Traffic with Country-Specific Social Ads – Only $10 for 10K Visits!',3,'',17,1),(434,'2025-06-05 17:31:28.810456','37','Congratulations on Your 1st Step towards success with Graduatewomenzambia',3,'',17,1),(435,'2025-06-05 17:31:28.812479','36','Re: Increase google organic ranking & SEO',3,'',17,1),(436,'2025-06-05 17:31:28.814607','34','Semrush links for graduatewomenzambia.org',3,'',17,1),(437,'2025-06-05 17:31:28.816350','33','Re: Increase google organic ranking & SEO',3,'',17,1),(438,'2025-06-05 17:31:28.818148','32','Explainer Video for graduatewomenzambia.org',3,'',17,1),(439,'2025-06-05 17:31:28.819971','31','Re: Increase google organic ranking & SEO',3,'',17,1),(440,'2025-06-05 17:31:28.822009','30','Add AEO to your SEO strategies today !',3,'',17,1),(441,'2025-06-05 17:31:28.823763','29','Re: Increase google organic ranking & SEO',3,'',17,1),(442,'2025-06-05 17:31:28.826166','28','Noticed graduatewomenzambia.org - could we help with traffic?',3,'',17,1),(443,'2025-06-05 17:31:28.828371','27','Are you striving to bring in more customers for your business?',3,'',17,1),(444,'2025-06-05 17:31:28.830933','26','Add graduatewomenzambia.org to Google Search Index!',3,'',17,1),(445,'2025-06-05 17:31:28.833130','25','Re: Increase google organic ranking & SEO',3,'',17,1),(446,'2025-06-05 17:31:28.835751','24','DESIGN WORK',3,'',17,1),(447,'2025-06-05 17:31:28.838124','23','Video Promotion for your website',3,'',17,1),(448,'2025-06-05 17:31:28.840176','22','Re: Increase google organic ranking & SEO',3,'',17,1),(449,'2025-06-05 17:31:28.842651','21','Quick thought regarding your new site, graduatewomenzambia.org',3,'',17,1),(450,'2025-06-05 17:31:28.844497','20','YouTube Promotion: Grow your subscribers by 700-1500 each month',3,'',17,1),(451,'2025-06-05 17:31:28.846328','19','Add graduatewomenzambia.org to Google Search Index!',3,'',17,1),(452,'2025-06-05 17:31:28.848251','18','Question about your website',3,'',17,1),(453,'2025-06-05 17:31:28.850664','17','Re: Increase google organic ranking & SEO',3,'',17,1),(454,'2025-06-05 17:31:28.852465','16','Re: Increase google organic ranking & SEO',3,'',17,1),(455,'2025-06-05 17:31:28.854669','15','graduatewomenzambia.org Leads',3,'',17,1),(456,'2025-06-05 17:31:28.857969','13','Quick recommendation for graduatewomenzambia.org',3,'',17,1),(457,'2025-06-05 17:31:28.859752','12','Re: Increase traffic to your website',3,'',17,1),(458,'2025-06-05 17:31:28.861895','11','Add graduatewomenzambia.org to Google Search Index!',3,'',17,1),(459,'2025-06-05 17:31:28.863803','10','Re: Increase traffic to your webscite',3,'',17,1),(460,'2025-06-05 17:31:28.866182','9','Add graduatewomenzambia.org to Google Search Index!',3,'',17,1),(461,'2025-06-05 17:31:28.868161','8','Re: Improve your website traffic and SEO',3,'',17,1),(462,'2025-06-05 17:31:28.870562','7','Question about your website',3,'',17,1),(463,'2025-06-05 17:31:28.872455','6','Add graduatewomenzambia.org to Google Search Index!',3,'',17,1),(464,'2025-06-05 17:31:28.874142','5','Boost graduatewomenzambia.org with a Free Smart Chatbot',3,'',17,1),(465,'2025-06-05 17:31:28.875868','4','Re: Increase traffic to your website',3,'',17,1),(466,'2025-06-05 17:31:28.878099','3','Just a quick suggestion for graduatewomenzambia.org',3,'',17,1),(467,'2025-06-05 18:07:58.707482','39','Re:Partnership',2,'[]',17,1),(468,'2025-06-05 18:08:44.669885','2','donation',3,'',17,1),(469,'2025-06-05 18:11:13.543029','46','MEMBERSHIP',2,'[]',17,1),(470,'2025-06-10 12:35:09.970655','23','Dr Euphrasia Ng’andwe - Local Tours Coordinator',2,'[{\"changed\": {\"fields\": [\"Title\", \"Role\", \"Description\"]}}]',8,1),(471,'2025-06-16 10:53:22.915953','3','GWI-35th-Trennial /Lusaka 2025',1,'[{\"added\": {}}]',14,1),(472,'2025-06-16 10:54:21.703270','1','GWZ international affairs',1,'[{\"added\": {}}]',15,1),(473,'2025-06-16 11:03:26.400589','2','Radio Bloomsbury Special Bridges UK-Zambia Dialogue on Gender Equality',1,'[{\"added\": {}}]',16,1),(474,'2025-06-16 11:06:09.146250','2','Radio Bloomsbury Special Bridges UK-Zambia Dialogue on Gender Equality',2,'[{\"changed\": {\"fields\": [\"Featured image\"]}}]',16,1),(475,'2025-06-17 06:07:47.053214','2','Radio Bloomsbury Special Bridges UK-Zambia Dialogue on Gender Equality',2,'[{\"changed\": {\"fields\": [\"Featured image\"]}}]',16,1),(476,'2025-06-17 06:21:00.585181','3','🚨GWZ & ZRDC Join Forces to Host Landmark GWI 35th General Assembly & Conference',1,'[{\"added\": {}}]',16,1),(477,'2025-06-17 06:21:48.215975','2','Radio Bloomsbury Special Bridges UK-Zambia Dialogue on Gender Equality',2,'[]',16,1),(478,'2025-06-17 06:23:40.178106','3','🚨GWZ & ZRDC Join Forces to Host Landmark GWI 35th General Assembly & Conference',2,'[{\"changed\": {\"fields\": [\"Featured image\"]}}]',16,1);

--
-- Table structure for table `django_content_type`
--

CREATE TABLE `django_content_type` (
  `id` int NOT NULL AUTO_INCREMENT,
  `app_label` varchar(100) NOT NULL,
  `model` varchar(100) NOT NULL,
  PRIMARY KEY (`id`),
  UNIQUE KEY `django_content_type_app_label_model_76bd3d3b_uniq` (`app_label`,`model`)
) ENGINE=InnoDB AUTO_INCREMENT=22 DEFAULT CHARSET=utf8mb4 COLLATE=utf8mb4_0900_ai_ci;

--
-- Dumping data for table `django_content_type`
--

INSERT INTO `django_content_type` VALUES (8,'about','leader'),(19,'about','leadershipcategory'),(9,'about','partner'),(1,'admin','logentry'),(3,'auth','group'),(2,'auth','permission'),(4,'auth','user'),(17,'contact','contactmessage'),(5,'contenttypes','contenttype'),(18,'donate','donation'),(13,'events','event'),(7,'home','heroslide'),(12,'membership','membership'),(16,'news','article'),(14,'news','category'),(15,'news','tag'),(10,'programs','program'),(20,'publications','category'),(21,'publications','publication'),(6,'sessions','session'),(11,'volunteer','volunteerapplication');

--
-- Table structure for table `django_migrations`
--

CREATE TABLE `django_migrations` (
  `id` bigint NOT NULL AUTO_INCREMENT,
  `app` varchar(255) NOT NULL,
  `name` varchar(255) NOT NULL,
  `applied` datetime(6) NOT NULL,
  PRIMARY KEY (`id`)
) ENGINE=InnoDB AUTO_INCREMENT=55 DEFAULT CHARSET=utf8mb4 COLLATE=utf8mb4_0900_ai_ci;

--
-- Dumping data for table `django_migrations`
--

INSERT INTO `django_migrations` VALUES (1,'about','0001_initial','2025-03-21 08:09:52.042495'),(2,'about','0002_leader_linkedin_url_leader_organization_and_more','2025-03-21 08:09:52.167757'),(3,'contenttypes','0001_initial','2025-03-21 08:09:52.201139'),(4,'auth','0001_initial','2025-03-21 08:09:52.606638'),(5,'admin','0001_initial','2025-03-21 08:09:52.708715'),(6,'admin','0002_logentry_remove_auto_add','2025-03-21 08:09:52.718872'),(7,'admin','0003_logentry_add_action_flag_choices','2025-03-21 08:09:52.727643'),(8,'contenttypes','0002_remove_content_type_name','2025-03-21 08:09:52.800454'),(9,'auth','0002_alter_permission_name_max_length','2025-03-21 08:09:52.846578'),(10,'auth','0003_alter_user_email_max_length','2025-03-21 08:09:52.868322'),(11,'auth','0004_alter_user_username_opts','2025-03-21 08:09:52.876280'),(12,'auth','0005_alter_user_last_login_null','2025-03-21 08:09:52.921624'),(13,'auth','0006_require_contenttypes_0002','2025-03-21 08:09:52.925938'),(14,'auth','0007_alter_validators_add_error_messages','2025-03-21 08:09:52.935108'),(15,'auth','0008_alter_user_username_max_length','2025-03-21 08:09:52.983203'),(16,'auth','0009_alter_user_last_name_max_length','2025-03-21 08:09:53.032298'),(17,'auth','0010_alter_group_name_max_length','2025-03-21 08:09:53.055081'),(18,'auth','0011_update_proxy_permissions','2025-03-21 08:09:53.067273'),(19,'auth','0012_alter_user_first_name_max_length','2025-03-21 08:09:53.118427'),(20,'contact','0001_initial','2025-03-21 08:09:53.136027'),(21,'donate','0001_initial','2025-03-21 08:09:53.155778'),(22,'events','0001_initial','2025-03-21 08:09:53.176176'),(23,'events','0002_alter_event_options_alter_event_event_type','2025-03-21 08:09:53.182303'),(24,'events','0003_alter_event_date_alter_event_time','2025-03-21 08:09:53.188244'),(25,'home','0001_initial','2025-03-21 08:09:53.207983'),(26,'membership','0001_initial','2025-03-21 08:09:53.245518'),(27,'membership','0002_rename_created_at_membership_application_date_and_more','2025-03-21 08:09:54.188762'),(28,'membership','0003_remove_membership_is_approved_and_more','2025-03-21 08:09:54.549615'),(29,'membership','0004_remove_membership_uniforms_delete_uniform','2025-03-21 08:09:54.581041'),(30,'membership','0005_membership_rejection_reason','2025-03-21 08:09:54.647471'),(31,'membership','0006_remove_membership_position_alter_membership_employer_and_more','2025-03-21 08:09:54.715134'),(32,'membership','0007_membership_unique_active_membership','2025-03-21 08:09:54.725582'),(33,'membership','0008_alter_membership_rejection_reason','2025-03-21 08:09:54.775223'),(34,'membership','0009_alter_membership_membership_status','2025-03-21 08:09:54.791319'),(35,'membership','0010_rename_application_date_membership_created_at_and_more','2025-03-21 08:09:55.187832'),(36,'membership','0011_membership_nrc_file_alter_membership_nrc_number','2025-03-21 08:09:55.256737'),(37,'membership','0012_membership_rejection_reason','2025-03-21 08:09:55.311683'),(38,'membership','0013_alter_membership_cv_and_more','2025-03-21 08:09:55.374207'),(39,'membership','0014_alter_membership_highest_qualification','2025-03-21 08:09:55.385124'),(40,'news','0001_initial','2025-03-21 08:09:55.723765'),(41,'programs','0001_initial','2025-03-21 08:09:55.742453'),(42,'programs','0002_alter_program_options_program_active_and_more','2025-03-21 08:09:55.873020'),(43,'sessions','0001_initial','2025-03-21 08:09:55.908200'),(44,'volunteer','0001_initial','2025-03-21 08:09:55.930732'),(45,'volunteer','0002_auto_20250319_1128','2025-03-21 08:09:55.943349'),(46,'volunteer','0003_initial','2025-03-21 08:09:55.963638'),(47,'programs','0003_alter_program_created_at','2025-03-21 10:50:20.873641'),(48,'membership','0015_membership_base_number_membership_membership_number','2025-03-29 16:01:04.910081'),(49,'about','0003_leadershipcategory_leader_category','2025-04-04 08:06:53.903679'),(50,'about','0004_leader_email_leader_facebook_url_and_more','2025-04-04 08:06:54.057271'),(51,'publications','0001_initial','2025-04-06 09:22:54.315829'),(52,'publications','0002_alter_publication_status','2025-04-06 09:22:54.324561'),(53,'events','0004_event_registration_link_event_slug','2025-04-06 09:57:50.959547'),(54,'donate','0002_alter_donation_options_remove_donation_created_at_and_more','2025-04-06 11:24:54.197085');

--
-- Table structure for table `donate_donation`
--

CREATE TABLE `donate_donation` (
  `id` bigint NOT NULL AUTO_INCREMENT,
  `email` varchar(254) NOT NULL,
  `amount` varchar(20) NOT NULL,
  `is_anonymous` tinyint(1) NOT NULL,
  `message` longtext NOT NULL,
  `custom_amount` decimal(10,2) DEFAULT NULL,
  `full_name` varchar(255) NOT NULL,
  `proof_of_payment` varchar(100) NOT NULL,
  `submitted_at` datetime(6) NOT NULL,
  PRIMARY KEY (`id`)
) ENGINE=InnoDB AUTO_INCREMENT=2 DEFAULT CHARSET=utf8mb4 COLLATE=utf8mb4_0900_ai_ci;

--
-- Dumping data for table `donate_donation`
--


--
-- Table structure for table `events_event`
--

CREATE TABLE `events_event` (
  `id` bigint NOT NULL AUTO_INCREMENT,
  `title` varchar(200) NOT NULL,
  `description` longtext NOT NULL,
  `image` varchar(100) DEFAULT NULL,
  `date` date NOT NULL,
  `time` time(6) NOT NULL,
  `location` varchar(200) NOT NULL,
  `event_type` varchar(100) NOT NULL,
  `is_featured` tinyint(1) NOT NULL,
  `created_at` datetime(6) NOT NULL,
  `registration_link` varchar(500) NOT NULL,
  `slug` varchar(50) NOT NULL,
  PRIMARY KEY (`id`),
  UNIQUE KEY `slug` (`slug`)
) ENGINE=InnoDB AUTO_INCREMENT=4 DEFAULT CHARSET=utf8mb4 COLLATE=utf8mb4_0900_ai_ci;

--
-- Dumping data for table `events_event`
--

INSERT INTO `events_event` VALUES (1,'Graduate Women International (GWI) 35th Triennial General Assembly & Conference','A historic global gathering uniting graduate women from 50+ countries across six continents!\r\n\r\nWhy attend?\r\n🌍 Network with trailblazing women leaders & experts\r\n🎤 Engage in high-impact discussions on education, leadership, and advocacy\r\n💡 Shape policies that advance women’s rights worldwide\r\n\r\nBe more than an attendee—be a delegate!\r\n(Limited spots for this 3-day thrilling experience)','events/GWI_2025_GENERAL_ASSEMBLY_NOTICE.png','2025-09-11','08:34:00.000000','Lusaka, Zambia','conference',1,'2025-04-03 03:42:44.541350','','default-event-slug');

--
-- Table structure for table `home_heroslide`
--

CREATE TABLE `home_heroslide` (
  `id` bigint NOT NULL AUTO_INCREMENT,
  `title` varchar(200) NOT NULL,
  `subtitle` longtext NOT NULL,
  `image` varchar(100) NOT NULL,
  `button_text` varchar(50) NOT NULL,
  `button_url` varchar(200) NOT NULL,
  `order` int unsigned NOT NULL,
  `is_active` tinyint(1) NOT NULL,
  `created_at` datetime(6) NOT NULL,
  `updated_at` datetime(6) NOT NULL,
  PRIMARY KEY (`id`),
  CONSTRAINT `home_heroslide_chk_1` CHECK ((`order` >= 0))
) ENGINE=InnoDB AUTO_INCREMENT=13 DEFAULT CHARSET=utf8mb4 COLLATE=utf8mb4_0900_ai_ci;

--
-- Dumping data for table `home_heroslide`
--

INSERT INTO `home_heroslide` VALUES (1,'Empowering Women Through Education','Graduate Women Zambia is dedicated to promoting education and improving the status of women and girls in Zambia.','hero_slides/FB_IMG_1743131988547.jpg','Become a Member','https://graduatewomenzambia.org/membership/',1,1,'2025-03-21 09:45:23.432212','2025-04-06 14:52:04.880807'),(4,'Hub of Academics and Practitioners','2018 GWZ CONFERENCE: \"Women as Anchors of Sustainability and Development\"  hosted in partnership with UNZA, School of Education.','hero_slides/FB_IMG_1743133056356.jpg','','',3,1,'2025-04-04 16:49:41.594711','2025-04-06 14:51:35.330259'),(5,'Collaboration with Our Partners is Key','Attending the NGOCC March 2025 Public Lecture at UNZA: Reflections on 1995 Beijing Women Global Convention and its Resolutions','hero_slides/at_ngocc_Beijing_1995_eflectionns.jpg','','',4,1,'2025-04-04 16:55:19.701029','2025-04-06 14:51:35.331606'),(7,'We are a Team','We are a team—where courage meets compassion, where innovation fuels impact, and where every action is a step toward a future where women’s education knows no limits.','hero_slides/THE_GWZ_TEAM_AT_THE_2024_GA.jpg','Our Programs','https://www.graduatewomenzambia.org/programs/',2,1,'2025-04-04 17:52:41.101383','2025-04-13 15:37:02.169474'),(8,'Recognition and Awards','IN PHOTO:  Celebrating Female Pilots at Taj Pamodzi, Lusaka Hotel on 23 Nov 2015.\r\nWe recognise high-performing leaders who provide service above self, inspirational educators, students who defy expectations and the individual ideas that transform communities. Here, every breakthrough is celebrated and milestones earn their spotlight.','hero_slides/pilots_awarded.jpg','','',5,1,'2025-04-04 19:00:20.085120','2025-04-13 07:24:00.777638');

--
-- Table structure for table `membership_membership`
--

CREATE TABLE `membership_membership` (
  `id` bigint NOT NULL AUTO_INCREMENT,
  `first_name` varchar(100) NOT NULL,
  `last_name` varchar(100) NOT NULL,
  `email` varchar(254) NOT NULL,
  `date_of_birth` date NOT NULL,
  `occupation` varchar(100) NOT NULL,
  `highest_qualification` varchar(20) NOT NULL,
  `institution` varchar(200) NOT NULL,
  `payment_verified` tinyint(1) NOT NULL,
  `created_at` datetime(6) NOT NULL,
  `cv` varchar(100) DEFAULT NULL,
  `degree_certificate` varchar(100) DEFAULT NULL,
  `employer` varchar(200) NOT NULL,
  `field_of_study` varchar(100) NOT NULL,
  `graduation_year` int DEFAULT NULL,
  `nationality` varchar(100) NOT NULL,
  `nrc_number` varchar(50) DEFAULT NULL,
  `phone_number` varchar(20) NOT NULL,
  `postal_address` longtext NOT NULL DEFAULT (_utf8mb3''),
  `profile_picture` varchar(100) DEFAULT NULL,
  `residential_address` longtext NOT NULL DEFAULT (_utf8mb3''),
  `transcript` varchar(100) DEFAULT NULL,
  `user_id` int DEFAULT NULL,
  `membership_status` varchar(20) NOT NULL,
  `membership_valid_until` date DEFAULT NULL,
  `payment_proof` varchar(100) DEFAULT NULL,
  `payment_verified_at` datetime(6) DEFAULT NULL,
  `payment_verified_by_id` int DEFAULT NULL,
  `membership_fee` decimal(10,2) DEFAULT NULL,
  `membership_type` varchar(20) DEFAULT NULL,
  `updated_at` datetime(6) NOT NULL,
  `nrc_file` varchar(100) DEFAULT NULL,
  `rejection_reason` longtext,
  `base_number` int DEFAULT NULL,
  `membership_number` varchar(8) DEFAULT NULL,
  PRIMARY KEY (`id`),
  UNIQUE KEY `membership_membership_email_db96859e_uniq` (`email`),
  UNIQUE KEY `nrc_number` (`nrc_number`),
  UNIQUE KEY `membership_number` (`membership_number`),
  KEY `membership_membership_user_id_392b4b3a_fk_auth_user_id` (`user_id`),
  KEY `membership_membershi_payment_verified_by__b1ba9796_fk_auth_user` (`payment_verified_by_id`),
  CONSTRAINT `membership_membershi_payment_verified_by__b1ba9796_fk_auth_user` FOREIGN KEY (`payment_verified_by_id`) REFERENCES `auth_user` (`id`),
  CONSTRAINT `membership_membership_user_id_392b4b3a_fk_auth_user_id` FOREIGN KEY (`user_id`) REFERENCES `auth_user` (`id`)
) ENGINE=InnoDB AUTO_INCREMENT=2 DEFAULT CHARSET=utf8mb4 COLLATE=utf8mb4_0900_ai_ci;

--
-- Dumping data for table `membership_membership`
--

INSERT INTO `membership_membership` VALUES (1,'Patrick','Mwila','patrickmwila.org@gmail.com','1999-09-20','ICT & Innovations Administrator','bachelors','University of Zambia',0,'2025-03-29 16:06:17.490864','membership/cvs/CV-Patrick.Mwila.pdf','','ICT Association of Zambia','B.ICTs.Ed',2024,'Zambian','575117/67/1','0972338617','','membership/profile_pictures/2022_10_23_10_21_C62742C6-1A46-4898-89B2-FCBB9172589B.JPG','18 Njoka Road, Off Kwacha Road, Olympia Park','',2,'expired','2024-12-31','membership/payment_proofs/NRC-Patrick.Mwila.jpg','2025-03-29 16:08:15.000000',1,600.00,'full','2025-03-29 16:11:32.775940','nrc_files/NRC-Patrick.Mwila.jpg','',1,'FM000001');

--
-- Table structure for table `news_article`
--

CREATE TABLE `news_article` (
  `id` bigint NOT NULL AUTO_INCREMENT,
  `title` varchar(200) NOT NULL,
  `slug` varchar(50) NOT NULL,
  `subtitle` varchar(200) NOT NULL,
  `content` longtext NOT NULL,
  `featured_image` varchar(100) DEFAULT NULL,
  `status` varchar(10) NOT NULL,
  `published_date` datetime(6) DEFAULT NULL,
  `created_at` datetime(6) NOT NULL,
  `updated_at` datetime(6) NOT NULL,
  `meta_description` varchar(160) NOT NULL,
  `views_count` int unsigned NOT NULL,
  `is_featured` tinyint(1) NOT NULL,
  `author_id` int NOT NULL,
  `category_id` bigint NOT NULL,
  PRIMARY KEY (`id`),
  UNIQUE KEY `slug` (`slug`),
  KEY `news_article_author_id_11c60ced_fk_auth_user_id` (`author_id`),
  KEY `news_article_category_id_7ede7614_fk_news_category_id` (`category_id`),
  KEY `news_articl_publish_86740f_idx` (`published_date` DESC,`created_at` DESC),
  KEY `news_articl_status_a95c4c_idx` (`status`),
  KEY `news_articl_is_feat_0df2de_idx` (`is_featured`),
  CONSTRAINT `news_article_author_id_11c60ced_fk_auth_user_id` FOREIGN KEY (`author_id`) REFERENCES `auth_user` (`id`),
  CONSTRAINT `news_article_category_id_7ede7614_fk_news_category_id` FOREIGN KEY (`category_id`) REFERENCES `news_category` (`id`),
  CONSTRAINT `news_article_chk_1` CHECK ((`views_count` >= 0))
) ENGINE=InnoDB AUTO_INCREMENT=4 DEFAULT CHARSET=utf8mb4 COLLATE=utf8mb4_0900_ai_ci;

--
-- Dumping data for table `news_article`
--

INSERT INTO `news_article` VALUES (2,'Radio Bloomsbury Special Bridges UK-Zambia Dialogue on Gender Equality','radio-bloomsbury-special-bridges-uk-zambia-dialogu','Women Leaders Unite in London Podcast to Spotlight Zambia\'s 2025 Empowerment Summit','<p>A powerful transcontinental conversation will unfold on Radio Bloomsbury as London-based Commonwealth leaders join Zambian academics for a special podcast previewing the landmark 2025 Graduate Women International (GWI) Conference in Lusaka. The London-recorded discussion, moderated by Arif Zaman, FRSA of the Commonwealth Businesswomen\'s Network (CBWN), will highlight both Zambia\'s growing leadership in gender equality and London\'s role as a global hub for women\'s empowerment.&nbsp;</p><p>London Connection: A Commonwealth Hub for Change. Recorded in London, the podcast symbolizes the city\'s enduring role in:&nbsp;<br>- Hosting historic feminist discourse through institutions like Radio Bloomsbury&nbsp;<br>- Serving as home to CBWN\'s headquarters and its 56-nation network&nbsp;<br>- Preserving African women\'s history through initiatives like the Constance Cummings-John blue plaque&nbsp;</p><p><i><strong>Meet the Distinguished Panel</strong></i><br>The discussion will feature an exceptional Anglo-Zambian leadership cohort:&nbsp;</p><p>From Zambia:<br>- <strong>Prof. Wilma Nchito </strong>(University of Zambia), Chair of Local Arrangements for Lusaka 2025&nbsp;<br>- <strong>Dr. Annie M. Musonda</strong>, President of Graduate Women Zambia&nbsp;</p><p>Based in London:<br>- <strong>Patrice Wellesley-Cole</strong>, GWI International President&nbsp;<br><strong>- Arif Zaman</strong>, FRSA, CBWN Executive Director&nbsp;</p><p>From New Zealand:<br>-<strong> Dr. Shirley Gillett,</strong> GWI VP for Education&nbsp;</p><p>Event Details<br><i>- Recording: July 2025 at Radio Bloomsbury\'s London studios&nbsp;</i><br><i>- Broadcast: Available globally via CBWN/GWI platforms&nbsp;</i><br><i>- London Watch Party: Somerset House viewing event for UK supporters</i></p>','','published','2025-06-16 11:00:00.000000','2025-06-16 11:03:26.397618','2025-09-07 20:51:49.921684','',172,1,1,3),(3,'🚨GWZ & ZRDC Join Forces to Host Landmark GWI 35th General Assembly & Conference','gwz-zrdc-join-forces-to-host-landmark-gwi-35th-gen','','<p><i>Lusaka, Zambia/16.06.2025–</i>&nbsp;</p><p>In a powerful alliance, Graduate Women Zambia (GWZ) has today partnered with the Zambia Research &amp; Development Centre (ZRDC) to host the 35th Graduate Women International (GWI) General Assembly &amp; Conference, set for 11th-13th September 2025!</p><p>ZRDC brings on board media visibility, innovative marketing, a network of partners and experience in organising high-profile conferences, ensuring a world-class event.</p>','news/featured/IMG-20250616-WA0025.jpg','published','2025-06-16 14:00:00.000000','2025-06-17 06:21:00.582608','2025-09-07 18:18:15.006958','',166,0,1,1);

--
-- Table structure for table `news_article_tags`
--

CREATE TABLE `news_article_tags` (
  `id` bigint NOT NULL AUTO_INCREMENT,
  `article_id` bigint NOT NULL,
  `tag_id` bigint NOT NULL,
  PRIMARY KEY (`id`),
  UNIQUE KEY `news_article_tags_article_id_tag_id_e8bdf741_uniq` (`article_id`,`tag_id`),
  KEY `news_article_tags_tag_id_8c2bd5d5_fk_news_tag_id` (`tag_id`),
  CONSTRAINT `news_article_tags_article_id_6c2f9e1e_fk_news_article_id` FOREIGN KEY (`article_id`) REFERENCES `news_article` (`id`),
  CONSTRAINT `news_article_tags_tag_id_8c2bd5d5_fk_news_tag_id` FOREIGN KEY (`tag_id`) REFERENCES `news_tag` (`id`)
) ENGINE=InnoDB DEFAULT CHARSET=utf8mb4 COLLATE=utf8mb4_0900_ai_ci;

--
-- Dumping data for table `news_article_tags`
--


--
-- Table structure for table `news_category`
--

CREATE TABLE `news_category` (
  `id` bigint NOT NULL AUTO_INCREMENT,
  `name` varchar(100) NOT NULL,
  `slug` varchar(50) NOT NULL,
  `description` longtext NOT NULL,
  `created_at` datetime(6) NOT NULL,
  PRIMARY KEY (`id`),
  UNIQUE KEY `slug` (`slug`)
) ENGINE=InnoDB AUTO_INCREMENT=4 DEFAULT CHARSET=utf8mb4 COLLATE=utf8mb4_0900_ai_ci;

--
-- Dumping data for table `news_category`
--

INSERT INTO `news_category` VALUES (1,'GWZ Public Engagements','gwz-public-engagements','','2025-04-03 22:42:00.573005'),(3,'GWI-35th-Trennial /Lusaka 2025','gwi-35th-trennial-lusaka-2025','','2025-06-16 10:53:22.914695');

--
-- Table structure for table `news_tag`
--

CREATE TABLE `news_tag` (
  `id` bigint NOT NULL AUTO_INCREMENT,
  `name` varchar(50) NOT NULL,
  `slug` varchar(50) NOT NULL,
  `created_at` datetime(6) NOT NULL,
  PRIMARY KEY (`id`),
  UNIQUE KEY `slug` (`slug`)
) ENGINE=InnoDB AUTO_INCREMENT=2 DEFAULT CHARSET=utf8mb4 COLLATE=utf8mb4_0900_ai_ci;

--
-- Dumping data for table `news_tag`
--

INSERT INTO `news_tag` VALUES (1,'GWZ international affairs','gwz-international-affairs','2025-06-16 10:54:21.702650');

--
-- Table structure for table `programs_program`
--

CREATE TABLE `programs_program` (
  `id` bigint NOT NULL AUTO_INCREMENT,
  `title` varchar(200) NOT NULL,
  `description` longtext NOT NULL,
  `image` varchar(100) DEFAULT NULL,
  `category` varchar(100) NOT NULL,
  `created_at` datetime(6) NOT NULL,
  `active` tinyint(1) NOT NULL,
  `features` json NOT NULL DEFAULT (_utf8mb3'[]'),
  `order` int unsigned NOT NULL,
  PRIMARY KEY (`id`),
  KEY `programs_program_created_at_9fe44fe6` (`created_at`),
  CONSTRAINT `programs_program_chk_1` CHECK ((`order` >= 0))
) ENGINE=InnoDB AUTO_INCREMENT=5 DEFAULT CHARSET=utf8mb4 COLLATE=utf8mb4_0900_ai_ci;

--
-- Dumping data for table `programs_program`
--

INSERT INTO `programs_program` VALUES (1,'Scholarships','Financial support for women pursuing higher education in various fields.','programs/scholarship.jpg','scholarship','2025-03-21 12:06:36.230229',1,'[\"Full and partial scholarships for undergraduate studies\", \"Graduate research grants and fellowships\", \"Special focus on STEM fields and underrepresented areas\", \"Merit and need-based selection criteria\"]',1),(2,'Mentorship Program','Connecting experienced professionals with aspiring young women for guidance and support.','programs/gwz-2_VfgH8lY.jpg','mentorship','2025-03-21 12:06:36.234944',1,'[\"One-on-one mentoring sessions\", \"Career guidance and professional development\", \"Networking opportunities with industry leaders\", \"Regular mentorship events and workshops\"]',2),(3,'Professional Workshops','Educational workshops and seminars focused on career development and personal growth.','programs/gw-3_FkjPyjH.jpg','workshop','2025-03-21 12:06:36.238266',1,'[\"Professional skills development\", \"Leadership and management training\", \"Technology and digital literacy programs\", \"Personal growth and empowerment sessions\"]',3),(4,'Networking Opportunities','Network with experienced professionals','programs/gwz-4_qW3ee7F.jpg','workshop','2025-04-08 09:22:36.806833',1,'[\"Networking opportunities with industry leaders\", \"Regular mentorship events and workshops\"]',0);

--
-- Table structure for table `publications_category`
--

CREATE TABLE `publications_category` (
  `id` bigint NOT NULL AUTO_INCREMENT,
  `name` varchar(100) NOT NULL,
  `slug` varchar(50) NOT NULL,
  `description` longtext NOT NULL,
  `created_at` datetime(6) NOT NULL,
  `updated_at` datetime(6) NOT NULL,
  PRIMARY KEY (`id`),
  UNIQUE KEY `slug` (`slug`)
) ENGINE=InnoDB AUTO_INCREMENT=6 DEFAULT CHARSET=utf8mb4 COLLATE=utf8mb4_0900_ai_ci;

--
-- Dumping data for table `publications_category`
--


--
-- Table structure for table `publications_publication`
--

CREATE TABLE `publications_publication` (
  `id` bigint NOT NULL AUTO_INCREMENT,
  `title` varchar(255) NOT NULL,
  `slug` varchar(50) NOT NULL,
  `description` longtext NOT NULL,
  `document` varchar(100) NOT NULL,
  `file_size` varchar(20) NOT NULL,
  `download_count` int unsigned NOT NULL,
  `status` varchar(10) NOT NULL,
  `published_date` date NOT NULL,
  `created_at` datetime(6) NOT NULL,
  `updated_at` datetime(6) NOT NULL,
  `category_id` bigint NOT NULL,
  PRIMARY KEY (`id`),
  UNIQUE KEY `slug` (`slug`),
  KEY `publication_status_29a1a1_idx` (`status`,`published_date`),
  KEY `publication_categor_7ef25c_idx` (`category_id`,`status`),
  CONSTRAINT `publications_publica_category_id_3e7cc9e9_fk_publicati` FOREIGN KEY (`category_id`) REFERENCES `publications_category` (`id`),
  CONSTRAINT `publications_publication_chk_1` CHECK ((`download_count` >= 0))
) ENGINE=InnoDB AUTO_INCREMENT=11 DEFAULT CHARSET=utf8mb4 COLLATE=utf8mb4_0900_ai_ci;

--
-- Dumping data for table `publications_publication`
--


--
-- Table structure for table `volunteer_volunteerapplication`
--

CREATE TABLE `volunteer_volunteerapplication` (
  `id` bigint NOT NULL AUTO_INCREMENT,
  `first_name` varchar(100) NOT NULL,
  `last_name` varchar(100) NOT NULL,
  `email` varchar(254) NOT NULL,
  `phone` varchar(20) NOT NULL,
  `address` longtext NOT NULL,
  `application_type` varchar(20) NOT NULL,
  `areas_of_interest` longtext NOT NULL,
  `hours_available` int NOT NULL,
  `start_date` date NOT NULL,
  `duration` varchar(100) NOT NULL,
  `education_background` longtext NOT NULL,
  `relevant_experience` longtext NOT NULL,
  `skills` longtext NOT NULL,
  `motivation` longtext NOT NULL,
  `created_at` datetime(6) NOT NULL,
  PRIMARY KEY (`id`)
) ENGINE=InnoDB DEFAULT CHARSET=utf8mb4 COLLATE=utf8mb4_0900_ai_ci;

--
-- Dumping data for table `volunteer_volunteerapplication`
--



